154.6.26.216 - - [19/Oct/2022:12:56:58 -0700] "GET /guestbooklt.htm HTTP/1.1" 200 - "http://cyberdontic.com/guestbooklt.htm" "Mozilla/5.0 (Windows NT 10.0) AppleWebKit/537.36 (KHTML, like Gecko) Chrome/90.0.4430.93 Safari/537.36" "cyberdontic.com"
216.244.66.245 - - [19/Oct/2022:13:24:06 -0700] "GET /robots.txt HTTP/1.1" 404 73 "-" "Mozilla/5.0 (compatible; DotBot/1.2; +https://opensiteexplorer.org/dotbot; help@moz.com)" "www.cyberdontic.com"
216.244.66.245 - - [19/Oct/2022:13:24:06 -0700] "GET /robots.txt HTTP/1.1" 404 73 "-" "Mozilla/5.0 (compatible; DotBot/1.2; +https://opensiteexplorer.org/dotbot; help@moz.com)" "cyberdontic.com"
114.119.138.117 - - [19/Oct/2022:13:24:44 -0700] "GET /robots.txt HTTP/1.1" 404 88 "-" "Mozilla/5.0 (compatible;PetalBot;+https://webmaster.petalsearch.com/site/petalbot)" "cyberdontic.com"
51.222.253.4 - - [19/Oct/2022:13:39:59 -0700] "GET /robots.txt HTTP/1.1" 404 88 "-" "Mozilla/5.0 (compatible; AhrefsBot/7.0; +http://ahrefs.com/robot/)" "www.cyberdontic.com"
51.222.253.18 - - [19/Oct/2022:13:40:00 -0700] "GET / HTTP/1.1" 200 1104 "-" "Mozilla/5.0 (compatible; AhrefsBot/7.0; +http://ahrefs.com/robot/)" "www.cyberdontic.com"
34.78.128.92 - - [19/Oct/2022:14:17:06 -0700] "GET / HTTP/1.1" 200 6620 "-" "Mozilla/5.0 (Windows NT 10.0; Win64; x64) AppleWebKit/537.36 (KHTML, like Gecko) Chrome/84.0.4147.105 Safari/537.36" "www.cyberdontic.com"
114.119.155.142 - - [19/Oct/2022:14:19:50 -0700] "GET /ce/ClinicalOrthodontic_files/?C=M%3BO%3DA HTTP/1.1" 200 428 "http://www.cyberdontic.com/ce/ClinicalOrthodontic_files" "Mozilla/5.0 (Linux; Android 7.0;) AppleWebKit/537.36 (KHTML, like Gecko) Mobile Safari/537.36 (compatible; PetalBot;+https://webmaster.petalsearch.com/site/petalbot)" "www.cyberdontic.com"
114.119.155.126 - - [19/Oct/2022:14:25:32 -0700] "GET /Spanish/_vti_cnf/ HTTP/1.1" 200 583 "https://cyberdontic.com/Spanish/?C=S%3BO%3DA" "Mozilla/5.0 (Linux; Android 7.0;) AppleWebKit/537.36 (KHTML, like Gecko) Mobile Safari/537.36 (compatible; PetalBot;+https://webmaster.petalsearch.com/site/petalbot)" "cyberdontic.com"
114.119.155.126 - - [19/Oct/2022:14:31:13 -0700] "GET /framelink.htm HTTP/1.1" 200 20 "http://www.cyberdontic.com?C=S%3BO%3DA" "Mozilla/5.0 (Linux; Android 7.0;) AppleWebKit/537.36 (KHTML, like Gecko) Mobile Safari/537.36 (compatible; PetalBot;+https://webmaster.petalsearch.com/site/petalbot)" "www.cyberdontic.com"
114.119.155.118 - - [19/Oct/2022:14:36:53 -0700] "GET /ce/OSG_files?N=D HTTP/1.1" 301 1418 "http://cyberdontic.com/ce/OSG_files" "Mozilla/5.0 (Linux; Android 7.0;) AppleWebKit/537.36 (KHTML, like Gecko) Mobile Safari/537.36 (compatible; PetalBot;+https://webmaster.petalsearch.com/site/petalbot)" "cyberdontic.com"
114.119.155.118 - - [19/Oct/2022:14:36:54 -0700] "GET /ce/OSG_files/?N=D HTTP/1.1" 200 624 "http://cyberdontic.com/ce/OSG_files" "Mozilla/5.0 (Linux; Android 7.0;) AppleWebKit/537.36 (KHTML, like Gecko) Mobile Safari/537.36 (compatible; PetalBot;+https://webmaster.petalsearch.com/site/petalbot)" "cyberdontic.com"
114.119.133.194 - - [19/Oct/2022:14:38:06 -0700] "GET /?C=M%3BO%3DA HTTP/1.1" 200 1104 "https://www.cyberdontic.com/" "Mozilla/5.0 (Linux; Android 7.0;) AppleWebKit/537.36 (KHTML, like Gecko) Mobile Safari/537.36 (compatible; PetalBot;+https://webmaster.petalsearch.com/site/petalbot)" "www.cyberdontic.com"
42.83.147.34 - - [19/Oct/2022:14:38:28 -0700] "GET / HTTP/1.1" 200 1104 "-" "Mozilla/5.0 (Windows NT 6.1; Win64; x64) AppleWebKit/537.36 (KHTML, like Gecko)Chrome/74.0.3729.169 Safari/537.36" "cyberdontic.com"
114.119.155.142 - - [19/Oct/2022:14:42:38 -0700] "GET /4urbraces?M=D HTTP/1.1" 301 1418 "https://cyberdontic.com/4urbraces?M=A" "Mozilla/5.0 (Linux; Android 7.0;) AppleWebKit/537.36 (KHTML, like Gecko) Mobile Safari/537.36 (compatible; PetalBot;+https://webmaster.petalsearch.com/site/petalbot)" "cyberdontic.com"
114.119.155.142 - - [19/Oct/2022:14:42:39 -0700] "GET /4urbraces/?M=D HTTP/1.1" 200 315 "https://cyberdontic.com/4urbraces?M=A" "Mozilla/5.0 (Linux; Android 7.0;) AppleWebKit/537.36 (KHTML, like Gecko) Mobile Safari/537.36 (compatible; PetalBot;+https://webmaster.petalsearch.com/site/petalbot)" "cyberdontic.com"
114.119.155.142 - - [19/Oct/2022:14:48:14 -0700] "GET /ce/StudyGroups_files HTTP/1.1" 301 1418 "http://cyberdontic.com/ce" "Mozilla/5.0 (Linux; Android 7.0;) AppleWebKit/537.36 (KHTML, like Gecko) Mobile Safari/537.36 (compatible; PetalBot;+https://webmaster.petalsearch.com/site/petalbot)" "cyberdontic.com"
114.119.155.142 - - [19/Oct/2022:14:48:14 -0700] "GET /ce/StudyGroups_files/ HTTP/1.1" 200 403 "http://cyberdontic.com/ce" "Mozilla/5.0 (Linux; Android 7.0;) AppleWebKit/537.36 (KHTML, like Gecko) Mobile Safari/537.36 (compatible; PetalBot;+https://webmaster.petalsearch.com/site/petalbot)" "cyberdontic.com"
114.119.155.118 - - [19/Oct/2022:14:53:53 -0700] "GET /Spanish/?C=D%3BO%3DA HTTP/1.1" 200 642 "https://cyberdontic.com/Spanish/?C=S%3BO%3DA" "Mozilla/5.0 (Linux; Android 7.0;) AppleWebKit/537.36 (KHTML, like Gecko) Mobile Safari/537.36 (compatible; PetalBot;+https://webmaster.petalsearch.com/site/petalbot)" "cyberdontic.com"
114.119.155.118 - - [19/Oct/2022:14:59:37 -0700] "GET /ce/Augmentation_files/ HTTP/1.1" 200 437 "http://www.cyberdontic.com/ce/?C=M%3BO%3DA" "Mozilla/5.0 (Linux; Android 7.0;) AppleWebKit/537.36 (KHTML, like Gecko) Mobile Safari/537.36 (compatible; PetalBot;+https://webmaster.petalsearch.com/site/petalbot)" "www.cyberdontic.com"
114.119.155.142 - - [19/Oct/2022:15:05:16 -0700] "GET /ce/StudyGroups_files/?C=M%3BO%3DA HTTP/1.1" 200 403 "http://cyberdontic.com/ce/StudyGroups_files?S=D" "Mozilla/5.0 (Linux; Android 7.0;) AppleWebKit/537.36 (KHTML, like Gecko) Mobile Safari/537.36 (compatible; PetalBot;+https://webmaster.petalsearch.com/site/petalbot)" "cyberdontic.com"
114.119.155.122 - - [19/Oct/2022:15:10:56 -0700] "GET /ce/Webinar_Select_files?N=A HTTP/1.1" 301 1424 "http://cyberdontic.com/ce/Webinar_Select_files?D=D" "Mozilla/5.0 (Linux; Android 7.0;) AppleWebKit/537.36 (KHTML, like Gecko) Mobile Safari/537.36 (compatible; PetalBot;+https://webmaster.petalsearch.com/site/petalbot)" "cyberdontic.com"
114.119.155.122 - - [19/Oct/2022:15:10:58 -0700] "GET /ce/Webinar_Select_files/?N=A HTTP/1.1" 200 440 "http://cyberdontic.com/ce/Webinar_Select_files?D=D" "Mozilla/5.0 (Linux; Android 7.0;) AppleWebKit/537.36 (KHTML, like Gecko) Mobile Safari/537.36 (compatible; PetalBot;+https://webmaster.petalsearch.com/site/petalbot)" "cyberdontic.com"
51.222.253.12 - - [19/Oct/2022:15:15:45 -0700] "GET /ce/Feb17_2015_files/?C=N;O=D HTTP/1.1" 200 633 "-" "Mozilla/5.0 (compatible; AhrefsBot/7.0; +http://ahrefs.com/robot/)" "cyberdontic.com"
114.119.155.118 - - [19/Oct/2022:15:16:36 -0700] "GET /sound/_vti_cnf HTTP/1.1" 301 1418 "http://cyberdontic.com/sound/?M=A" "Mozilla/5.0 (Linux; Android 7.0;) AppleWebKit/537.36 (KHTML, like Gecko) Mobile Safari/537.36 (compatible; PetalBot;+https://webmaster.petalsearch.com/site/petalbot)" "cyberdontic.com"
114.119.155.118 - - [19/Oct/2022:15:16:37 -0700] "GET /sound/_vti_cnf/ HTTP/1.1" 200 388 "http://cyberdontic.com/sound/?M=A" "Mozilla/5.0 (Linux; Android 7.0;) AppleWebKit/537.36 (KHTML, like Gecko) Mobile Safari/537.36 (compatible; PetalBot;+https://webmaster.petalsearch.com/site/petalbot)" "cyberdontic.com"
114.119.155.142 - - [19/Oct/2022:15:22:20 -0700] "GET /Spanish?C=D%3BO%3DA HTTP/1.1" 301 1421 "https://cyberdontic.com/Spanish?D=A" "Mozilla/5.0 (Linux; Android 7.0;) AppleWebKit/537.36 (KHTML, like Gecko) Mobile Safari/537.36 (compatible; PetalBot;+https://webmaster.petalsearch.com/site/petalbot)" "cyberdontic.com"
114.119.155.142 - - [19/Oct/2022:15:22:24 -0700] "GET /Spanish/?C=D%3BO%3DA HTTP/1.1" 200 642 "https://cyberdontic.com/Spanish?D=A" "Mozilla/5.0 (Linux; Android 7.0;) AppleWebKit/537.36 (KHTML, like Gecko) Mobile Safari/537.36 (compatible; PetalBot;+https://webmaster.petalsearch.com/site/petalbot)" "cyberdontic.com"
114.119.155.118 - - [19/Oct/2022:15:28:02 -0700] "GET /4urbraces?C=N%3BO%3DD HTTP/1.1" 301 1424 "http://www.cyberdontic.com/4urbraces?C=S%3BO%3DA" "Mozilla/5.0 (Linux; Android 7.0;) AppleWebKit/537.36 (KHTML, like Gecko) Mobile Safari/537.36 (compatible; PetalBot;+https://webmaster.petalsearch.com/site/petalbot)" "www.cyberdontic.com"
114.119.155.118 - - [19/Oct/2022:15:28:02 -0700] "GET /4urbraces/?C=N%3BO%3DD HTTP/1.1" 200 315 "http://www.cyberdontic.com/4urbraces?C=S%3BO%3DA" "Mozilla/5.0 (Linux; Android 7.0;) AppleWebKit/537.36 (KHTML, like Gecko) Mobile Safari/537.36 (compatible; PetalBot;+https://webmaster.petalsearch.com/site/petalbot)" "www.cyberdontic.com"
66.249.66.57 - - [19/Oct/2022:15:29:22 -0700] "GET /robots.txt HTTP/1.1" 404 88 "-" "Mozilla/5.0 (compatible; Googlebot/2.1; +http://www.google.com/bot.html)" "www.cyberdontic.com"
114.119.155.122 - - [19/Oct/2022:15:33:42 -0700] "GET /ce/Feb17_2015_files/?C=N%3BO%3DD HTTP/1.1" 200 630 "http://www.cyberdontic.com/ce/Feb17_2015_files" "Mozilla/5.0 (Linux; Android 7.0;) AppleWebKit/537.36 (KHTML, like Gecko) Mobile Safari/537.36 (compatible; PetalBot;+https://webmaster.petalsearch.com/site/petalbot)" "www.cyberdontic.com"
114.119.155.122 - - [19/Oct/2022:15:39:21 -0700] "GET /MultiPhase_files?C=M%3BO%3DA HTTP/1.1" 301 1430 "http://www.cyberdontic.com/MultiPhase_files?C=S%3BO%3DA" "Mozilla/5.0 (Linux; Android 7.0;) AppleWebKit/537.36 (KHTML, like Gecko) Mobile Safari/537.36 (compatible; PetalBot;+https://webmaster.petalsearch.com/site/petalbot)" "www.cyberdontic.com"
114.119.155.122 - - [19/Oct/2022:15:39:22 -0700] "GET /MultiPhase_files/?C=M%3BO%3DA HTTP/1.1" 200 429 "http://www.cyberdontic.com/MultiPhase_files?C=S%3BO%3DA" "Mozilla/5.0 (Linux; Android 7.0;) AppleWebKit/537.36 (KHTML, like Gecko) Mobile Safari/537.36 (compatible; PetalBot;+https://webmaster.petalsearch.com/site/petalbot)" "www.cyberdontic.com"
157.55.39.22 - - [19/Oct/2022:15:43:02 -0700] "GET / HTTP/1.1" 200 1104 "-" "Mozilla/5.0 (compatible; bingbot/2.0; +http://www.bing.com/bingbot.htm)" "cyberdontic.com"
114.119.155.122 - - [19/Oct/2022:15:45:04 -0700] "GET /SS?N=A HTTP/1.1" 301 1413 "http://cyberdontic.com/SS?M=D" "Mozilla/5.0 (Linux; Android 7.0;) AppleWebKit/537.36 (KHTML, like Gecko) Mobile Safari/537.36 (compatible; PetalBot;+https://webmaster.petalsearch.com/site/petalbot)" "cyberdontic.com"
114.119.155.122 - - [19/Oct/2022:15:45:05 -0700] "GET /SS/?N=A HTTP/1.1" 200 492 "http://cyberdontic.com/SS?M=D" "Mozilla/5.0 (Linux; Android 7.0;) AppleWebKit/537.36 (KHTML, like Gecko) Mobile Safari/537.36 (compatible; PetalBot;+https://webmaster.petalsearch.com/site/petalbot)" "cyberdontic.com"
114.119.155.126 - - [19/Oct/2022:15:50:46 -0700] "GET /sound/_vti_cnf?S=D HTTP/1.1" 301 1422 "http://cyberdontic.com/sound/_vti_cnf?S=A" "Mozilla/5.0 (Linux; Android 7.0;) AppleWebKit/537.36 (KHTML, like Gecko) Mobile Safari/537.36 (compatible; PetalBot;+https://webmaster.petalsearch.com/site/petalbot)" "cyberdontic.com"
114.119.155.126 - - [19/Oct/2022:15:50:48 -0700] "GET /sound/_vti_cnf/?S=D HTTP/1.1" 200 388 "http://cyberdontic.com/sound/_vti_cnf?S=A" "Mozilla/5.0 (Linux; Android 7.0;) AppleWebKit/537.36 (KHTML, like Gecko) Mobile Safari/537.36 (compatible; PetalBot;+https://webmaster.petalsearch.com/site/petalbot)" "cyberdontic.com"
114.119.155.118 - - [19/Oct/2022:15:56:26 -0700] "GET /sound/_vti_cnf/?C=D%3BO%3DA HTTP/1.1" 200 388 "http://www.cyberdontic.com/sound/_vti_cnf/?C=S%3BO%3DA" "Mozilla/5.0 (Linux; Android 7.0;) AppleWebKit/537.36 (KHTML, like Gecko) Mobile Safari/537.36 (compatible; PetalBot;+https://webmaster.petalsearch.com/site/petalbot)" "www.cyberdontic.com"
157.90.209.78 - - [19/Oct/2022:15:58:28 -0700] "GET /robots.txt HTTP/1.1" 404 88 "-" "Mozilla/5.0 (compatible; BLEXBot/1.0; +http://webmeup-crawler.com/)" "cyberdontic.com"
157.90.209.78 - - [19/Oct/2022:15:58:29 -0700] "GET /sitemap HTTP/1.1" 404 88 "-" "Mozilla/5.0 (compatible; BLEXBot/1.0; +http://webmeup-crawler.com/)" "cyberdontic.com"
157.90.209.78 - - [19/Oct/2022:15:58:41 -0700] "GET /robots.txt HTTP/1.1" 404 88 "-" "Mozilla/5.0 (compatible; BLEXBot/1.0; +http://webmeup-crawler.com/)" "www.cyberdontic.com"
157.90.209.78 - - [19/Oct/2022:15:58:41 -0700] "GET /sitemap HTTP/1.1" 404 88 "-" "Mozilla/5.0 (compatible; BLEXBot/1.0; +http://webmeup-crawler.com/)" "www.cyberdontic.com"
157.90.209.78 - - [19/Oct/2022:15:58:54 -0700] "GET /sitemap.txt HTTP/1.1" 404 88 "-" "Mozilla/5.0 (compatible; BLEXBot/1.0; +http://webmeup-crawler.com/)" "cyberdontic.com"
157.90.209.78 - - [19/Oct/2022:15:59:06 -0700] "GET /sitemap.txt HTTP/1.1" 404 88 "-" "Mozilla/5.0 (compatible; BLEXBot/1.0; +http://webmeup-crawler.com/)" "www.cyberdontic.com"
157.90.209.78 - - [19/Oct/2022:15:59:18 -0700] "GET /OSG/_vti_cnf/?C=D;O=D HTTP/1.1" 200 385 "-" "Mozilla/5.0 (compatible; BLEXBot/1.0; +http://webmeup-crawler.com/)" "www.cyberdontic.com"
157.90.209.78 - - [19/Oct/2022:15:59:31 -0700] "GET /OSG/_vti_cnf/?C=M;O=D HTTP/1.1" 200 386 "-" "Mozilla/5.0 (compatible; BLEXBot/1.0; +http://webmeup-crawler.com/)" "www.cyberdontic.com"
157.90.209.78 - - [19/Oct/2022:15:59:43 -0700] "GET /OSG/_vti_cnf/?C=N;O=A HTTP/1.1" 200 388 "-" "Mozilla/5.0 (compatible; BLEXBot/1.0; +http://webmeup-crawler.com/)" "www.cyberdontic.com"
157.90.209.78 - - [19/Oct/2022:15:59:55 -0700] "GET /OSG/_vti_cnf/?C=S;O=D HTTP/1.1" 200 385 "-" "Mozilla/5.0 (compatible; BLEXBot/1.0; +http://webmeup-crawler.com/)" "www.cyberdontic.com"
157.90.209.78 - - [19/Oct/2022:16:00:07 -0700] "GET /SS/_vti_cnf/?C=D;O=D HTTP/1.1" 200 467 "-" "Mozilla/5.0 (compatible; BLEXBot/1.0; +http://webmeup-crawler.com/)" "www.cyberdontic.com"
157.90.209.78 - - [19/Oct/2022:16:00:20 -0700] "GET /SS/_vti_cnf/?C=M;O=D HTTP/1.1" 200 463 "-" "Mozilla/5.0 (compatible; BLEXBot/1.0; +http://webmeup-crawler.com/)" "www.cyberdontic.com"
157.90.209.78 - - [19/Oct/2022:16:00:32 -0700] "GET /SS/_vti_cnf/?C=N;O=A HTTP/1.1" 200 465 "-" "Mozilla/5.0 (compatible; BLEXBot/1.0; +http://webmeup-crawler.com/)" "www.cyberdontic.com"
157.90.209.78 - - [19/Oct/2022:16:00:44 -0700] "GET /SS/_vti_cnf/?C=S;O=D HTTP/1.1" 200 461 "-" "Mozilla/5.0 (compatible; BLEXBot/1.0; +http://webmeup-crawler.com/)" "www.cyberdontic.com"
157.90.209.78 - - [19/Oct/2022:16:00:57 -0700] "GET /Spanish/_derived/?C=D;O=D HTTP/1.1" 200 424 "-" "Mozilla/5.0 (compatible; BLEXBot/1.0; +http://webmeup-crawler.com/)" "www.cyberdontic.com"
157.90.209.78 - - [19/Oct/2022:16:01:09 -0700] "GET /Spanish/_derived/?C=M;O=D HTTP/1.1" 200 424 "-" "Mozilla/5.0 (compatible; BLEXBot/1.0; +http://webmeup-crawler.com/)" "www.cyberdontic.com"
157.90.209.78 - - [19/Oct/2022:16:01:21 -0700] "GET /Spanish/_derived/?C=N;O=A HTTP/1.1" 200 426 "-" "Mozilla/5.0 (compatible; BLEXBot/1.0; +http://webmeup-crawler.com/)" "www.cyberdontic.com"
157.90.209.78 - - [19/Oct/2022:16:01:33 -0700] "GET /Spanish/_derived/?C=S;O=D HTTP/1.1" 200 424 "-" "Mozilla/5.0 (compatible; BLEXBot/1.0; +http://webmeup-crawler.com/)" "www.cyberdontic.com"
157.90.209.78 - - [19/Oct/2022:16:01:46 -0700] "GET /Spanish/_derived/_vti_cnf/?C=D;O=A HTTP/1.1" 200 402 "-" "Mozilla/5.0 (compatible; BLEXBot/1.0; +http://webmeup-crawler.com/)" "www.cyberdontic.com"
157.90.209.78 - - [19/Oct/2022:16:01:58 -0700] "GET /Spanish/_derived/_vti_cnf/?C=M;O=A HTTP/1.1" 200 402 "-" "Mozilla/5.0 (compatible; BLEXBot/1.0; +http://webmeup-crawler.com/)" "www.cyberdontic.com"
216.244.66.245 - - [19/Oct/2022:16:02:01 -0700] "GET /robots.txt HTTP/1.1" 404 73 "-" "Mozilla/5.0 (compatible; DotBot/1.2; +https://opensiteexplorer.org/dotbot; help@moz.com)" "www.cyberdontic.com"
216.244.66.245 - - [19/Oct/2022:16:02:01 -0700] "GET /robots.txt HTTP/1.1" 404 73 "-" "Mozilla/5.0 (compatible; DotBot/1.2; +https://opensiteexplorer.org/dotbot; help@moz.com)" "cyberdontic.com"
114.119.155.118 - - [19/Oct/2022:16:02:10 -0700] "GET /Spanish/?C=M%3BO%3DA HTTP/1.1" 200 642 "https://cyberdontic.com/Spanish/?C=S%3BO%3DA" "Mozilla/5.0 (Linux; Android 7.0;) AppleWebKit/537.36 (KHTML, like Gecko) Mobile Safari/537.36 (compatible; PetalBot;+https://webmaster.petalsearch.com/site/petalbot)" "cyberdontic.com"
157.90.209.78 - - [19/Oct/2022:16:02:11 -0700] "GET /Spanish/_derived/_vti_cnf/?C=N;O=D HTTP/1.1" 200 400 "-" "Mozilla/5.0 (compatible; BLEXBot/1.0; +http://webmeup-crawler.com/)" "www.cyberdontic.com"
157.90.209.78 - - [19/Oct/2022:16:02:23 -0700] "GET /Spanish/_derived/_vti_cnf/?C=S;O=A HTTP/1.1" 200 402 "-" "Mozilla/5.0 (compatible; BLEXBot/1.0; +http://webmeup-crawler.com/)" "www.cyberdontic.com"
157.90.209.78 - - [19/Oct/2022:16:02:35 -0700] "GET /Spanish/_overlay/?C=D;O=D HTTP/1.1" 200 388 "-" "Mozilla/5.0 (compatible; BLEXBot/1.0; +http://webmeup-crawler.com/)" "www.cyberdontic.com"
157.90.209.78 - - [19/Oct/2022:16:02:47 -0700] "GET /Spanish/_overlay/?C=M;O=D HTTP/1.1" 200 388 "-" "Mozilla/5.0 (compatible; BLEXBot/1.0; +http://webmeup-crawler.com/)" "www.cyberdontic.com"
157.90.209.78 - - [19/Oct/2022:16:03:00 -0700] "GET /Spanish/_overlay/?C=N;O=A HTTP/1.1" 200 390 "-" "Mozilla/5.0 (compatible; BLEXBot/1.0; +http://webmeup-crawler.com/)" "www.cyberdontic.com"
157.90.209.78 - - [19/Oct/2022:16:03:12 -0700] "GET /Spanish/_overlay/?C=S;O=D HTTP/1.1" 200 388 "-" "Mozilla/5.0 (compatible; BLEXBot/1.0; +http://webmeup-crawler.com/)" "www.cyberdontic.com"
157.90.209.78 - - [19/Oct/2022:16:03:24 -0700] "GET /Spanish/_vti_cnf/?C=D;O=D HTTP/1.1" 200 588 "-" "Mozilla/5.0 (compatible; BLEXBot/1.0; +http://webmeup-crawler.com/)" "www.cyberdontic.com"
157.90.209.78 - - [19/Oct/2022:16:03:37 -0700] "GET /Spanish/_vti_cnf/?C=M;O=D HTTP/1.1" 200 586 "-" "Mozilla/5.0 (compatible; BLEXBot/1.0; +http://webmeup-crawler.com/)" "www.cyberdontic.com"
157.90.209.78 - - [19/Oct/2022:16:03:49 -0700] "GET /Spanish/_vti_cnf/?C=N;O=A HTTP/1.1" 200 583 "-" "Mozilla/5.0 (compatible; BLEXBot/1.0; +http://webmeup-crawler.com/)" "www.cyberdontic.com"
157.90.209.78 - - [19/Oct/2022:16:04:02 -0700] "GET /Spanish/_vti_cnf/?C=S;O=D HTTP/1.1" 200 594 "-" "Mozilla/5.0 (compatible; BLEXBot/1.0; +http://webmeup-crawler.com/)" "www.cyberdontic.com"
157.90.209.78 - - [19/Oct/2022:16:04:14 -0700] "GET /ce/Augmentation_files/?C=D;O=D HTTP/1.1" 200 434 "-" "Mozilla/5.0 (compatible; BLEXBot/1.0; +http://webmeup-crawler.com/)" "www.cyberdontic.com"
157.90.209.78 - - [19/Oct/2022:16:04:27 -0700] "GET /ce/Augmentation_files/?C=M;O=D HTTP/1.1" 200 434 "-" "Mozilla/5.0 (compatible; BLEXBot/1.0; +http://webmeup-crawler.com/)" "www.cyberdontic.com"
157.90.209.78 - - [19/Oct/2022:16:04:39 -0700] "GET /ce/Augmentation_files/?C=N;O=A HTTP/1.1" 200 437 "-" "Mozilla/5.0 (compatible; BLEXBot/1.0; +http://webmeup-crawler.com/)" "www.cyberdontic.com"
157.90.209.78 - - [19/Oct/2022:16:04:51 -0700] "GET /ce/Augmentation_files/?C=S;O=D HTTP/1.1" 200 434 "-" "Mozilla/5.0 (compatible; BLEXBot/1.0; +http://webmeup-crawler.com/)" "www.cyberdontic.com"
157.90.209.78 - - [19/Oct/2022:16:05:04 -0700] "GET /ce/BISG_files/?C=D;O=D HTTP/1.1" 200 645 "-" "Mozilla/5.0 (compatible; BLEXBot/1.0; +http://webmeup-crawler.com/)" "www.cyberdontic.com"
157.90.209.78 - - [19/Oct/2022:16:05:16 -0700] "GET /ce/BISG_files/?C=M;O=D HTTP/1.1" 200 650 "-" "Mozilla/5.0 (compatible; BLEXBot/1.0; +http://webmeup-crawler.com/)" "www.cyberdontic.com"
157.90.209.78 - - [19/Oct/2022:16:05:28 -0700] "GET /ce/BISG_files/?C=N;O=A HTTP/1.1" 200 649 "-" "Mozilla/5.0 (compatible; BLEXBot/1.0; +http://webmeup-crawler.com/)" "www.cyberdontic.com"
157.90.209.78 - - [19/Oct/2022:16:05:41 -0700] "GET /ce/BISG_files/?C=S;O=D HTTP/1.1" 200 648 "-" "Mozilla/5.0 (compatible; BLEXBot/1.0; +http://webmeup-crawler.com/)" "www.cyberdontic.com"
157.90.209.78 - - [19/Oct/2022:16:05:53 -0700] "GET /ce/CBCT_files/?C=D;O=D HTTP/1.1" 200 453 "-" "Mozilla/5.0 (compatible; BLEXBot/1.0; +http://webmeup-crawler.com/)" "www.cyberdontic.com"
157.90.209.78 - - [19/Oct/2022:16:06:05 -0700] "GET /ce/CBCT_files/?C=M;O=D HTTP/1.1" 200 453 "-" "Mozilla/5.0 (compatible; BLEXBot/1.0; +http://webmeup-crawler.com/)" "www.cyberdontic.com"
157.90.209.78 - - [19/Oct/2022:16:06:17 -0700] "GET /ce/CBCT_files/?C=N;O=A HTTP/1.1" 200 454 "-" "Mozilla/5.0 (compatible; BLEXBot/1.0; +http://webmeup-crawler.com/)" "www.cyberdontic.com"
157.90.209.78 - - [19/Oct/2022:16:06:30 -0700] "GET /ce/CBCT_files/?C=S;O=D HTTP/1.1" 200 450 "-" "Mozilla/5.0 (compatible; BLEXBot/1.0; +http://webmeup-crawler.com/)" "www.cyberdontic.com"
157.90.209.78 - - [19/Oct/2022:16:06:42 -0700] "GET /ce/ClinicalOrthodontic_files/?C=D;O=D HTTP/1.1" 200 426 "-" "Mozilla/5.0 (compatible; BLEXBot/1.0; +http://webmeup-crawler.com/)" "www.cyberdontic.com"
157.90.209.78 - - [19/Oct/2022:16:06:54 -0700] "GET /ce/ClinicalOrthodontic_files/?C=M;O=D HTTP/1.1" 200 427 "-" "Mozilla/5.0 (compatible; BLEXBot/1.0; +http://webmeup-crawler.com/)" "www.cyberdontic.com"
157.90.209.78 - - [19/Oct/2022:16:07:06 -0700] "GET /ce/ClinicalOrthodontic_files/?C=N;O=A HTTP/1.1" 200 428 "-" "Mozilla/5.0 (compatible; BLEXBot/1.0; +http://webmeup-crawler.com/)" "www.cyberdontic.com"
157.90.209.78 - - [19/Oct/2022:16:07:19 -0700] "GET /ce/ClinicalOrthodontic_files/?C=S;O=D HTTP/1.1" 200 426 "-" "Mozilla/5.0 (compatible; BLEXBot/1.0; +http://webmeup-crawler.com/)" "www.cyberdontic.com"
157.90.209.78 - - [19/Oct/2022:16:07:31 -0700] "GET /ce/FamilyDentistryImplantsandOrthodontics_files/?C=D;O=D HTTP/1.1" 200 615 "-" "Mozilla/5.0 (compatible; BLEXBot/1.0; +http://webmeup-crawler.com/)" "www.cyberdontic.com"
157.90.209.78 - - [19/Oct/2022:16:07:43 -0700] "GET /ce/FamilyDentistryImplantsandOrthodontics_files/?C=M;O=D HTTP/1.1" 200 613 "-" "Mozilla/5.0 (compatible; BLEXBot/1.0; +http://webmeup-crawler.com/)" "www.cyberdontic.com"
66.249.66.55 - - [19/Oct/2022:16:07:48 -0700] "GET /MultiPhase_files/Image_1.JPG HTTP/1.1" 200 10643 "-" "Googlebot-Image/1.0" "www.cyberdontic.com"
114.119.155.118 - - [19/Oct/2022:16:07:54 -0700] "GET /ce/MultiPhase_files?M=A HTTP/1.1" 301 1421 "http://cyberdontic.com/ce/MultiPhase_files?D=A" "Mozilla/5.0 (Linux; Android 7.0;) AppleWebKit/537.36 (KHTML, like Gecko) Mobile Safari/537.36 (compatible; PetalBot;+https://webmaster.petalsearch.com/site/petalbot)" "cyberdontic.com"
114.119.155.118 - - [19/Oct/2022:16:07:55 -0700] "GET /ce/MultiPhase_files/?M=A HTTP/1.1" 200 434 "http://cyberdontic.com/ce/MultiPhase_files?D=A" "Mozilla/5.0 (Linux; Android 7.0;) AppleWebKit/537.36 (KHTML, like Gecko) Mobile Safari/537.36 (compatible; PetalBot;+https://webmaster.petalsearch.com/site/petalbot)" "cyberdontic.com"
157.90.209.78 - - [19/Oct/2022:16:07:55 -0700] "GET /ce/FamilyDentistryImplantsandOrthodontics_files/?C=N;O=A HTTP/1.1" 200 619 "-" "Mozilla/5.0 (compatible; BLEXBot/1.0; +http://webmeup-crawler.com/)" "www.cyberdontic.com"
157.90.209.78 - - [19/Oct/2022:16:08:07 -0700] "GET /ce/FamilyDentistryImplantsandOrthodontics_files/?C=S;O=D HTTP/1.1" 200 606 "-" "Mozilla/5.0 (compatible; BLEXBot/1.0; +http://webmeup-crawler.com/)" "www.cyberdontic.com"
157.90.209.78 - - [19/Oct/2022:16:08:20 -0700] "GET /ce/Feb17_2015_files/?C=D;O=D HTTP/1.1" 200 633 "-" "Mozilla/5.0 (compatible; BLEXBot/1.0; +http://webmeup-crawler.com/)" "www.cyberdontic.com"
157.90.209.78 - - [19/Oct/2022:16:08:32 -0700] "GET /ce/Feb17_2015_files/?C=M;O=D HTTP/1.1" 200 636 "-" "Mozilla/5.0 (compatible; BLEXBot/1.0; +http://webmeup-crawler.com/)" "www.cyberdontic.com"
157.90.209.78 - - [19/Oct/2022:16:08:44 -0700] "GET /ce/Feb17_2015_files/?C=N;O=A HTTP/1.1" 200 630 "-" "Mozilla/5.0 (compatible; BLEXBot/1.0; +http://webmeup-crawler.com/)" "www.cyberdontic.com"
157.90.209.78 - - [19/Oct/2022:16:08:56 -0700] "GET /ce/Feb17_2015_files/?C=S;O=D HTTP/1.1" 200 626 "-" "Mozilla/5.0 (compatible; BLEXBot/1.0; +http://webmeup-crawler.com/)" "www.cyberdontic.com"
157.90.209.78 - - [19/Oct/2022:16:09:09 -0700] "GET /ce/GuidedSurgery_files/?C=D;O=D HTTP/1.1" 200 443 "-" "Mozilla/5.0 (compatible; BLEXBot/1.0; +http://webmeup-crawler.com/)" "www.cyberdontic.com"
157.90.209.78 - - [19/Oct/2022:16:09:21 -0700] "GET /ce/GuidedSurgery_files/?C=M;O=D HTTP/1.1" 200 443 "-" "Mozilla/5.0 (compatible; BLEXBot/1.0; +http://webmeup-crawler.com/)" "www.cyberdontic.com"
157.90.209.78 - - [19/Oct/2022:16:09:36 -0700] "GET /ce/GuidedSurgery_files/?C=N;O=A HTTP/1.1" 200 444 "-" "Mozilla/5.0 (compatible; BLEXBot/1.0; +http://webmeup-crawler.com/)" "www.cyberdontic.com"
157.90.209.78 - - [19/Oct/2022:16:09:48 -0700] "GET /ce/GuidedSurgery_files/?C=S;O=D HTTP/1.1" 200 441 "-" "Mozilla/5.0 (compatible; BLEXBot/1.0; +http://webmeup-crawler.com/)" "www.cyberdontic.com"
157.90.209.78 - - [19/Oct/2022:16:10:00 -0700] "GET /ce/ImmediatePlacement_files/?C=D;O=D HTTP/1.1" 200 562 "-" "Mozilla/5.0 (compatible; BLEXBot/1.0; +http://webmeup-crawler.com/)" "www.cyberdontic.com"
157.90.209.78 - - [19/Oct/2022:16:10:13 -0700] "GET /ce/ImmediatePlacement_files/?C=M;O=D HTTP/1.1" 200 562 "-" "Mozilla/5.0 (compatible; BLEXBot/1.0; +http://webmeup-crawler.com/)" "www.cyberdontic.com"
157.90.209.78 - - [19/Oct/2022:16:10:25 -0700] "GET /ce/ImmediatePlacement_files/?C=N;O=A HTTP/1.1" 200 566 "-" "Mozilla/5.0 (compatible; BLEXBot/1.0; +http://webmeup-crawler.com/)" "www.cyberdontic.com"
157.90.209.78 - - [19/Oct/2022:16:10:38 -0700] "GET /ce/ImmediatePlacement_files/?C=S;O=D HTTP/1.1" 200 556 "-" "Mozilla/5.0 (compatible; BLEXBot/1.0; +http://webmeup-crawler.com/)" "www.cyberdontic.com"
157.90.209.78 - - [19/Oct/2022:16:10:50 -0700] "GET /ce/ImplantResidency_files/?C=D;O=D HTTP/1.1" 200 378 "-" "Mozilla/5.0 (compatible; BLEXBot/1.0; +http://webmeup-crawler.com/)" "www.cyberdontic.com"
157.90.209.78 - - [19/Oct/2022:16:11:04 -0700] "GET /ce/ImplantResidency_files/?C=M;O=D HTTP/1.1" 200 378 "-" "Mozilla/5.0 (compatible; BLEXBot/1.0; +http://webmeup-crawler.com/)" "www.cyberdontic.com"
157.90.209.78 - - [19/Oct/2022:16:11:17 -0700] "GET /ce/ImplantResidency_files/?C=N;O=A HTTP/1.1" 200 380 "-" "Mozilla/5.0 (compatible; BLEXBot/1.0; +http://webmeup-crawler.com/)" "www.cyberdontic.com"
157.90.209.78 - - [19/Oct/2022:16:11:29 -0700] "GET /ce/ImplantResidency_files/?C=S;O=D HTTP/1.1" 200 378 "-" "Mozilla/5.0 (compatible; BLEXBot/1.0; +http://webmeup-crawler.com/)" "www.cyberdontic.com"
157.90.209.78 - - [19/Oct/2022:16:11:41 -0700] "GET /ce/MultiPhase_files/?C=D;O=D HTTP/1.1" 200 432 "-" "Mozilla/5.0 (compatible; BLEXBot/1.0; +http://webmeup-crawler.com/)" "www.cyberdontic.com"
157.90.209.78 - - [19/Oct/2022:16:11:53 -0700] "GET /ce/MultiPhase_files/?C=M;O=D HTTP/1.1" 200 432 "-" "Mozilla/5.0 (compatible; BLEXBot/1.0; +http://webmeup-crawler.com/)" "www.cyberdontic.com"
157.90.209.78 - - [19/Oct/2022:16:12:05 -0700] "GET /ce/MultiPhase_files/?C=N;O=A HTTP/1.1" 200 434 "-" "Mozilla/5.0 (compatible; BLEXBot/1.0; +http://webmeup-crawler.com/)" "www.cyberdontic.com"
157.90.209.78 - - [19/Oct/2022:16:12:18 -0700] "GET /ce/MultiPhase_files/?C=S;O=D HTTP/1.1" 200 432 "-" "Mozilla/5.0 (compatible; BLEXBot/1.0; +http://webmeup-crawler.com/)" "www.cyberdontic.com"
157.90.209.78 - - [19/Oct/2022:16:12:30 -0700] "GET /ce/OSG_files/?C=D;O=D HTTP/1.1" 200 620 "-" "Mozilla/5.0 (compatible; BLEXBot/1.0; +http://webmeup-crawler.com/)" "www.cyberdontic.com"
157.90.209.78 - - [19/Oct/2022:16:12:42 -0700] "GET /ce/OSG_files/?C=M;O=D HTTP/1.1" 200 619 "-" "Mozilla/5.0 (compatible; BLEXBot/1.0; +http://webmeup-crawler.com/)" "www.cyberdontic.com"
157.90.209.78 - - [19/Oct/2022:16:12:57 -0700] "GET /ce/OSG_files/?C=N;O=A HTTP/1.1" 200 624 "-" "Mozilla/5.0 (compatible; BLEXBot/1.0; +http://webmeup-crawler.com/)" "www.cyberdontic.com"
157.90.209.78 - - [19/Oct/2022:16:13:10 -0700] "GET /ce/OSG_files/?C=S;O=D HTTP/1.1" 200 616 "-" "Mozilla/5.0 (compatible; BLEXBot/1.0; +http://webmeup-crawler.com/)" "www.cyberdontic.com"
157.90.209.78 - - [19/Oct/2022:16:13:22 -0700] "GET /ce/StudyGroups_files/?C=D;O=D HTTP/1.1" 200 400 "-" "Mozilla/5.0 (compatible; BLEXBot/1.0; +http://webmeup-crawler.com/)" "www.cyberdontic.com"
157.90.209.78 - - [19/Oct/2022:16:13:34 -0700] "GET /ce/StudyGroups_files/?C=M;O=D HTTP/1.1" 200 401 "-" "Mozilla/5.0 (compatible; BLEXBot/1.0; +http://webmeup-crawler.com/)" "www.cyberdontic.com"
114.119.155.121 - - [19/Oct/2022:16:13:38 -0700] "GET /ce/MultiPhase_files/?C=D%3BO%3DA HTTP/1.1" 200 434 "http://www.cyberdontic.com/ce/MultiPhase_files?C=N%3BO%3DD" "Mozilla/5.0 (Linux; Android 7.0;) AppleWebKit/537.36 (KHTML, like Gecko) Mobile Safari/537.36 (compatible; PetalBot;+https://webmaster.petalsearch.com/site/petalbot)" "www.cyberdontic.com"
157.90.209.78 - - [19/Oct/2022:16:13:46 -0700] "GET /ce/StudyGroups_files/?C=N;O=A HTTP/1.1" 200 403 "-" "Mozilla/5.0 (compatible; BLEXBot/1.0; +http://webmeup-crawler.com/)" "www.cyberdontic.com"
157.90.209.78 - - [19/Oct/2022:16:13:58 -0700] "GET /ce/StudyGroups_files/?C=S;O=D HTTP/1.1" 200 401 "-" "Mozilla/5.0 (compatible; BLEXBot/1.0; +http://webmeup-crawler.com/)" "www.cyberdontic.com"
157.90.209.78 - - [19/Oct/2022:16:14:11 -0700] "GET /ce/Webinar_Select_files/?C=D;O=D HTTP/1.1" 200 439 "-" "Mozilla/5.0 (compatible; BLEXBot/1.0; +http://webmeup-crawler.com/)" "www.cyberdontic.com"
157.90.209.78 - - [19/Oct/2022:16:14:24 -0700] "GET /ce/Webinar_Select_files/?C=M;O=D HTTP/1.1" 200 440 "-" "Mozilla/5.0 (compatible; BLEXBot/1.0; +http://webmeup-crawler.com/)" "www.cyberdontic.com"
157.90.209.78 - - [19/Oct/2022:16:14:36 -0700] "GET /ce/Webinar_Select_files/?C=N;O=A HTTP/1.1" 200 440 "-" "Mozilla/5.0 (compatible; BLEXBot/1.0; +http://webmeup-crawler.com/)" "www.cyberdontic.com"
157.90.209.78 - - [19/Oct/2022:16:14:49 -0700] "GET /ce/Webinar_Select_files/?C=S;O=D HTTP/1.1" 200 442 "-" "Mozilla/5.0 (compatible; BLEXBot/1.0; +http://webmeup-crawler.com/)" "www.cyberdontic.com"
157.90.209.78 - - [19/Oct/2022:16:15:01 -0700] "GET /ce/Webinars_files/?C=D;O=D HTTP/1.1" 200 397 "-" "Mozilla/5.0 (compatible; BLEXBot/1.0; +http://webmeup-crawler.com/)" "www.cyberdontic.com"
66.249.66.57 - - [19/Oct/2022:16:15:03 -0700] "GET /MultiPhase_files/Image_4.JPG HTTP/1.1" 200 16169 "-" "Googlebot-Image/1.0" "www.cyberdontic.com"
157.90.209.78 - - [19/Oct/2022:16:15:13 -0700] "GET /ce/Webinars_files/?C=M;O=D HTTP/1.1" 200 397 "-" "Mozilla/5.0 (compatible; BLEXBot/1.0; +http://webmeup-crawler.com/)" "www.cyberdontic.com"
157.90.209.78 - - [19/Oct/2022:16:15:26 -0700] "GET /ce/Webinars_files/?C=N;O=A HTTP/1.1" 200 399 "-" "Mozilla/5.0 (compatible; BLEXBot/1.0; +http://webmeup-crawler.com/)" "www.cyberdontic.com"
157.90.209.78 - - [19/Oct/2022:16:15:38 -0700] "GET /ce/Webinars_files/?C=S;O=D HTTP/1.1" 200 397 "-" "Mozilla/5.0 (compatible; BLEXBot/1.0; +http://webmeup-crawler.com/)" "www.cyberdontic.com"
157.90.209.78 - - [19/Oct/2022:16:15:50 -0700] "GET /ce/education5_files/?C=D;O=D HTTP/1.1" 200 441 "-" "Mozilla/5.0 (compatible; BLEXBot/1.0; +http://webmeup-crawler.com/)" "www.cyberdontic.com"
157.90.209.78 - - [19/Oct/2022:16:16:02 -0700] "GET /ce/education5_files/?C=M;O=D HTTP/1.1" 200 441 "-" "Mozilla/5.0 (compatible; BLEXBot/1.0; +http://webmeup-crawler.com/)" "www.cyberdontic.com"
157.90.209.78 - - [19/Oct/2022:16:16:15 -0700] "GET /ce/education5_files/?C=N;O=A HTTP/1.1" 200 442 "-" "Mozilla/5.0 (compatible; BLEXBot/1.0; +http://webmeup-crawler.com/)" "www.cyberdontic.com"
157.90.209.78 - - [19/Oct/2022:16:16:27 -0700] "GET /ce/education5_files/?C=S;O=D HTTP/1.1" 200 439 "-" "Mozilla/5.0 (compatible; BLEXBot/1.0; +http://webmeup-crawler.com/)" "www.cyberdontic.com"
157.90.209.78 - - [19/Oct/2022:16:16:39 -0700] "GET /ce/register_files/?C=D;O=D HTTP/1.1" 200 452 "-" "Mozilla/5.0 (compatible; BLEXBot/1.0; +http://webmeup-crawler.com/)" "www.cyberdontic.com"
157.90.209.78 - - [19/Oct/2022:16:16:52 -0700] "GET /ce/register_files/?C=M;O=D HTTP/1.1" 200 452 "-" "Mozilla/5.0 (compatible; BLEXBot/1.0; +http://webmeup-crawler.com/)" "www.cyberdontic.com"
157.90.209.78 - - [19/Oct/2022:16:17:05 -0700] "GET /ce/register_files/?C=N;O=A HTTP/1.1" 200 451 "-" "Mozilla/5.0 (compatible; BLEXBot/1.0; +http://webmeup-crawler.com/)" "www.cyberdontic.com"
157.90.209.78 - - [19/Oct/2022:16:17:17 -0700] "GET /ce/register_files/?C=S;O=D HTTP/1.1" 200 451 "-" "Mozilla/5.0 (compatible; BLEXBot/1.0; +http://webmeup-crawler.com/)" "www.cyberdontic.com"
157.90.209.78 - - [19/Oct/2022:16:17:29 -0700] "GET /sound/_vti_cnf/?C=D;O=D HTTP/1.1" 200 385 "-" "Mozilla/5.0 (compatible; BLEXBot/1.0; +http://webmeup-crawler.com/)" "www.cyberdontic.com"
157.90.209.78 - - [19/Oct/2022:16:17:42 -0700] "GET /sound/_vti_cnf/?C=M;O=D HTTP/1.1" 200 386 "-" "Mozilla/5.0 (compatible; BLEXBot/1.0; +http://webmeup-crawler.com/)" "www.cyberdontic.com"
157.90.209.78 - - [19/Oct/2022:16:17:54 -0700] "GET /sound/_vti_cnf/?C=N;O=A HTTP/1.1" 200 388 "-" "Mozilla/5.0 (compatible; BLEXBot/1.0; +http://webmeup-crawler.com/)" "www.cyberdontic.com"
157.90.209.78 - - [19/Oct/2022:16:18:07 -0700] "GET /sound/_vti_cnf/?C=S;O=D HTTP/1.1" 200 386 "-" "Mozilla/5.0 (compatible; BLEXBot/1.0; +http://webmeup-crawler.com/)" "www.cyberdontic.com"
114.119.155.126 - - [19/Oct/2022:16:19:17 -0700] "GET /nydds4u?S=D HTTP/1.1" 301 1412 "http://cyberdontic.com/nydds4u?S=A" "Mozilla/5.0 (Linux; Android 7.0;) AppleWebKit/537.36 (KHTML, like Gecko) Mobile Safari/537.36 (compatible; PetalBot;+https://webmaster.petalsearch.com/site/petalbot)" "cyberdontic.com"
114.119.155.126 - - [19/Oct/2022:16:19:18 -0700] "GET /nydds4u/?S=D HTTP/1.1" 200 314 "http://cyberdontic.com/nydds4u?S=A" "Mozilla/5.0 (Linux; Android 7.0;) AppleWebKit/537.36 (KHTML, like Gecko) Mobile Safari/537.36 (compatible; PetalBot;+https://webmaster.petalsearch.com/site/petalbot)" "cyberdontic.com"
114.119.155.142 - - [19/Oct/2022:16:25:01 -0700] "GET /BISG?C=N%3BO%3DD HTTP/1.1" 301 1421 "http://cyberdontic.com/BISG?N=D" "Mozilla/5.0 (Linux; Android 7.0;) AppleWebKit/537.36 (KHTML, like Gecko) Mobile Safari/537.36 (compatible; PetalBot;+https://webmaster.petalsearch.com/site/petalbot)" "cyberdontic.com"
114.119.155.142 - - [19/Oct/2022:16:25:02 -0700] "GET /BISG/?C=N%3BO%3DD HTTP/1.1" 200 415 "http://cyberdontic.com/BISG?N=D" "Mozilla/5.0 (Linux; Android 7.0;) AppleWebKit/537.36 (KHTML, like Gecko) Mobile Safari/537.36 (compatible; PetalBot;+https://webmaster.petalsearch.com/site/petalbot)" "cyberdontic.com"
114.119.155.118 - - [19/Oct/2022:16:30:41 -0700] "GET /OSG/_vti_cnf/?C=D%3BO%3DA HTTP/1.1" 200 388 "http://www.cyberdontic.com/OSG/_vti_cnf/?C=N%3BO%3DD" "Mozilla/5.0 (Linux; Android 7.0;) AppleWebKit/537.36 (KHTML, like Gecko) Mobile Safari/537.36 (compatible; PetalBot;+https://webmaster.petalsearch.com/site/petalbot)" "www.cyberdontic.com"
114.119.155.142 - - [19/Oct/2022:16:36:24 -0700] "GET /ce/StudyGroups_files?D=A HTTP/1.1" 301 1422 "http://cyberdontic.com/ce/StudyGroups_files?M=A" "Mozilla/5.0 (Linux; Android 7.0;) AppleWebKit/537.36 (KHTML, like Gecko) Mobile Safari/537.36 (compatible; PetalBot;+https://webmaster.petalsearch.com/site/petalbot)" "cyberdontic.com"
114.119.155.142 - - [19/Oct/2022:16:36:24 -0700] "GET /ce/StudyGroups_files/?D=A HTTP/1.1" 200 403 "http://cyberdontic.com/ce/StudyGroups_files?M=A" "Mozilla/5.0 (Linux; Android 7.0;) AppleWebKit/537.36 (KHTML, like Gecko) Mobile Safari/537.36 (compatible; PetalBot;+https://webmaster.petalsearch.com/site/petalbot)" "cyberdontic.com"
114.119.155.126 - - [19/Oct/2022:16:42:12 -0700] "GET /ce/Webinar_Select_files/?C=S%3BO%3DA HTTP/1.1" 200 440 "http://cyberdontic.com/ce/Webinar_Select_files?S=A" "Mozilla/5.0 (Linux; Android 7.0;) AppleWebKit/537.36 (KHTML, like Gecko) Mobile Safari/537.36 (compatible; PetalBot;+https://webmaster.petalsearch.com/site/petalbot)" "cyberdontic.com"
216.244.66.245 - - [19/Oct/2022:16:42:29 -0700] "GET /?D=A HTTP/1.1" 200 6620 "-" "Mozilla/5.0 (compatible; DotBot/1.2; +https://opensiteexplorer.org/dotbot; help@moz.com)" "cyberdontic.com"
114.119.155.126 - - [19/Oct/2022:16:47:51 -0700] "GET /ce/OSG_files?C=N%3BO%3DD HTTP/1.1" 301 1428 "http://www.cyberdontic.com/ce/OSG_files?C=M%3BO%3DA" "Mozilla/5.0 (Linux; Android 7.0;) AppleWebKit/537.36 (KHTML, like Gecko) Mobile Safari/537.36 (compatible; PetalBot;+https://webmaster.petalsearch.com/site/petalbot)" "www.cyberdontic.com"
114.119.155.126 - - [19/Oct/2022:16:48:04 -0700] "GET /ce/OSG_files/?C=N%3BO%3DD HTTP/1.1" 200 624 "http://www.cyberdontic.com/ce/OSG_files?C=M%3BO%3DA" "Mozilla/5.0 (Linux; Android 7.0;) AppleWebKit/537.36 (KHTML, like Gecko) Mobile Safari/537.36 (compatible; PetalBot;+https://webmaster.petalsearch.com/site/petalbot)" "www.cyberdontic.com"
114.119.155.118 - - [19/Oct/2022:16:53:30 -0700] "GET /OSG_files/?N=D HTTP/1.1" 200 465 "http://cyberdontic.com/OSG_files/" "Mozilla/5.0 (Linux; Android 7.0;) AppleWebKit/537.36 (KHTML, like Gecko) Mobile Safari/537.36 (compatible; PetalBot;+https://webmaster.petalsearch.com/site/petalbot)" "cyberdontic.com"
114.119.155.126 - - [19/Oct/2022:16:59:02 -0700] "GET /sound/_vti_cnf?C=N%3BO%3DD HTTP/1.1" 301 1429 "http://www.cyberdontic.com/sound/_vti_cnf?C=M%3BO%3DA" "Mozilla/5.0 (Linux; Android 7.0;) AppleWebKit/537.36 (KHTML, like Gecko) Mobile Safari/537.36 (compatible; PetalBot;+https://webmaster.petalsearch.com/site/petalbot)" "www.cyberdontic.com"
114.119.155.126 - - [19/Oct/2022:16:59:07 -0700] "GET /sound/_vti_cnf/?C=N%3BO%3DD HTTP/1.1" 200 388 "http://www.cyberdontic.com/sound/_vti_cnf?C=M%3BO%3DA" "Mozilla/5.0 (Linux; Android 7.0;) AppleWebKit/537.36 (KHTML, like Gecko) Mobile Safari/537.36 (compatible; PetalBot;+https://webmaster.petalsearch.com/site/petalbot)" "www.cyberdontic.com"
