114.119.155.142 - - [18/Oct/2022:17:08:38 -0700] "GET /OSG/?C=M%3BO%3DA HTTP/1.1" 200 429 "http://www.cyberdontic.com/OSG/?C=N%3BO%3DD" "Mozilla/5.0 (Linux; Android 7.0;) AppleWebKit/537.36 (KHTML, like Gecko) Mobile Safari/537.36 (compatible; PetalBot;+https://webmaster.petalsearch.com/site/petalbot)" "www.cyberdontic.com"
114.119.155.126 - - [18/Oct/2022:17:14:41 -0700] "GET /ce/OSG.htm HTTP/1.1" 200 3535 "http://cyberdontic.com/ce?C=D%3BO%3DA" "Mozilla/5.0 (Linux; Android 7.0;) AppleWebKit/537.36 (KHTML, like Gecko) Mobile Safari/537.36 (compatible; PetalBot;+https://webmaster.petalsearch.com/site/petalbot)" "cyberdontic.com"
64.124.8.23 - - [18/Oct/2022:17:17:57 -0700] "GET / HTTP/1.1" 200 1104 "-" "Mozilla/5.0 (X11; Linux x86_64) AppleWebKit/537.36 (KHTML, like Gecko) Chrome/61.0.3163.79 Safari/537.36" "www.cyberdontic.com"
114.119.155.118 - - [18/Oct/2022:17:20:33 -0700] "GET /orthodiagnosis/images/pages/slideshows_jpg.htm HTTP/1.1" 200 344 "http://www.cyberdontic.com/orthodiagnosis/images/index.htm" "Mozilla/5.0 (Linux; Android 7.0;) AppleWebKit/537.36 (KHTML, like Gecko) Mobile Safari/537.36 (compatible; PetalBot;+https://webmaster.petalsearch.com/site/petalbot)" "www.cyberdontic.com"
114.119.155.142 - - [18/Oct/2022:17:26:22 -0700] "GET /sound/_vti_cnf/?C=N%3BO%3DD HTTP/1.1" 200 388 "http://cyberdontic.com/sound/_vti_cnf/" "Mozilla/5.0 (Linux; Android 7.0;) AppleWebKit/537.36 (KHTML, like Gecko) Mobile Safari/537.36 (compatible; PetalBot;+https://webmaster.petalsearch.com/site/petalbot)" "cyberdontic.com"
185.191.171.10 - - [18/Oct/2022:17:30:25 -0700] "GET /robots.txt HTTP/1.1" 404 88 "-" "Mozilla/5.0 (compatible; SemrushBot/7~bl; +http://www.semrush.com/bot.html)" "www.cyberdontic.com"
185.191.171.16 - - [18/Oct/2022:17:30:25 -0700] "GET /Webinar_Select.htm HTTP/1.1" 200 2642 "-" "Mozilla/5.0 (compatible; SemrushBot/7~bl; +http://www.semrush.com/bot.html)" "www.cyberdontic.com"
114.119.155.126 - - [18/Oct/2022:17:32:38 -0700] "GET /4urbraces HTTP/1.1" 301 1411 "http://www.cyberdontic.com?C=D%3BO%3DA" "Mozilla/5.0 (Linux; Android 7.0;) AppleWebKit/537.36 (KHTML, like Gecko) Mobile Safari/537.36 (compatible; PetalBot;+https://webmaster.petalsearch.com/site/petalbot)" "www.cyberdontic.com"
114.119.155.126 - - [18/Oct/2022:17:32:38 -0700] "GET /4urbraces/ HTTP/1.1" 200 315 "http://www.cyberdontic.com?C=D%3BO%3DA" "Mozilla/5.0 (Linux; Android 7.0;) AppleWebKit/537.36 (KHTML, like Gecko) Mobile Safari/537.36 (compatible; PetalBot;+https://webmaster.petalsearch.com/site/petalbot)" "www.cyberdontic.com"
216.244.66.245 - - [18/Oct/2022:17:34:33 -0700] "GET /robots.txt HTTP/1.1" 404 73 "-" "Mozilla/5.0 (compatible; DotBot/1.2; +https://opensiteexplorer.org/dotbot; help@moz.com)" "cyberdontic.com"
216.244.66.245 - - [18/Oct/2022:17:34:33 -0700] "GET /robots.txt HTTP/1.1" 404 73 "-" "Mozilla/5.0 (compatible; DotBot/1.2; +https://opensiteexplorer.org/dotbot; help@moz.com)" "www.cyberdontic.com"
114.119.155.118 - - [18/Oct/2022:17:38:43 -0700] "GET /OSG/_vti_cnf?C=D%3BO%3DA HTTP/1.1" 301 1428 "http://cyberdontic.com/OSG/_vti_cnf?M=D" "Mozilla/5.0 (Linux; Android 7.0;) AppleWebKit/537.36 (KHTML, like Gecko) Mobile Safari/537.36 (compatible; PetalBot;+https://webmaster.petalsearch.com/site/petalbot)" "cyberdontic.com"
114.119.155.118 - - [18/Oct/2022:17:38:44 -0700] "GET /OSG/_vti_cnf/?C=D%3BO%3DA HTTP/1.1" 200 388 "http://cyberdontic.com/OSG/_vti_cnf?M=D" "Mozilla/5.0 (Linux; Android 7.0;) AppleWebKit/537.36 (KHTML, like Gecko) Mobile Safari/537.36 (compatible; PetalBot;+https://webmaster.petalsearch.com/site/petalbot)" "cyberdontic.com"
114.119.155.122 - - [18/Oct/2022:17:44:51 -0700] "GET /BISG/ HTTP/1.1" 200 415 "http://cyberdontic.com?C=M%3BO%3DA" "Mozilla/5.0 (Linux; Android 7.0;) AppleWebKit/537.36 (KHTML, like Gecko) Mobile Safari/537.36 (compatible; PetalBot;+https://webmaster.petalsearch.com/site/petalbot)" "cyberdontic.com"
114.119.155.121 - - [18/Oct/2022:17:50:53 -0700] "GET /BISG_files?C=M%3BO%3DA HTTP/1.1" 301 1428 "http://www.cyberdontic.com/BISG_files" "Mozilla/5.0 (Linux; Android 7.0;) AppleWebKit/537.36 (KHTML, like Gecko) Mobile Safari/537.36 (compatible; PetalBot;+https://webmaster.petalsearch.com/site/petalbot)" "www.cyberdontic.com"
114.119.155.121 - - [18/Oct/2022:17:50:54 -0700] "GET /BISG_files/?C=M%3BO%3DA HTTP/1.1" 200 446 "http://www.cyberdontic.com/BISG_files" "Mozilla/5.0 (Linux; Android 7.0;) AppleWebKit/537.36 (KHTML, like Gecko) Mobile Safari/537.36 (compatible; PetalBot;+https://webmaster.petalsearch.com/site/petalbot)" "www.cyberdontic.com"
114.119.155.118 - - [18/Oct/2022:17:56:48 -0700] "GET /OrthoCD HTTP/1.1" 301 1409 "http://cyberdontic.com" "Mozilla/5.0 (Linux; Android 7.0;) AppleWebKit/537.36 (KHTML, like Gecko) Mobile Safari/537.36 (compatible; PetalBot;+https://webmaster.petalsearch.com/site/petalbot)" "cyberdontic.com"
114.119.155.118 - - [18/Oct/2022:17:56:52 -0700] "GET /OrthoCD/ HTTP/1.1" 200 1071 "http://cyberdontic.com" "Mozilla/5.0 (Linux; Android 7.0;) AppleWebKit/537.36 (KHTML, like Gecko) Mobile Safari/537.36 (compatible; PetalBot;+https://webmaster.petalsearch.com/site/petalbot)" "cyberdontic.com"
114.119.155.121 - - [18/Oct/2022:18:02:46 -0700] "GET /OSG_files?C=D%3BO%3DA HTTP/1.1" 301 1425 "http://cyberdontic.com/OSG_files?M=D" "Mozilla/5.0 (Linux; Android 7.0;) AppleWebKit/537.36 (KHTML, like Gecko) Mobile Safari/537.36 (compatible; PetalBot;+https://webmaster.petalsearch.com/site/petalbot)" "cyberdontic.com"
114.119.155.121 - - [18/Oct/2022:18:02:47 -0700] "GET /OSG_files/?C=D%3BO%3DA HTTP/1.1" 200 465 "http://cyberdontic.com/OSG_files?M=D" "Mozilla/5.0 (Linux; Android 7.0;) AppleWebKit/537.36 (KHTML, like Gecko) Mobile Safari/537.36 (compatible; PetalBot;+https://webmaster.petalsearch.com/site/petalbot)" "cyberdontic.com"
114.119.155.122 - - [18/Oct/2022:18:08:42 -0700] "GET /ce/Augmentation_files?S=D HTTP/1.1" 301 1420 "http://cyberdontic.com/ce/Augmentation_files?S=A" "Mozilla/5.0 (Linux; Android 7.0;) AppleWebKit/537.36 (KHTML, like Gecko) Mobile Safari/537.36 (compatible; PetalBot;+https://webmaster.petalsearch.com/site/petalbot)" "cyberdontic.com"
114.119.155.122 - - [18/Oct/2022:18:08:44 -0700] "GET /ce/Augmentation_files/?S=D HTTP/1.1" 200 437 "http://cyberdontic.com/ce/Augmentation_files?S=A" "Mozilla/5.0 (Linux; Android 7.0;) AppleWebKit/537.36 (KHTML, like Gecko) Mobile Safari/537.36 (compatible; PetalBot;+https://webmaster.petalsearch.com/site/petalbot)" "cyberdontic.com"
114.119.155.122 - - [18/Oct/2022:18:14:52 -0700] "GET /ce/Feb17_2015_files?M=D HTTP/1.1" 301 1423 "http://cyberdontic.com/ce/Feb17_2015_files?M=A" "Mozilla/5.0 (Linux; Android 7.0;) AppleWebKit/537.36 (KHTML, like Gecko) Mobile Safari/537.36 (compatible; PetalBot;+https://webmaster.petalsearch.com/site/petalbot)" "cyberdontic.com"
114.119.155.122 - - [18/Oct/2022:18:14:59 -0700] "GET /ce/Feb17_2015_files/?M=D HTTP/1.1" 200 630 "http://cyberdontic.com/ce/Feb17_2015_files?M=A" "Mozilla/5.0 (Linux; Android 7.0;) AppleWebKit/537.36 (KHTML, like Gecko) Mobile Safari/537.36 (compatible; PetalBot;+https://webmaster.petalsearch.com/site/petalbot)" "cyberdontic.com"
114.119.155.126 - - [18/Oct/2022:18:20:43 -0700] "GET /ce/GuidedSurgery_files/Thumbs.db HTTP/1.1" 200 16384 "http://cyberdontic.com/ce/GuidedSurgery_files?C=S%3BO%3DA" "Mozilla/5.0 (Linux; Android 7.0;) AppleWebKit/537.36 (KHTML, like Gecko) Mobile Safari/537.36 (compatible; PetalBot;+https://webmaster.petalsearch.com/site/petalbot)" "cyberdontic.com"
114.119.155.126 - - [18/Oct/2022:18:26:34 -0700] "GET /ce/BISG.htm HTTP/1.1" 200 4191 "http://www.cyberdontic.com/ce" "Mozilla/5.0 (Linux; Android 7.0;) AppleWebKit/537.36 (KHTML, like Gecko) Mobile Safari/537.36 (compatible; PetalBot;+https://webmaster.petalsearch.com/site/petalbot)" "www.cyberdontic.com"
104.196.156.136 - - [18/Oct/2022:18:26:39 -0700] "GET /robots.txt HTTP/1.1" 404 88 "-" "ZoominfoBot (zoominfobot at zoominfo dot com)" "www.cyberdontic.com"
104.196.156.136 - - [18/Oct/2022:18:26:39 -0700] "GET / HTTP/1.1" 200 1104 "-" "ZoominfoBot (zoominfobot at zoominfo dot com)" "www.cyberdontic.com"
64.124.8.22 - - [18/Oct/2022:18:28:34 -0700] "GET /robots.txt HTTP/1.1" 404 88 "-" "Mozilla/5.0 (X11; Linux x86_64) AppleWebKit/537.36 (KHTML, like Gecko) Chrome/61.0.3163.79 Safari/537.36" "www.cyberdontic.com"
64.124.8.22 - - [18/Oct/2022:18:28:34 -0700] "GET / HTTP/1.1" 200 1104 "-" "Mozilla/5.0 (X11; Linux x86_64) AppleWebKit/537.36 (KHTML, like Gecko) Chrome/61.0.3163.79 Safari/537.36" "www.cyberdontic.com"
216.244.66.245 - - [18/Oct/2022:18:28:54 -0700] "GET /robots.txt HTTP/1.1" 404 73 "-" "Mozilla/5.0 (compatible; DotBot/1.2; +https://opensiteexplorer.org/dotbot; help@moz.com)" "www.cyberdontic.com"
216.244.66.245 - - [18/Oct/2022:18:28:54 -0700] "GET /robots.txt HTTP/1.1" 404 73 "-" "Mozilla/5.0 (compatible; DotBot/1.2; +https://opensiteexplorer.org/dotbot; help@moz.com)" "cyberdontic.com"
114.119.155.122 - - [18/Oct/2022:18:32:28 -0700] "GET /ce/FamilyDentistryImplantsandOrthodontics_files/?C=N%3BO%3DD HTTP/1.1" 200 619 "http://cyberdontic.com/ce/FamilyDentistryImplantsandOrthodontics_files/?C=D%3BO%3DA" "Mozilla/5.0 (Linux; Android 7.0;) AppleWebKit/537.36 (KHTML, like Gecko) Mobile Safari/537.36 (compatible; PetalBot;+https://webmaster.petalsearch.com/site/petalbot)" "cyberdontic.com"
114.119.155.121 - - [18/Oct/2022:18:38:25 -0700] "GET /ce/ImplantResidency.htm HTTP/1.1" 200 3744 "http://cyberdontic.com/ce?C=D%3BO%3DA" "Mozilla/5.0 (Linux; Android 7.0;) AppleWebKit/537.36 (KHTML, like Gecko) Mobile Safari/537.36 (compatible; PetalBot;+https://webmaster.petalsearch.com/site/petalbot)" "cyberdontic.com"
114.119.155.118 - - [18/Oct/2022:18:44:22 -0700] "GET /ce/OSG_files/?C=D%3BO%3DA HTTP/1.1" 200 624 "http://www.cyberdontic.com/ce/OSG_files/?C=S%3BO%3DA" "Mozilla/5.0 (Linux; Android 7.0;) AppleWebKit/537.36 (KHTML, like Gecko) Mobile Safari/537.36 (compatible; PetalBot;+https://webmaster.petalsearch.com/site/petalbot)" "www.cyberdontic.com"
207.46.13.232 - - [18/Oct/2022:18:48:53 -0700] "GET /robots.txt HTTP/1.1" 404 88 "-" "Mozilla/5.0 (compatible; bingbot/2.0; +http://www.bing.com/bingbot.htm)" "www.cyberdontic.com"
207.46.13.232 - - [18/Oct/2022:18:48:53 -0700] "GET /robots.txt HTTP/1.1" 404 88 "-" "Mozilla/5.0 (compatible; bingbot/2.0; +http://www.bing.com/bingbot.htm)" "www.cyberdontic.com"
40.77.167.67 - - [18/Oct/2022:18:48:59 -0700] "GET /ce/education5_files/?M=A HTTP/1.1" 200 442 "-" "Mozilla/5.0 AppleWebKit/537.36 (KHTML, like Gecko; compatible; bingbot/2.0; +http://www.bing.com/bingbot.htm) Chrome/103.0.5060.134 Safari/537.36" "www.cyberdontic.com"
114.119.155.142 - - [18/Oct/2022:18:50:16 -0700] "GET /ce/Webinar_Ortho.htm HTTP/1.1" 200 1851 "http://cyberdontic.com/ce/Webinars.htm" "Mozilla/5.0 (Linux; Android 7.0;) AppleWebKit/537.36 (KHTML, like Gecko) Mobile Safari/537.36 (compatible; PetalBot;+https://webmaster.petalsearch.com/site/petalbot)" "cyberdontic.com"
114.119.155.122 - - [18/Oct/2022:18:56:11 -0700] "GET /OSG/_vti_cnf/?C=M%3BO%3DA HTTP/1.1" 200 388 "http://cyberdontic.com/OSG/_vti_cnf/?C=D%3BO%3DA" "Mozilla/5.0 (Linux; Android 7.0;) AppleWebKit/537.36 (KHTML, like Gecko) Mobile Safari/537.36 (compatible; PetalBot;+https://webmaster.petalsearch.com/site/petalbot)" "cyberdontic.com"
5.102.173.71 - - [18/Oct/2022:18:59:24 -0700] "GET /robots.txt HTTP/1.1" 404 88 "-" "Mozilla/5.0 (compatible; MojeekBot/0.11; +https://www.mojeek.com/bot.html)" "www.cyberdontic.com"
5.102.173.71 - - [18/Oct/2022:18:59:24 -0700] "GET /ce/?C=M;O=A HTTP/1.1" 200 1269 "-" "Mozilla/5.0 (compatible; MojeekBot/0.11; +https://www.mojeek.com/bot.html)" "www.cyberdontic.com"
114.119.155.126 - - [18/Oct/2022:19:02:05 -0700] "GET /ce/BISG_files?M=A HTTP/1.1" 301 1419 "http://cyberdontic.com/ce/BISG_files?M=D" "Mozilla/5.0 (Linux; Android 7.0;) AppleWebKit/537.36 (KHTML, like Gecko) Mobile Safari/537.36 (compatible; PetalBot;+https://webmaster.petalsearch.com/site/petalbot)" "cyberdontic.com"
114.119.155.126 - - [18/Oct/2022:19:02:06 -0700] "GET /ce/BISG_files/?M=A HTTP/1.1" 200 649 "http://cyberdontic.com/ce/BISG_files?M=D" "Mozilla/5.0 (Linux; Android 7.0;) AppleWebKit/537.36 (KHTML, like Gecko) Mobile Safari/537.36 (compatible; PetalBot;+https://webmaster.petalsearch.com/site/petalbot)" "cyberdontic.com"
114.119.155.118 - - [18/Oct/2022:19:08:01 -0700] "GET /ce/ImplantResidency_files?D=D HTTP/1.1" 301 1425 "http://cyberdontic.com/ce/ImplantResidency_files?D=A" "Mozilla/5.0 (Linux; Android 7.0;) AppleWebKit/537.36 (KHTML, like Gecko) Mobile Safari/537.36 (compatible; PetalBot;+https://webmaster.petalsearch.com/site/petalbot)" "cyberdontic.com"
114.119.155.118 - - [18/Oct/2022:19:08:03 -0700] "GET /ce/ImplantResidency_files/?D=D HTTP/1.1" 200 380 "http://cyberdontic.com/ce/ImplantResidency_files?D=A" "Mozilla/5.0 (Linux; Android 7.0;) AppleWebKit/537.36 (KHTML, like Gecko) Mobile Safari/537.36 (compatible; PetalBot;+https://webmaster.petalsearch.com/site/petalbot)" "cyberdontic.com"
114.119.155.126 - - [18/Oct/2022:19:13:58 -0700] "GET /ce/ClinicalOrthodontic_files HTTP/1.1" 301 1421 "http://cyberdontic.com/ce" "Mozilla/5.0 (Linux; Android 7.0;) AppleWebKit/537.36 (KHTML, like Gecko) Mobile Safari/537.36 (compatible; PetalBot;+https://webmaster.petalsearch.com/site/petalbot)" "cyberdontic.com"
114.119.155.126 - - [18/Oct/2022:19:13:59 -0700] "GET /ce/ClinicalOrthodontic_files/ HTTP/1.1" 200 428 "http://cyberdontic.com/ce" "Mozilla/5.0 (Linux; Android 7.0;) AppleWebKit/537.36 (KHTML, like Gecko) Mobile Safari/537.36 (compatible; PetalBot;+https://webmaster.petalsearch.com/site/petalbot)" "cyberdontic.com"
114.119.155.142 - - [18/Oct/2022:19:19:52 -0700] "GET /StudyGroups_files/ HTTP/1.1" 200 398 "http://www.cyberdontic.com?C=S%3BO%3DA" "Mozilla/5.0 (Linux; Android 7.0;) AppleWebKit/537.36 (KHTML, like Gecko) Mobile Safari/537.36 (compatible; PetalBot;+https://webmaster.petalsearch.com/site/petalbot)" "www.cyberdontic.com"
216.244.66.245 - - [18/Oct/2022:19:24:58 -0700] "GET /robots.txt HTTP/1.1" 404 73 "-" "Mozilla/5.0 (compatible; DotBot/1.2; +https://opensiteexplorer.org/dotbot; help@moz.com)" "www.cyberdontic.com"
216.244.66.245 - - [18/Oct/2022:19:24:58 -0700] "GET /robots.txt HTTP/1.1" 404 73 "-" "Mozilla/5.0 (compatible; DotBot/1.2; +https://opensiteexplorer.org/dotbot; help@moz.com)" "cyberdontic.com"
114.119.155.142 - - [18/Oct/2022:19:25:58 -0700] "GET /ce/ImmediatePlacement_files?M=D HTTP/1.1" 301 1425 "http://cyberdontic.com/ce/ImmediatePlacement_files?M=A" "Mozilla/5.0 (Linux; Android 7.0;) AppleWebKit/537.36 (KHTML, like Gecko) Mobile Safari/537.36 (compatible; PetalBot;+https://webmaster.petalsearch.com/site/petalbot)" "cyberdontic.com"
114.119.155.142 - - [18/Oct/2022:19:26:03 -0700] "GET /ce/ImmediatePlacement_files/?M=D HTTP/1.1" 200 566 "http://cyberdontic.com/ce/ImmediatePlacement_files?M=A" "Mozilla/5.0 (Linux; Android 7.0;) AppleWebKit/537.36 (KHTML, like Gecko) Mobile Safari/537.36 (compatible; PetalBot;+https://webmaster.petalsearch.com/site/petalbot)" "cyberdontic.com"
114.119.155.122 - - [18/Oct/2022:19:31:43 -0700] "GET /ce/MultiPhase_files?C=N%3BO%3DD HTTP/1.1" 301 1432 "http://www.cyberdontic.com/ce/MultiPhase_files?C=M%3BO%3DA" "Mozilla/5.0 (Linux; Android 7.0;) AppleWebKit/537.36 (KHTML, like Gecko) Mobile Safari/537.36 (compatible; PetalBot;+https://webmaster.petalsearch.com/site/petalbot)" "www.cyberdontic.com"
114.119.155.122 - - [18/Oct/2022:19:31:44 -0700] "GET /ce/MultiPhase_files/?C=N%3BO%3DD HTTP/1.1" 200 434 "http://www.cyberdontic.com/ce/MultiPhase_files?C=M%3BO%3DA" "Mozilla/5.0 (Linux; Android 7.0;) AppleWebKit/537.36 (KHTML, like Gecko) Mobile Safari/537.36 (compatible; PetalBot;+https://webmaster.petalsearch.com/site/petalbot)" "www.cyberdontic.com"
185.191.171.36 - - [18/Oct/2022:19:35:05 -0700] "GET /robots.txt HTTP/1.1" 404 88 "-" "Mozilla/5.0 (compatible; SemrushBot/7~bl; +http://www.semrush.com/bot.html)" "www.cyberdontic.com"
185.191.171.16 - - [18/Oct/2022:19:35:05 -0700] "GET /ce/ir_pay.htm HTTP/1.1" 200 687 "-" "Mozilla/5.0 (compatible; SemrushBot/7~bl; +http://www.semrush.com/bot.html)" "www.cyberdontic.com"
114.119.155.126 - - [18/Oct/2022:19:37:40 -0700] "GET /StudyGroups_files?D=D HTTP/1.1" 301 1420 "http://cyberdontic.com/StudyGroups_files/?D=A" "Mozilla/5.0 (Linux; Android 7.0;) AppleWebKit/537.36 (KHTML, like Gecko) Mobile Safari/537.36 (compatible; PetalBot;+https://webmaster.petalsearch.com/site/petalbot)" "cyberdontic.com"
114.119.155.126 - - [18/Oct/2022:19:37:42 -0700] "GET /StudyGroups_files/?D=D HTTP/1.1" 200 398 "http://cyberdontic.com/StudyGroups_files/?D=A" "Mozilla/5.0 (Linux; Android 7.0;) AppleWebKit/537.36 (KHTML, like Gecko) Mobile Safari/537.36 (compatible; PetalBot;+https://webmaster.petalsearch.com/site/petalbot)" "cyberdontic.com"
61.135.159.167 - - [18/Oct/2022:19:39:40 -0700] "GET / HTTP/1.1" 200 1104 "-" "Sogou web spider/4.0(+http://www.sogou.com/docs/help/webmasters.htm#07)" "cyberdontic.com"
114.119.155.121 - - [18/Oct/2022:19:43:34 -0700] "GET /ce/Feb17_2015_files HTTP/1.1" 301 1419 "http://cyberdontic.com/ce" "Mozilla/5.0 (Linux; Android 7.0;) AppleWebKit/537.36 (KHTML, like Gecko) Mobile Safari/537.36 (compatible; PetalBot;+https://webmaster.petalsearch.com/site/petalbot)" "cyberdontic.com"
114.119.155.121 - - [18/Oct/2022:19:43:34 -0700] "GET /ce/Feb17_2015_files/ HTTP/1.1" 200 630 "http://cyberdontic.com/ce" "Mozilla/5.0 (Linux; Android 7.0;) AppleWebKit/537.36 (KHTML, like Gecko) Mobile Safari/537.36 (compatible; PetalBot;+https://webmaster.petalsearch.com/site/petalbot)" "cyberdontic.com"
114.119.155.121 - - [18/Oct/2022:19:49:33 -0700] "GET /ce/Augmentation_files/?C=S%3BO%3DA HTTP/1.1" 200 437 "http://cyberdontic.com/ce/Augmentation_files" "Mozilla/5.0 (Linux; Android 7.0;) AppleWebKit/537.36 (KHTML, like Gecko) Mobile Safari/537.36 (compatible; PetalBot;+https://webmaster.petalsearch.com/site/petalbot)" "cyberdontic.com"
114.119.155.121 - - [18/Oct/2022:19:55:24 -0700] "GET /ce/MultiPhase_files?C=S%3BO%3DA HTTP/1.1" 301 1430 "http://cyberdontic.com/ce/MultiPhase_files?M=D" "Mozilla/5.0 (Linux; Android 7.0;) AppleWebKit/537.36 (KHTML, like Gecko) Mobile Safari/537.36 (compatible; PetalBot;+https://webmaster.petalsearch.com/site/petalbot)" "cyberdontic.com"
114.119.155.121 - - [18/Oct/2022:19:55:25 -0700] "GET /ce/MultiPhase_files/?C=S%3BO%3DA HTTP/1.1" 200 434 "http://cyberdontic.com/ce/MultiPhase_files?M=D" "Mozilla/5.0 (Linux; Android 7.0;) AppleWebKit/537.36 (KHTML, like Gecko) Mobile Safari/537.36 (compatible; PetalBot;+https://webmaster.petalsearch.com/site/petalbot)" "cyberdontic.com"
114.119.155.121 - - [18/Oct/2022:20:01:15 -0700] "GET /ce/MultiPhase_files/Image_4.JPG HTTP/1.1" 200 16169 "http://www.cyberdontic.com/ce/MultiPhase.htm" "Mozilla/5.0 (Linux; Android 7.0;) AppleWebKit/537.36 (KHTML, like Gecko) Mobile Safari/537.36 (compatible; PetalBot;+https://webmaster.petalsearch.com/site/petalbot)" "www.cyberdontic.com"
114.119.155.142 - - [18/Oct/2022:20:07:09 -0700] "GET /ce/education5_files/?C=M%3BO%3DA HTTP/1.1" 200 442 "http://cyberdontic.com/ce/education5_files?S=D" "Mozilla/5.0 (Linux; Android 7.0;) AppleWebKit/537.36 (KHTML, like Gecko) Mobile Safari/537.36 (compatible; PetalBot;+https://webmaster.petalsearch.com/site/petalbot)" "cyberdontic.com"
66.249.66.11 - - [18/Oct/2022:20:08:25 -0700] "GET /robots.txt HTTP/1.1" 404 88 "-" "Mozilla/5.0 (compatible; Googlebot/2.1; +http://www.google.com/bot.html)" "cyberdontic.com"
66.249.66.9 - - [18/Oct/2022:20:08:25 -0700] "GET /favicon.ico HTTP/1.1" 404 88 "-" "Googlebot-Image/1.0" "cyberdontic.com"
207.46.13.113 - - [18/Oct/2022:20:12:58 -0700] "GET / HTTP/1.1" 200 1104 "-" "Mozilla/5.0 (compatible; bingbot/2.0; +http://www.bing.com/bingbot.htm)" "www.cyberdontic.com"
114.119.155.142 - - [18/Oct/2022:20:13:02 -0700] "GET /MultiPhase_files?C=S%3BO%3DA HTTP/1.1" 301 1428 "http://cyberdontic.com/MultiPhase_files?N=D" "Mozilla/5.0 (Linux; Android 7.0;) AppleWebKit/537.36 (KHTML, like Gecko) Mobile Safari/537.36 (compatible; PetalBot;+https://webmaster.petalsearch.com/site/petalbot)" "cyberdontic.com"
114.119.155.142 - - [18/Oct/2022:20:13:04 -0700] "GET /MultiPhase_files/?C=S%3BO%3DA HTTP/1.1" 200 429 "http://cyberdontic.com/MultiPhase_files?N=D" "Mozilla/5.0 (Linux; Android 7.0;) AppleWebKit/537.36 (KHTML, like Gecko) Mobile Safari/537.36 (compatible; PetalBot;+https://webmaster.petalsearch.com/site/petalbot)" "cyberdontic.com"
114.119.155.142 - - [18/Oct/2022:20:18:57 -0700] "GET /nydds4u/?C=N%3BO%3DD HTTP/1.1" 200 314 "http://cyberdontic.com/nydds4u?N=A" "Mozilla/5.0 (Linux; Android 7.0;) AppleWebKit/537.36 (KHTML, like Gecko) Mobile Safari/537.36 (compatible; PetalBot;+https://webmaster.petalsearch.com/site/petalbot)" "cyberdontic.com"
216.244.66.245 - - [18/Oct/2022:20:21:06 -0700] "GET /robots.txt HTTP/1.1" 404 73 "-" "Mozilla/5.0 (compatible; DotBot/1.2; +https://opensiteexplorer.org/dotbot; help@moz.com)" "cyberdontic.com"
216.244.66.245 - - [18/Oct/2022:20:21:06 -0700] "GET /robots.txt HTTP/1.1" 404 73 "-" "Mozilla/5.0 (compatible; DotBot/1.2; +https://opensiteexplorer.org/dotbot; help@moz.com)" "www.cyberdontic.com"
114.119.155.118 - - [18/Oct/2022:20:24:52 -0700] "GET /ce/GuidedSurgery_files/?C=S%3BO%3DA HTTP/1.1" 200 444 "http://cyberdontic.com/ce/GuidedSurgery_files?S=A" "Mozilla/5.0 (Linux; Android 7.0;) AppleWebKit/537.36 (KHTML, like Gecko) Mobile Safari/537.36 (compatible; PetalBot;+https://webmaster.petalsearch.com/site/petalbot)" "cyberdontic.com"
207.46.13.113 - - [18/Oct/2022:20:25:50 -0700] "GET / HTTP/1.1" 200 1104 "-" "Mozilla/5.0 AppleWebKit/537.36 (KHTML, like Gecko; compatible; bingbot/2.0; +http://www.bing.com/bingbot.htm) Chrome/103.0.5060.134 Safari/537.36" "cyberdontic.com"
114.119.155.121 - - [18/Oct/2022:20:30:45 -0700] "GET /ce/ClinicalOrthodontic_files HTTP/1.1" 301 1423 "http://www.cyberdontic.com/ce?C=N%3BO%3DD" "Mozilla/5.0 (Linux; Android 7.0;) AppleWebKit/537.36 (KHTML, like Gecko) Mobile Safari/537.36 (compatible; PetalBot;+https://webmaster.petalsearch.com/site/petalbot)" "www.cyberdontic.com"
114.119.155.121 - - [18/Oct/2022:20:30:50 -0700] "GET /ce/ClinicalOrthodontic_files/ HTTP/1.1" 200 428 "http://www.cyberdontic.com/ce?C=N%3BO%3DD" "Mozilla/5.0 (Linux; Android 7.0;) AppleWebKit/537.36 (KHTML, like Gecko) Mobile Safari/537.36 (compatible; PetalBot;+https://webmaster.petalsearch.com/site/petalbot)" "www.cyberdontic.com"
114.119.155.142 - - [18/Oct/2022:20:36:33 -0700] "GET /Spanish/page2.htm HTTP/1.1" 200 2195 "http://www.cyberdontic.com/Spanish/?C=D%3BO%3DA" "Mozilla/5.0 (Linux; Android 7.0;) AppleWebKit/537.36 (KHTML, like Gecko) Mobile Safari/537.36 (compatible; PetalBot;+https://webmaster.petalsearch.com/site/petalbot)" "www.cyberdontic.com"
114.119.155.122 - - [18/Oct/2022:20:42:23 -0700] "GET /StudyGroups_files?M=D HTTP/1.1" 301 1425 "http://cyberdontic.com/StudyGroups_files?M=A" "Mozilla/5.0 (Linux; Android 7.0;) AppleWebKit/537.36 (KHTML, like Gecko) Mobile Safari/537.36 (compatible; PetalBot;+https://webmaster.petalsearch.com/site/petalbot)" "cyberdontic.com"
114.119.155.122 - - [18/Oct/2022:20:42:24 -0700] "GET /StudyGroups_files/?M=D HTTP/1.1" 200 398 "http://cyberdontic.com/StudyGroups_files?M=A" "Mozilla/5.0 (Linux; Android 7.0;) AppleWebKit/537.36 (KHTML, like Gecko) Mobile Safari/537.36 (compatible; PetalBot;+https://webmaster.petalsearch.com/site/petalbot)" "cyberdontic.com"
114.119.155.142 - - [18/Oct/2022:20:48:17 -0700] "GET /SS?M=D HTTP/1.1" 301 1409 "http://cyberdontic.com/SS/?M=A" "Mozilla/5.0 (Linux; Android 7.0;) AppleWebKit/537.36 (KHTML, like Gecko) Mobile Safari/537.36 (compatible; PetalBot;+https://webmaster.petalsearch.com/site/petalbot)" "cyberdontic.com"
114.119.155.142 - - [18/Oct/2022:20:48:17 -0700] "GET /SS/?M=D HTTP/1.1" 200 492 "http://cyberdontic.com/SS/?M=A" "Mozilla/5.0 (Linux; Android 7.0;) AppleWebKit/537.36 (KHTML, like Gecko) Mobile Safari/537.36 (compatible; PetalBot;+https://webmaster.petalsearch.com/site/petalbot)" "cyberdontic.com"
114.119.155.142 - - [18/Oct/2022:20:54:15 -0700] "GET /ce/register.htm HTTP/1.1" 200 1643 "http://www.cyberdontic.com/ce" "Mozilla/5.0 (Linux; Android 7.0;) AppleWebKit/537.36 (KHTML, like Gecko) Mobile Safari/537.36 (compatible; PetalBot;+https://webmaster.petalsearch.com/site/petalbot)" "www.cyberdontic.com"
114.119.155.122 - - [18/Oct/2022:21:00:06 -0700] "GET /sound/_vti_cnf/?C=S%3BO%3DA HTTP/1.1" 200 388 "http://www.cyberdontic.com/sound/_vti_cnf/?C=N%3BO%3DD" "Mozilla/5.0 (Linux; Android 7.0;) AppleWebKit/537.36 (KHTML, like Gecko) Mobile Safari/537.36 (compatible; PetalBot;+https://webmaster.petalsearch.com/site/petalbot)" "www.cyberdontic.com"
114.119.155.142 - - [18/Oct/2022:21:06:04 -0700] "GET /lcpre.htm HTTP/1.1" 200 20 "http://cyberdontic.com?C=M%3BO%3DA" "Mozilla/5.0 (Linux; Android 7.0;) AppleWebKit/537.36 (KHTML, like Gecko) Mobile Safari/537.36 (compatible; PetalBot;+https://webmaster.petalsearch.com/site/petalbot)" "cyberdontic.com"
114.119.155.122 - - [18/Oct/2022:21:11:54 -0700] "GET /MultiPhase_files?S=D HTTP/1.1" 301 1423 "http://cyberdontic.com/MultiPhase_files?S=A" "Mozilla/5.0 (Linux; Android 7.0;) AppleWebKit/537.36 (KHTML, like Gecko) Mobile Safari/537.36 (compatible; PetalBot;+https://webmaster.petalsearch.com/site/petalbot)" "cyberdontic.com"
114.119.155.122 - - [18/Oct/2022:21:11:55 -0700] "GET /MultiPhase_files/?S=D HTTP/1.1" 200 429 "http://cyberdontic.com/MultiPhase_files?S=A" "Mozilla/5.0 (Linux; Android 7.0;) AppleWebKit/537.36 (KHTML, like Gecko) Mobile Safari/537.36 (compatible; PetalBot;+https://webmaster.petalsearch.com/site/petalbot)" "cyberdontic.com"
216.244.66.245 - - [18/Oct/2022:21:17:06 -0700] "GET /robots.txt HTTP/1.1" 404 73 "-" "Mozilla/5.0 (compatible; DotBot/1.2; +https://opensiteexplorer.org/dotbot; help@moz.com)" "www.cyberdontic.com"
216.244.66.245 - - [18/Oct/2022:21:17:06 -0700] "GET /robots.txt HTTP/1.1" 404 73 "-" "Mozilla/5.0 (compatible; DotBot/1.2; +https://opensiteexplorer.org/dotbot; help@moz.com)" "cyberdontic.com"
114.119.155.122 - - [18/Oct/2022:21:17:48 -0700] "GET /nydds4u?M=D HTTP/1.1" 301 1412 "http://cyberdontic.com/nydds4u?M=A" "Mozilla/5.0 (Linux; Android 7.0;) AppleWebKit/537.36 (KHTML, like Gecko) Mobile Safari/537.36 (compatible; PetalBot;+https://webmaster.petalsearch.com/site/petalbot)" "cyberdontic.com"
114.119.155.122 - - [18/Oct/2022:21:17:48 -0700] "GET /nydds4u/?M=D HTTP/1.1" 200 314 "http://cyberdontic.com/nydds4u?M=A" "Mozilla/5.0 (Linux; Android 7.0;) AppleWebKit/537.36 (KHTML, like Gecko) Mobile Safari/537.36 (compatible; PetalBot;+https://webmaster.petalsearch.com/site/petalbot)" "cyberdontic.com"
114.119.155.118 - - [18/Oct/2022:21:23:36 -0700] "GET /ce/education5_files/ HTTP/1.1" 200 442 "http://www.cyberdontic.com/ce" "Mozilla/5.0 (Linux; Android 7.0;) AppleWebKit/537.36 (KHTML, like Gecko) Mobile Safari/537.36 (compatible; PetalBot;+https://webmaster.petalsearch.com/site/petalbot)" "www.cyberdontic.com"
54.36.148.238 - - [18/Oct/2022:21:27:51 -0700] "GET /robots.txt HTTP/1.1" 404 88 "-" "Mozilla/5.0 (compatible; AhrefsBot/7.0; +http://ahrefs.com/robot/)" "www.cyberdontic.com"
51.222.253.5 - - [18/Oct/2022:21:27:51 -0700] "GET /ce/BISG_files/?C=S;O=D HTTP/1.1" 200 648 "-" "Mozilla/5.0 (compatible; AhrefsBot/7.0; +http://ahrefs.com/robot/)" "www.cyberdontic.com"
114.119.155.122 - - [18/Oct/2022:21:29:26 -0700] "GET /ce/ImplantResidency_files?N=A HTTP/1.1" 301 1426 "http://cyberdontic.com/ce/ImplantResidency_files?N=D" "Mozilla/5.0 (Linux; Android 7.0;) AppleWebKit/537.36 (KHTML, like Gecko) Mobile Safari/537.36 (compatible; PetalBot;+https://webmaster.petalsearch.com/site/petalbot)" "cyberdontic.com"
114.119.155.122 - - [18/Oct/2022:21:29:28 -0700] "GET /ce/ImplantResidency_files/?N=A HTTP/1.1" 200 380 "http://cyberdontic.com/ce/ImplantResidency_files?N=D" "Mozilla/5.0 (Linux; Android 7.0;) AppleWebKit/537.36 (KHTML, like Gecko) Mobile Safari/537.36 (compatible; PetalBot;+https://webmaster.petalsearch.com/site/petalbot)" "cyberdontic.com"
114.119.155.142 - - [18/Oct/2022:21:35:22 -0700] "GET /orthodiagnosis HTTP/1.1" 301 1414 "http://www.cyberdontic.com?C=D%3BO%3DA" "Mozilla/5.0 (Linux; Android 7.0;) AppleWebKit/537.36 (KHTML, like Gecko) Mobile Safari/537.36 (compatible; PetalBot;+https://webmaster.petalsearch.com/site/petalbot)" "www.cyberdontic.com"
114.119.155.142 - - [18/Oct/2022:21:35:23 -0700] "GET /orthodiagnosis/ HTTP/1.1" 200 4058 "http://www.cyberdontic.com?C=D%3BO%3DA" "Mozilla/5.0 (Linux; Android 7.0;) AppleWebKit/537.36 (KHTML, like Gecko) Mobile Safari/537.36 (compatible; PetalBot;+https://webmaster.petalsearch.com/site/petalbot)" "www.cyberdontic.com"
51.222.253.16 - - [18/Oct/2022:21:40:58 -0700] "GET /ce/OSG_files/?C=S;O=D HTTP/1.1" 200 616 "-" "Mozilla/5.0 (compatible; AhrefsBot/7.0; +http://ahrefs.com/robot/)" "cyberdontic.com"
114.119.155.122 - - [18/Oct/2022:21:41:23 -0700] "GET /Spanish/_derived/_vti_cnf?N=D HTTP/1.1" 301 1431 "https://cyberdontic.com/Spanish/_derived/_vti_cnf" "Mozilla/5.0 (Linux; Android 7.0;) AppleWebKit/537.36 (KHTML, like Gecko) Mobile Safari/537.36 (compatible; PetalBot;+https://webmaster.petalsearch.com/site/petalbot)" "cyberdontic.com"
114.119.155.122 - - [18/Oct/2022:21:41:25 -0700] "GET /Spanish/_derived/_vti_cnf/?N=D HTTP/1.1" 200 402 "https://cyberdontic.com/Spanish/_derived/_vti_cnf" "Mozilla/5.0 (Linux; Android 7.0;) AppleWebKit/537.36 (KHTML, like Gecko) Mobile Safari/537.36 (compatible; PetalBot;+https://webmaster.petalsearch.com/site/petalbot)" "cyberdontic.com"
40.77.167.96 - - [18/Oct/2022:21:43:01 -0700] "GET /robots.txt HTTP/1.1" 404 88 "-" "Mozilla/5.0 AppleWebKit/537.36 (KHTML, like Gecko; compatible; bingbot/2.0; +http://www.bing.com/bingbot.htm) Chrome/103.0.5060.134 Safari/537.36" "www.cyberdontic.com"
157.55.39.22 - - [18/Oct/2022:21:43:09 -0700] "GET / HTTP/1.1" 200 1104 "-" "Mozilla/5.0 AppleWebKit/537.36 (KHTML, like Gecko; compatible; bingbot/2.0; +http://www.bing.com/bingbot.htm) Chrome/103.0.5060.134 Safari/537.36" "www.cyberdontic.com"
114.119.155.126 - - [18/Oct/2022:21:47:13 -0700] "GET /StudyGroups_files?C=M%3BO%3DA HTTP/1.1" 301 1431 "http://www.cyberdontic.com/StudyGroups_files?C=D%3BO%3DA" "Mozilla/5.0 (Linux; Android 7.0;) AppleWebKit/537.36 (KHTML, like Gecko) Mobile Safari/537.36 (compatible; PetalBot;+https://webmaster.petalsearch.com/site/petalbot)" "www.cyberdontic.com"
114.119.155.126 - - [18/Oct/2022:21:47:14 -0700] "GET /StudyGroups_files/?C=M%3BO%3DA HTTP/1.1" 200 398 "http://www.cyberdontic.com/StudyGroups_files?C=D%3BO%3DA" "Mozilla/5.0 (Linux; Android 7.0;) AppleWebKit/537.36 (KHTML, like Gecko) Mobile Safari/537.36 (compatible; PetalBot;+https://webmaster.petalsearch.com/site/petalbot)" "www.cyberdontic.com"
51.222.253.5 - - [18/Oct/2022:21:52:56 -0700] "GET /CBCT_files/?C=S;O=D HTTP/1.1" 200 446 "-" "Mozilla/5.0 (compatible; AhrefsBot/7.0; +http://ahrefs.com/robot/)" "www.cyberdontic.com"
114.119.155.126 - - [18/Oct/2022:21:53:15 -0700] "GET /ce/ClinicalOrthodontic.htm HTTP/1.1" 200 3397 "http://cyberdontic.com/ce?C=D%3BO%3DA" "Mozilla/5.0 (Linux; Android 7.0;) AppleWebKit/537.36 (KHTML, like Gecko) Mobile Safari/537.36 (compatible; PetalBot;+https://webmaster.petalsearch.com/site/petalbot)" "cyberdontic.com"
114.119.155.142 - - [18/Oct/2022:21:59:06 -0700] "GET /OSG/_vti_cnf HTTP/1.1" 301 1417 "http://www.cyberdontic.com/OSG?C=M%3BO%3DA" "Mozilla/5.0 (Linux; Android 7.0;) AppleWebKit/537.36 (KHTML, like Gecko) Mobile Safari/537.36 (compatible; PetalBot;+https://webmaster.petalsearch.com/site/petalbot)" "www.cyberdontic.com"
114.119.155.142 - - [18/Oct/2022:21:59:06 -0700] "GET /OSG/_vti_cnf/ HTTP/1.1" 200 388 "http://www.cyberdontic.com/OSG?C=M%3BO%3DA" "Mozilla/5.0 (Linux; Android 7.0;) AppleWebKit/537.36 (KHTML, like Gecko) Mobile Safari/537.36 (compatible; PetalBot;+https://webmaster.petalsearch.com/site/petalbot)" "www.cyberdontic.com"
54.36.148.138 - - [18/Oct/2022:22:03:48 -0700] "GET /robots.txt HTTP/1.1" 404 88 "-" "Mozilla/5.0 (compatible; AhrefsBot/7.0; +http://ahrefs.com/robot/)" "cyberdontic.com"
51.222.253.12 - - [18/Oct/2022:22:03:49 -0700] "GET /BISG/?C=S;O=D HTTP/1.1" 200 413 "-" "Mozilla/5.0 (compatible; AhrefsBot/7.0; +http://ahrefs.com/robot/)" "cyberdontic.com"
114.119.155.118 - - [18/Oct/2022:22:05:01 -0700] "GET /SS?C=S%3BO%3DA HTTP/1.1" 301 1420 "http://www.cyberdontic.com/SS?C=D%3BO%3DA" "Mozilla/5.0 (Linux; Android 7.0;) AppleWebKit/537.36 (KHTML, like Gecko) Mobile Safari/537.36 (compatible; PetalBot;+https://webmaster.petalsearch.com/site/petalbot)" "www.cyberdontic.com"
114.119.155.118 - - [18/Oct/2022:22:05:01 -0700] "GET /SS/?C=S%3BO%3DA HTTP/1.1" 200 492 "http://www.cyberdontic.com/SS?C=D%3BO%3DA" "Mozilla/5.0 (Linux; Android 7.0;) AppleWebKit/537.36 (KHTML, like Gecko) Mobile Safari/537.36 (compatible; PetalBot;+https://webmaster.petalsearch.com/site/petalbot)" "www.cyberdontic.com"
114.119.155.142 - - [18/Oct/2022:22:10:58 -0700] "GET /ce/Feb17_2015_files/?C=S%3BO%3DA HTTP/1.1" 200 630 "http://cyberdontic.com/ce/Feb17_2015_files?S=A" "Mozilla/5.0 (Linux; Android 7.0;) AppleWebKit/537.36 (KHTML, like Gecko) Mobile Safari/537.36 (compatible; PetalBot;+https://webmaster.petalsearch.com/site/petalbot)" "cyberdontic.com"
114.119.155.122 - - [18/Oct/2022:22:16:54 -0700] "GET /ce/Feb17_2015_files?S=D HTTP/1.1" 301 1423 "http://cyberdontic.com/ce/Feb17_2015_files?S=A" "Mozilla/5.0 (Linux; Android 7.0;) AppleWebKit/537.36 (KHTML, like Gecko) Mobile Safari/537.36 (compatible; PetalBot;+https://webmaster.petalsearch.com/site/petalbot)" "cyberdontic.com"
114.119.155.122 - - [18/Oct/2022:22:16:54 -0700] "GET /ce/Feb17_2015_files/?S=D HTTP/1.1" 200 630 "http://cyberdontic.com/ce/Feb17_2015_files?S=A" "Mozilla/5.0 (Linux; Android 7.0;) AppleWebKit/537.36 (KHTML, like Gecko) Mobile Safari/537.36 (compatible; PetalBot;+https://webmaster.petalsearch.com/site/petalbot)" "cyberdontic.com"
114.119.155.122 - - [18/Oct/2022:22:22:49 -0700] "GET /ce/FamilyDentistryImplantsandOrthodontics_files/?C=S%3BO%3DA HTTP/1.1" 200 619 "http://cyberdontic.com/ce/FamilyDentistryImplantsandOrthodontics_files/?C=D%3BO%3DA" "Mozilla/5.0 (Linux; Android 7.0;) AppleWebKit/537.36 (KHTML, like Gecko) Mobile Safari/537.36 (compatible; PetalBot;+https://webmaster.petalsearch.com/site/petalbot)" "cyberdontic.com"
114.119.155.126 - - [18/Oct/2022:22:28:41 -0700] "GET /Spanish/_vti_cnf/?C=D%3BO%3DA HTTP/1.1" 200 583 "http://www.cyberdontic.com/Spanish/_vti_cnf?C=S%3BO%3DA" "Mozilla/5.0 (Linux; Android 7.0;) AppleWebKit/537.36 (KHTML, like Gecko) Mobile Safari/537.36 (compatible; PetalBot;+https://webmaster.petalsearch.com/site/petalbot)" "www.cyberdontic.com"
114.119.155.121 - - [18/Oct/2022:22:34:40 -0700] "GET /education5.htm HTTP/1.1" 200 2661 "http://cyberdontic.com?C=M%3BO%3DA" "Mozilla/5.0 (Linux; Android 7.0;) AppleWebKit/537.36 (KHTML, like Gecko) Mobile Safari/537.36 (compatible; PetalBot;+https://webmaster.petalsearch.com/site/petalbot)" "cyberdontic.com"
114.119.155.118 - - [18/Oct/2022:22:40:33 -0700] "GET /OSG?D=A HTTP/1.1" 301 1411 "http://cyberdontic.com/OSG/?N=D" "Mozilla/5.0 (Linux; Android 7.0;) AppleWebKit/537.36 (KHTML, like Gecko) Mobile Safari/537.36 (compatible; PetalBot;+https://webmaster.petalsearch.com/site/petalbot)" "cyberdontic.com"
114.119.155.118 - - [18/Oct/2022:22:40:34 -0700] "GET /OSG/?D=A HTTP/1.1" 200 429 "http://cyberdontic.com/OSG/?N=D" "Mozilla/5.0 (Linux; Android 7.0;) AppleWebKit/537.36 (KHTML, like Gecko) Mobile Safari/537.36 (compatible; PetalBot;+https://webmaster.petalsearch.com/site/petalbot)" "cyberdontic.com"
114.119.155.122 - - [18/Oct/2022:22:46:26 -0700] "GET /ce/BISG_files?D=A HTTP/1.1" 301 1419 "http://cyberdontic.com/ce/BISG_files?M=D" "Mozilla/5.0 (Linux; Android 7.0;) AppleWebKit/537.36 (KHTML, like Gecko) Mobile Safari/537.36 (compatible; PetalBot;+https://webmaster.petalsearch.com/site/petalbot)" "cyberdontic.com"
114.119.155.122 - - [18/Oct/2022:22:46:26 -0700] "GET /ce/BISG_files/?D=A HTTP/1.1" 200 649 "http://cyberdontic.com/ce/BISG_files?M=D" "Mozilla/5.0 (Linux; Android 7.0;) AppleWebKit/537.36 (KHTML, like Gecko) Mobile Safari/537.36 (compatible; PetalBot;+https://webmaster.petalsearch.com/site/petalbot)" "cyberdontic.com"
157.55.39.126 - - [18/Oct/2022:23:00:40 -0700] "GET /orthodiagnosis/index_chat.htm HTTP/1.1" 200 1658 "-" "Mozilla/5.0 (compatible; bingbot/2.0; +http://www.bing.com/bingbot.htm)" "www.cyberdontic.com"
216.244.66.245 - - [18/Oct/2022:23:08:25 -0700] "GET /robots.txt HTTP/1.1" 404 73 "-" "Mozilla/5.0 (compatible; DotBot/1.2; +https://opensiteexplorer.org/dotbot; help@moz.com)" "www.cyberdontic.com"
216.244.66.245 - - [18/Oct/2022:23:08:25 -0700] "GET /robots.txt HTTP/1.1" 404 73 "-" "Mozilla/5.0 (compatible; DotBot/1.2; +https://opensiteexplorer.org/dotbot; help@moz.com)" "cyberdontic.com"
194.38.20.161 - - [18/Oct/2022:23:14:29 -0700] "GET /wp-content/themes/satoshi/styles/functions.css HTTP/1.1" 404 73 "-" "ALittle Client" "cyberdontic.com"
63.250.38.63 - - [18/Oct/2022:23:53:20 -0700] "GET /style.php?sig=rename HTTP/1.1" 404 73 "-" "Mozilla/5.0 (Linux; Android 10; SM-A505FN) AppleWebKit/537.36 (KHTML, like Gecko) Chrome/86.0.4240.99 Mobile Safari/537.36" "cyberdontic.com"
51.222.253.5 - - [18/Oct/2022:23:57:41 -0700] "GET /ce/CBCT_files/?C=N;O=D HTTP/1.1" 200 453 "-" "Mozilla/5.0 (compatible; AhrefsBot/7.0; +http://ahrefs.com/robot/)" "cyberdontic.com"
114.119.155.126 - - [18/Oct/2022:23:59:45 -0700] "GET /ce/FamilyDentistryImplantsandOrthodontics_files/?C=N%3BO%3DD HTTP/1.1" 200 619 "http://www.cyberdontic.com/ce/FamilyDentistryImplantsandOrthodontics_files?C=N%3BO%3DD" "Mozilla/5.0 (Linux; Android 7.0;) AppleWebKit/537.36 (KHTML, like Gecko) Mobile Safari/537.36 (compatible; PetalBot;+https://webmaster.petalsearch.com/site/petalbot)" "www.cyberdontic.com"
216.244.66.245 - - [19/Oct/2022:00:03:26 -0700] "GET /robots.txt HTTP/1.1" 404 73 "-" "Mozilla/5.0 (compatible; DotBot/1.2; +https://opensiteexplorer.org/dotbot; help@moz.com)" "www.cyberdontic.com"
216.244.66.245 - - [19/Oct/2022:00:03:26 -0700] "GET /robots.txt HTTP/1.1" 404 73 "-" "Mozilla/5.0 (compatible; DotBot/1.2; +https://opensiteexplorer.org/dotbot; help@moz.com)" "cyberdontic.com"
66.249.66.57 - - [19/Oct/2022:00:25:57 -0700] "GET /robots.txt HTTP/1.1" 404 88 "-" "Mozilla/5.0 (compatible; Googlebot/2.1; +http://www.google.com/bot.html)" "www.cyberdontic.com"
114.119.155.121 - - [19/Oct/2022:00:26:58 -0700] "GET /nydds4u/?C=M%3BO%3DA HTTP/1.1" 200 314 "http://cyberdontic.com/nydds4u?N=A" "Mozilla/5.0 (Linux; Android 7.0;) AppleWebKit/537.36 (KHTML, like Gecko) Mobile Safari/537.36 (compatible; PetalBot;+https://webmaster.petalsearch.com/site/petalbot)" "cyberdontic.com"
114.119.155.118 - - [19/Oct/2022:00:48:19 -0700] "GET /ce/MultiPhase_files?N=D HTTP/1.1" 301 1421 "http://cyberdontic.com/ce/MultiPhase_files" "Mozilla/5.0 (Linux; Android 7.0;) AppleWebKit/537.36 (KHTML, like Gecko) Mobile Safari/537.36 (compatible; PetalBot;+https://webmaster.petalsearch.com/site/petalbot)" "cyberdontic.com"
114.119.155.118 - - [19/Oct/2022:00:48:24 -0700] "GET /ce/MultiPhase_files/?N=D HTTP/1.1" 200 434 "http://cyberdontic.com/ce/MultiPhase_files" "Mozilla/5.0 (Linux; Android 7.0;) AppleWebKit/537.36 (KHTML, like Gecko) Mobile Safari/537.36 (compatible; PetalBot;+https://webmaster.petalsearch.com/site/petalbot)" "cyberdontic.com"
114.119.155.126 - - [19/Oct/2022:00:59:00 -0700] "GET /SS/_vti_cnf?C=M%3BO%3DA HTTP/1.1" 301 1426 "http://cyberdontic.com/SS/_vti_cnf?N=D" "Mozilla/5.0 (Linux; Android 7.0;) AppleWebKit/537.36 (KHTML, like Gecko) Mobile Safari/537.36 (compatible; PetalBot;+https://webmaster.petalsearch.com/site/petalbot)" "cyberdontic.com"
114.119.155.126 - - [19/Oct/2022:00:59:02 -0700] "GET /SS/_vti_cnf/?C=M%3BO%3DA HTTP/1.1" 200 465 "http://cyberdontic.com/SS/_vti_cnf?N=D" "Mozilla/5.0 (Linux; Android 7.0;) AppleWebKit/537.36 (KHTML, like Gecko) Mobile Safari/537.36 (compatible; PetalBot;+https://webmaster.petalsearch.com/site/petalbot)" "cyberdontic.com"
216.244.66.245 - - [19/Oct/2022:00:59:29 -0700] "GET /robots.txt HTTP/1.1" 404 73 "-" "Mozilla/5.0 (compatible; DotBot/1.2; +https://opensiteexplorer.org/dotbot; help@moz.com)" "www.cyberdontic.com"
216.244.66.245 - - [19/Oct/2022:00:59:30 -0700] "GET /robots.txt HTTP/1.1" 404 73 "-" "Mozilla/5.0 (compatible; DotBot/1.2; +https://opensiteexplorer.org/dotbot; help@moz.com)" "cyberdontic.com"
114.119.155.126 - - [19/Oct/2022:01:14:11 -0700] "GET /4urbraces/?C=D%3BO%3DA HTTP/1.1" 200 315 "https://cyberdontic.com/4urbraces?S=A" "Mozilla/5.0 (Linux; Android 7.0;) AppleWebKit/537.36 (KHTML, like Gecko) Mobile Safari/537.36 (compatible; PetalBot;+https://webmaster.petalsearch.com/site/petalbot)" "cyberdontic.com"
195.191.219.130 - - [19/Oct/2022:01:14:53 -0700] "GET /robots.txt HTTP/1.1" 404 73 "-" "Mozilla/5.0 (compatible; MJ12bot/v1.4.8; http://mj12bot.com/)" "www.cyberdontic.com"
195.191.219.130 - - [19/Oct/2022:01:14:54 -0700] "GET / HTTP/1.1" 200 1104 "-" "Mozilla/5.0 (compatible; MJ12bot/v1.4.8; http://mj12bot.com/)" "www.cyberdontic.com"
114.119.155.142 - - [19/Oct/2022:01:20:06 -0700] "GET /ce/OSG_files/?C=N%3BO%3DD HTTP/1.1" 200 624 "http://cyberdontic.com/ce/OSG_files?M=D" "Mozilla/5.0 (Linux; Android 7.0;) AppleWebKit/537.36 (KHTML, like Gecko) Mobile Safari/537.36 (compatible; PetalBot;+https://webmaster.petalsearch.com/site/petalbot)" "cyberdontic.com"
114.119.155.142 - - [19/Oct/2022:01:26:05 -0700] "GET /ce/Augmentation.htm HTTP/1.1" 200 2806 "http://www.cyberdontic.com/ce/?C=M%3BO%3DA" "Mozilla/5.0 (Linux; Android 7.0;) AppleWebKit/537.36 (KHTML, like Gecko) Mobile Safari/537.36 (compatible; PetalBot;+https://webmaster.petalsearch.com/site/petalbot)" "www.cyberdontic.com"
114.119.155.121 - - [19/Oct/2022:01:32:07 -0700] "GET /BISG?D=A HTTP/1.1" 301 1416 "http://cyberdontic.com/BISG?M=D" "Mozilla/5.0 (Linux; Android 7.0;) AppleWebKit/537.36 (KHTML, like Gecko) Mobile Safari/537.36 (compatible; PetalBot;+https://webmaster.petalsearch.com/site/petalbot)" "cyberdontic.com"
114.119.155.121 - - [19/Oct/2022:01:32:11 -0700] "GET /BISG/?D=A HTTP/1.1" 200 415 "http://cyberdontic.com/BISG?M=D" "Mozilla/5.0 (Linux; Android 7.0;) AppleWebKit/537.36 (KHTML, like Gecko) Mobile Safari/537.36 (compatible; PetalBot;+https://webmaster.petalsearch.com/site/petalbot)" "cyberdontic.com"
114.119.155.121 - - [19/Oct/2022:01:40:24 -0700] "GET /SS/_vti_cnf/ HTTP/1.1" 200 465 "http://cyberdontic.com/SS?S=D" "Mozilla/5.0 (Linux; Android 7.0;) AppleWebKit/537.36 (KHTML, like Gecko) Mobile Safari/537.36 (compatible; PetalBot;+https://webmaster.petalsearch.com/site/petalbot)" "cyberdontic.com"
114.119.155.121 - - [19/Oct/2022:01:51:05 -0700] "GET /ce/GuidedSurgery.htm HTTP/1.1" 200 2508 "http://www.cyberdontic.com/ce/?C=M%3BO%3DA" "Mozilla/5.0 (Linux; Android 7.0;) AppleWebKit/537.36 (KHTML, like Gecko) Mobile Safari/537.36 (compatible; PetalBot;+https://webmaster.petalsearch.com/site/petalbot)" "www.cyberdontic.com"
114.119.155.118 - - [19/Oct/2022:01:57:04 -0700] "GET /ce/FamilyDentistryImplantsandOrthodontics_files?M=D HTTP/1.1" 301 1438 "http://cyberdontic.com/ce/FamilyDentistryImplantsandOrthodontics_files?M=A" "Mozilla/5.0 (Linux; Android 7.0;) AppleWebKit/537.36 (KHTML, like Gecko) Mobile Safari/537.36 (compatible; PetalBot;+https://webmaster.petalsearch.com/site/petalbot)" "cyberdontic.com"
114.119.155.118 - - [19/Oct/2022:01:57:04 -0700] "GET /ce/FamilyDentistryImplantsandOrthodontics_files/?M=D HTTP/1.1" 200 619 "http://cyberdontic.com/ce/FamilyDentistryImplantsandOrthodontics_files?M=A" "Mozilla/5.0 (Linux; Android 7.0;) AppleWebKit/537.36 (KHTML, like Gecko) Mobile Safari/537.36 (compatible; PetalBot;+https://webmaster.petalsearch.com/site/petalbot)" "cyberdontic.com"
114.119.155.122 - - [19/Oct/2022:02:03:01 -0700] "GET /StudyGroups_files/?C=D%3BO%3DA HTTP/1.1" 200 398 "https://cyberdontic.com/StudyGroups_files?C=D%3BO%3DA" "Mozilla/5.0 (Linux; Android 7.0;) AppleWebKit/537.36 (KHTML, like Gecko) Mobile Safari/537.36 (compatible; PetalBot;+https://webmaster.petalsearch.com/site/petalbot)" "cyberdontic.com"
114.119.155.118 - - [19/Oct/2022:02:14:57 -0700] "GET /SS/_vti_cnf?M=D HTTP/1.1" 301 1422 "http://cyberdontic.com/SS/_vti_cnf?M=A" "Mozilla/5.0 (Linux; Android 7.0;) AppleWebKit/537.36 (KHTML, like Gecko) Mobile Safari/537.36 (compatible; PetalBot;+https://webmaster.petalsearch.com/site/petalbot)" "cyberdontic.com"
114.119.155.118 - - [19/Oct/2022:02:15:10 -0700] "GET /SS/_vti_cnf/?M=D HTTP/1.1" 200 465 "http://cyberdontic.com/SS/_vti_cnf?M=A" "Mozilla/5.0 (Linux; Android 7.0;) AppleWebKit/537.36 (KHTML, like Gecko) Mobile Safari/537.36 (compatible; PetalBot;+https://webmaster.petalsearch.com/site/petalbot)" "cyberdontic.com"
114.119.155.126 - - [19/Oct/2022:02:20:42 -0700] "GET /ce/education5_files?D=A HTTP/1.1" 301 1420 "http://cyberdontic.com/ce/education5_files?M=D" "Mozilla/5.0 (Linux; Android 7.0;) AppleWebKit/537.36 (KHTML, like Gecko) Mobile Safari/537.36 (compatible; PetalBot;+https://webmaster.petalsearch.com/site/petalbot)" "cyberdontic.com"
114.119.155.126 - - [19/Oct/2022:02:20:42 -0700] "GET /ce/education5_files/?D=A HTTP/1.1" 200 442 "http://cyberdontic.com/ce/education5_files?M=D" "Mozilla/5.0 (Linux; Android 7.0;) AppleWebKit/537.36 (KHTML, like Gecko) Mobile Safari/537.36 (compatible; PetalBot;+https://webmaster.petalsearch.com/site/petalbot)" "cyberdontic.com"
66.249.66.11 - - [19/Oct/2022:02:22:49 -0700] "GET /ads.txt HTTP/1.1" 404 88 "-" "Mozilla/5.0 (compatible; Googlebot/2.1; +http://www.google.com/bot.html)" "cyberdontic.com"
114.119.155.118 - - [19/Oct/2022:02:26:38 -0700] "GET /ce/ImplantResidency.mailstyler HTTP/1.1" 200 23913 "http://www.cyberdontic.com/ce/?C=M%3BO%3DA" "Mozilla/5.0 (Linux; Android 7.0;) AppleWebKit/537.36 (KHTML, like Gecko) Mobile Safari/537.36 (compatible; PetalBot;+https://webmaster.petalsearch.com/site/petalbot)" "www.cyberdontic.com"
114.119.155.121 - - [19/Oct/2022:02:32:34 -0700] "GET /BISG_files?C=N%3BO%3DD HTTP/1.1" 301 1428 "http://www.cyberdontic.com/BISG_files" "Mozilla/5.0 (Linux; Android 7.0;) AppleWebKit/537.36 (KHTML, like Gecko) Mobile Safari/537.36 (compatible; PetalBot;+https://webmaster.petalsearch.com/site/petalbot)" "www.cyberdontic.com"
114.119.155.121 - - [19/Oct/2022:02:32:38 -0700] "GET /BISG_files/?C=N%3BO%3DD HTTP/1.1" 200 446 "http://www.cyberdontic.com/BISG_files" "Mozilla/5.0 (Linux; Android 7.0;) AppleWebKit/537.36 (KHTML, like Gecko) Mobile Safari/537.36 (compatible; PetalBot;+https://webmaster.petalsearch.com/site/petalbot)" "www.cyberdontic.com"
114.119.155.122 - - [19/Oct/2022:02:38:30 -0700] "GET /ce/register_files HTTP/1.1" 301 1415 "http://cyberdontic.com/ce" "Mozilla/5.0 (Linux; Android 7.0;) AppleWebKit/537.36 (KHTML, like Gecko) Mobile Safari/537.36 (compatible; PetalBot;+https://webmaster.petalsearch.com/site/petalbot)" "cyberdontic.com"
114.119.155.122 - - [19/Oct/2022:02:38:35 -0700] "GET /ce/register_files/ HTTP/1.1" 200 451 "http://cyberdontic.com/ce" "Mozilla/5.0 (Linux; Android 7.0;) AppleWebKit/537.36 (KHTML, like Gecko) Mobile Safari/537.36 (compatible; PetalBot;+https://webmaster.petalsearch.com/site/petalbot)" "cyberdontic.com"
114.119.155.121 - - [19/Oct/2022:02:44:26 -0700] "GET /ce/MultiPhase_files?C=M%3BO%3DA HTTP/1.1" 301 1432 "http://www.cyberdontic.com/ce/MultiPhase_files?C=N%3BO%3DD" "Mozilla/5.0 (Linux; Android 7.0;) AppleWebKit/537.36 (KHTML, like Gecko) Mobile Safari/537.36 (compatible; PetalBot;+https://webmaster.petalsearch.com/site/petalbot)" "www.cyberdontic.com"
114.119.155.121 - - [19/Oct/2022:02:44:28 -0700] "GET /ce/MultiPhase_files/?C=M%3BO%3DA HTTP/1.1" 200 434 "http://www.cyberdontic.com/ce/MultiPhase_files?C=N%3BO%3DD" "Mozilla/5.0 (Linux; Android 7.0;) AppleWebKit/537.36 (KHTML, like Gecko) Mobile Safari/537.36 (compatible; PetalBot;+https://webmaster.petalsearch.com/site/petalbot)" "www.cyberdontic.com"
216.244.66.245 - - [19/Oct/2022:02:47:25 -0700] "GET /robots.txt HTTP/1.1" 404 73 "-" "Mozilla/5.0 (compatible; DotBot/1.2; +https://opensiteexplorer.org/dotbot; help@moz.com)" "cyberdontic.com"
216.244.66.245 - - [19/Oct/2022:02:47:25 -0700] "GET /robots.txt HTTP/1.1" 404 73 "-" "Mozilla/5.0 (compatible; DotBot/1.2; +https://opensiteexplorer.org/dotbot; help@moz.com)" "www.cyberdontic.com"
157.55.39.22 - - [19/Oct/2022:02:48:38 -0700] "GET / HTTP/1.1" 200 1104 "-" "Mozilla/5.0 (compatible; bingbot/2.0; +http://www.bing.com/bingbot.htm)" "cyberdontic.com"
114.119.155.142 - - [19/Oct/2022:02:50:23 -0700] "GET /ce/BISG_files?S=A HTTP/1.1" 301 1419 "http://cyberdontic.com/ce/BISG_files?M=D" "Mozilla/5.0 (Linux; Android 7.0;) AppleWebKit/537.36 (KHTML, like Gecko) Mobile Safari/537.36 (compatible; PetalBot;+https://webmaster.petalsearch.com/site/petalbot)" "cyberdontic.com"
114.119.155.142 - - [19/Oct/2022:02:50:26 -0700] "GET /ce/BISG_files/?S=A HTTP/1.1" 200 649 "http://cyberdontic.com/ce/BISG_files?M=D" "Mozilla/5.0 (Linux; Android 7.0;) AppleWebKit/537.36 (KHTML, like Gecko) Mobile Safari/537.36 (compatible; PetalBot;+https://webmaster.petalsearch.com/site/petalbot)" "cyberdontic.com"
114.119.155.126 - - [19/Oct/2022:02:56:13 -0700] "GET /BISG_files?S=D HTTP/1.1" 301 1417 "http://cyberdontic.com/BISG_files?S=A" "Mozilla/5.0 (Linux; Android 7.0;) AppleWebKit/537.36 (KHTML, like Gecko) Mobile Safari/537.36 (compatible; PetalBot;+https://webmaster.petalsearch.com/site/petalbot)" "cyberdontic.com"
114.119.155.126 - - [19/Oct/2022:02:56:13 -0700] "GET /BISG_files/?S=D HTTP/1.1" 200 446 "http://cyberdontic.com/BISG_files?S=A" "Mozilla/5.0 (Linux; Android 7.0;) AppleWebKit/537.36 (KHTML, like Gecko) Mobile Safari/537.36 (compatible; PetalBot;+https://webmaster.petalsearch.com/site/petalbot)" "cyberdontic.com"
