114.119.155.142 - - [19/Oct/2022:03:02:00 -0700] "GET /ce/Feb17_2015_files?C=N%3BO%3DD HTTP/1.1" 301 1434 "http://www.cyberdontic.com/ce/Feb17_2015_files?C=M%3BO%3DA" "Mozilla/5.0 (Linux; Android 7.0;) AppleWebKit/537.36 (KHTML, like Gecko) Mobile Safari/537.36 (compatible; PetalBot;+https://webmaster.petalsearch.com/site/petalbot)" "www.cyberdontic.com"
114.119.155.142 - - [19/Oct/2022:03:08:04 -0700] "GET /Spanish/_vti_cnf?N=A HTTP/1.1" 301 1425 "https://cyberdontic.com/Spanish/_vti_cnf?M=D" "Mozilla/5.0 (Linux; Android 7.0;) AppleWebKit/537.36 (KHTML, like Gecko) Mobile Safari/537.36 (compatible; PetalBot;+https://webmaster.petalsearch.com/site/petalbot)" "cyberdontic.com"
114.119.155.142 - - [19/Oct/2022:03:08:05 -0700] "GET /Spanish/_vti_cnf/?N=A HTTP/1.1" 200 583 "https://cyberdontic.com/Spanish/_vti_cnf?M=D" "Mozilla/5.0 (Linux; Android 7.0;) AppleWebKit/537.36 (KHTML, like Gecko) Mobile Safari/537.36 (compatible; PetalBot;+https://webmaster.petalsearch.com/site/petalbot)" "cyberdontic.com"
114.119.155.126 - - [19/Oct/2022:03:13:59 -0700] "GET /ce/GuidedSurgery_files/?C=N%3BO%3DD HTTP/1.1" 200 444 "http://www.cyberdontic.com/ce/GuidedSurgery_files/" "Mozilla/5.0 (Linux; Android 7.0;) AppleWebKit/537.36 (KHTML, like Gecko) Mobile Safari/537.36 (compatible; PetalBot;+https://webmaster.petalsearch.com/site/petalbot)" "www.cyberdontic.com"
114.119.155.121 - - [19/Oct/2022:03:19:57 -0700] "GET /sound/ HTTP/1.1" 200 444 "https://cyberdontic.com/?C=M%3BO%3DA" "Mozilla/5.0 (Linux; Android 7.0;) AppleWebKit/537.36 (KHTML, like Gecko) Mobile Safari/537.36 (compatible; PetalBot;+https://webmaster.petalsearch.com/site/petalbot)" "cyberdontic.com"
216.244.66.245 - - [19/Oct/2022:03:22:21 -0700] "GET /guestbook.htm HTTP/1.1" 200 - "-" "Mozilla/5.0 (compatible; DotBot/1.2; +https://opensiteexplorer.org/dotbot; help@moz.com)" "cyberdontic.com"
114.119.155.122 - - [19/Oct/2022:03:25:50 -0700] "GET /OSG_files/?C=M%3BO%3DA HTTP/1.1" 200 465 "http://cyberdontic.com/OSG_files?D=A" "Mozilla/5.0 (Linux; Android 7.0;) AppleWebKit/537.36 (KHTML, like Gecko) Mobile Safari/537.36 (compatible; PetalBot;+https://webmaster.petalsearch.com/site/petalbot)" "cyberdontic.com"
114.119.155.118 - - [19/Oct/2022:03:31:46 -0700] "GET /SS?N=D HTTP/1.1" 301 1409 "http://cyberdontic.com/SS?N=A" "Mozilla/5.0 (Linux; Android 7.0;) AppleWebKit/537.36 (KHTML, like Gecko) Mobile Safari/537.36 (compatible; PetalBot;+https://webmaster.petalsearch.com/site/petalbot)" "cyberdontic.com"
114.119.155.118 - - [19/Oct/2022:03:31:47 -0700] "GET /SS/?N=D HTTP/1.1" 200 492 "http://cyberdontic.com/SS?N=A" "Mozilla/5.0 (Linux; Android 7.0;) AppleWebKit/537.36 (KHTML, like Gecko) Mobile Safari/537.36 (compatible; PetalBot;+https://webmaster.petalsearch.com/site/petalbot)" "cyberdontic.com"
114.119.155.118 - - [19/Oct/2022:03:37:41 -0700] "GET /ce/BISG_files?C=M%3BO%3DA HTTP/1.1" 301 1430 "http://www.cyberdontic.com/ce/BISG_files?C=D%3BO%3DA" "Mozilla/5.0 (Linux; Android 7.0;) AppleWebKit/537.36 (KHTML, like Gecko) Mobile Safari/537.36 (compatible; PetalBot;+https://webmaster.petalsearch.com/site/petalbot)" "www.cyberdontic.com"
114.119.155.118 - - [19/Oct/2022:03:37:42 -0700] "GET /ce/BISG_files/?C=M%3BO%3DA HTTP/1.1" 200 649 "http://www.cyberdontic.com/ce/BISG_files?C=D%3BO%3DA" "Mozilla/5.0 (Linux; Android 7.0;) AppleWebKit/537.36 (KHTML, like Gecko) Mobile Safari/537.36 (compatible; PetalBot;+https://webmaster.petalsearch.com/site/petalbot)" "www.cyberdontic.com"
49.7.20.155 - - [19/Oct/2022:03:42:38 -0700] "GET / HTTP/1.1" 200 1104 "-" "Sogou web spider/4.0(+http://www.sogou.com/docs/help/webmasters.htm#07)" "www.cyberdontic.com"
114.119.155.121 - - [19/Oct/2022:03:43:44 -0700] "GET /ce/ImmediatePlacement_files?D=D HTTP/1.1" 301 1425 "http://cyberdontic.com/ce/ImmediatePlacement_files?D=A" "Mozilla/5.0 (Linux; Android 7.0;) AppleWebKit/537.36 (KHTML, like Gecko) Mobile Safari/537.36 (compatible; PetalBot;+https://webmaster.petalsearch.com/site/petalbot)" "cyberdontic.com"
114.119.155.121 - - [19/Oct/2022:03:43:45 -0700] "GET /ce/ImmediatePlacement_files/?D=D HTTP/1.1" 200 566 "http://cyberdontic.com/ce/ImmediatePlacement_files?D=A" "Mozilla/5.0 (Linux; Android 7.0;) AppleWebKit/537.36 (KHTML, like Gecko) Mobile Safari/537.36 (compatible; PetalBot;+https://webmaster.petalsearch.com/site/petalbot)" "cyberdontic.com"
114.119.155.118 - - [19/Oct/2022:03:49:43 -0700] "GET /ce/?C=D%3BO%3DA HTTP/1.1" 200 1260 "http://cyberdontic.com/ce?C=D%3BO%3DA" "Mozilla/5.0 (Linux; Android 7.0;) AppleWebKit/537.36 (KHTML, like Gecko) Mobile Safari/537.36 (compatible; PetalBot;+https://webmaster.petalsearch.com/site/petalbot)" "cyberdontic.com"
114.119.155.122 - - [19/Oct/2022:03:55:40 -0700] "GET /ce/ClinicalOrthodontic_files?C=M%3BO%3DA HTTP/1.1" 301 1434 "http://cyberdontic.com/ce/ClinicalOrthodontic_files?N=A" "Mozilla/5.0 (Linux; Android 7.0;) AppleWebKit/537.36 (KHTML, like Gecko) Mobile Safari/537.36 (compatible; PetalBot;+https://webmaster.petalsearch.com/site/petalbot)" "cyberdontic.com"
114.119.155.122 - - [19/Oct/2022:03:55:43 -0700] "GET /ce/ClinicalOrthodontic_files/?C=M%3BO%3DA HTTP/1.1" 200 428 "http://cyberdontic.com/ce/ClinicalOrthodontic_files?N=A" "Mozilla/5.0 (Linux; Android 7.0;) AppleWebKit/537.36 (KHTML, like Gecko) Mobile Safari/537.36 (compatible; PetalBot;+https://webmaster.petalsearch.com/site/petalbot)" "cyberdontic.com"
114.119.155.121 - - [19/Oct/2022:04:01:43 -0700] "GET /BISG/?C=D%3BO%3DA HTTP/1.1" 200 415 "http://cyberdontic.com/BISG" "Mozilla/5.0 (Linux; Android 7.0;) AppleWebKit/537.36 (KHTML, like Gecko) Mobile Safari/537.36 (compatible; PetalBot;+https://webmaster.petalsearch.com/site/petalbot)" "cyberdontic.com"
114.119.155.122 - - [19/Oct/2022:04:07:38 -0700] "GET /ce/Augmentation_files?S=A HTTP/1.1" 301 1420 "http://cyberdontic.com/ce/Augmentation_files?N=D" "Mozilla/5.0 (Linux; Android 7.0;) AppleWebKit/537.36 (KHTML, like Gecko) Mobile Safari/537.36 (compatible; PetalBot;+https://webmaster.petalsearch.com/site/petalbot)" "cyberdontic.com"
114.119.155.122 - - [19/Oct/2022:04:07:39 -0700] "GET /ce/Augmentation_files/?S=A HTTP/1.1" 200 437 "http://cyberdontic.com/ce/Augmentation_files?N=D" "Mozilla/5.0 (Linux; Android 7.0;) AppleWebKit/537.36 (KHTML, like Gecko) Mobile Safari/537.36 (compatible; PetalBot;+https://webmaster.petalsearch.com/site/petalbot)" "cyberdontic.com"
66.249.66.30 - - [19/Oct/2022:04:11:07 -0700] "GET /robots.txt HTTP/1.1" 404 88 "-" "Mozilla/5.0 (compatible; Googlebot/2.1; +http://www.google.com/bot.html)" "cyberdontic.com"
66.249.66.26 - - [19/Oct/2022:04:11:41 -0700] "GET /ads.txt HTTP/1.1" 404 88 "-" "Mozilla/5.0 (compatible; Googlebot/2.1; +http://www.google.com/bot.html)" "cyberdontic.com"
114.119.155.121 - - [19/Oct/2022:04:13:33 -0700] "GET /MultiPhase_files/?C=M%3BO%3DA HTTP/1.1" 200 429 "http://cyberdontic.com/MultiPhase_files/?C=D%3BO%3DA" "Mozilla/5.0 (Linux; Android 7.0;) AppleWebKit/537.36 (KHTML, like Gecko) Mobile Safari/537.36 (compatible; PetalBot;+https://webmaster.petalsearch.com/site/petalbot)" "cyberdontic.com"
128.199.156.161 - - [19/Oct/2022:04:19:21 -0700] "GET /wp-includes/wlwmanifest.xml HTTP/1.1" 404 88 "-" "python-requests/2.27.1" "cyberdontic.com"
128.199.156.161 - - [19/Oct/2022:04:19:22 -0700] "GET /administrator/index.php HTTP/1.1" 404 88 "-" "python-requests/2.27.1" "cyberdontic.com"
128.199.156.161 - - [19/Oct/2022:04:19:23 -0700] "GET /view-source: HTTP/1.1" 404 88 "-" "python-requests/2.27.1" "cyberdontic.com"
128.199.156.161 - - [19/Oct/2022:04:19:23 -0700] "GET /misc/ajax.js HTTP/1.1" 404 88 "-" "python-requests/2.27.1" "cyberdontic.com"
114.119.155.142 - - [19/Oct/2022:04:19:25 -0700] "GET /CBCT_files/ HTTP/1.1" 200 450 "https://cyberdontic.com/?C=M%3BO%3DA" "Mozilla/5.0 (Linux; Android 7.0;) AppleWebKit/537.36 (KHTML, like Gecko) Mobile Safari/537.36 (compatible; PetalBot;+https://webmaster.petalsearch.com/site/petalbot)" "cyberdontic.com"
114.119.155.121 - - [19/Oct/2022:04:31:16 -0700] "GET /Spanish/_vti_cnf/?C=M%3BO%3DA HTTP/1.1" 200 583 "https://cyberdontic.com/Spanish/_vti_cnf?S=A" "Mozilla/5.0 (Linux; Android 7.0;) AppleWebKit/537.36 (KHTML, like Gecko) Mobile Safari/537.36 (compatible; PetalBot;+https://webmaster.petalsearch.com/site/petalbot)" "cyberdontic.com"
114.119.155.118 - - [19/Oct/2022:04:37:13 -0700] "GET /SS/_vti_cnf?C=D%3BO%3DA HTTP/1.1" 301 1428 "http://www.cyberdontic.com/SS/_vti_cnf?C=M%3BO%3DA" "Mozilla/5.0 (Linux; Android 7.0;) AppleWebKit/537.36 (KHTML, like Gecko) Mobile Safari/537.36 (compatible; PetalBot;+https://webmaster.petalsearch.com/site/petalbot)" "www.cyberdontic.com"
114.119.155.118 - - [19/Oct/2022:04:37:14 -0700] "GET /SS/_vti_cnf/?C=D%3BO%3DA HTTP/1.1" 200 465 "http://www.cyberdontic.com/SS/_vti_cnf?C=M%3BO%3DA" "Mozilla/5.0 (Linux; Android 7.0;) AppleWebKit/537.36 (KHTML, like Gecko) Mobile Safari/537.36 (compatible; PetalBot;+https://webmaster.petalsearch.com/site/petalbot)" "www.cyberdontic.com"
216.244.66.245 - - [19/Oct/2022:04:37:53 -0700] "GET /robots.txt HTTP/1.1" 404 73 "-" "Mozilla/5.0 (compatible; DotBot/1.2; +https://opensiteexplorer.org/dotbot; help@moz.com)" "cyberdontic.com"
216.244.66.245 - - [19/Oct/2022:04:37:53 -0700] "GET /robots.txt HTTP/1.1" 404 73 "-" "Mozilla/5.0 (compatible; DotBot/1.2; +https://opensiteexplorer.org/dotbot; help@moz.com)" "www.cyberdontic.com"
114.119.155.118 - - [19/Oct/2022:04:43:08 -0700] "GET /Spanish/_vti_cnf?C=M%3BO%3DA HTTP/1.1" 301 1431 "http://www.cyberdontic.com/Spanish/_vti_cnf?C=D%3BO%3DA" "Mozilla/5.0 (Linux; Android 7.0;) AppleWebKit/537.36 (KHTML, like Gecko) Mobile Safari/537.36 (compatible; PetalBot;+https://webmaster.petalsearch.com/site/petalbot)" "www.cyberdontic.com"
114.119.155.118 - - [19/Oct/2022:04:43:10 -0700] "GET /Spanish/_vti_cnf/?C=M%3BO%3DA HTTP/1.1" 200 583 "http://www.cyberdontic.com/Spanish/_vti_cnf?C=D%3BO%3DA" "Mozilla/5.0 (Linux; Android 7.0;) AppleWebKit/537.36 (KHTML, like Gecko) Mobile Safari/537.36 (compatible; PetalBot;+https://webmaster.petalsearch.com/site/petalbot)" "www.cyberdontic.com"
114.119.155.118 - - [19/Oct/2022:04:49:04 -0700] "GET /OSG_files HTTP/1.1" 301 1414 "http://www.cyberdontic.com?C=D%3BO%3DA" "Mozilla/5.0 (Linux; Android 7.0;) AppleWebKit/537.36 (KHTML, like Gecko) Mobile Safari/537.36 (compatible; PetalBot;+https://webmaster.petalsearch.com/site/petalbot)" "www.cyberdontic.com"
114.119.155.118 - - [19/Oct/2022:04:49:11 -0700] "GET /OSG_files/ HTTP/1.1" 200 465 "http://www.cyberdontic.com?C=D%3BO%3DA" "Mozilla/5.0 (Linux; Android 7.0;) AppleWebKit/537.36 (KHTML, like Gecko) Mobile Safari/537.36 (compatible; PetalBot;+https://webmaster.petalsearch.com/site/petalbot)" "www.cyberdontic.com"
118.184.177.95 - - [19/Oct/2022:04:53:00 -0700] "GET / HTTP/1.1" 200 1104 "-" "Sogou web spider/4.0(+http://www.sogou.com/docs/help/webmasters.htm#07)" "cyberdontic.com"
5.255.231.246 - - [19/Oct/2022:04:53:53 -0700] "GET /robots.txt HTTP/1.1" 404 73 "-" "Mozilla/5.0 (compatible; YandexBot/3.0; +http://yandex.com/bots)" "cyberdontic.com"
87.250.224.172 - - [19/Oct/2022:04:53:57 -0700] "GET /OSG/_vti_cnf/OSGPay.htm HTTP/1.1" 200 590 "-" "Mozilla/5.0 (compatible; YandexBot/3.0; +http://yandex.com/bots)" "cyberdontic.com"
114.119.155.118 - - [19/Oct/2022:04:55:01 -0700] "GET /Spanish/_overlay?M=D HTTP/1.1" 301 1423 "http://cyberdontic.com/Spanish/_overlay?M=A" "Mozilla/5.0 (Linux; Android 7.0;) AppleWebKit/537.36 (KHTML, like Gecko) Mobile Safari/537.36 (compatible; PetalBot;+https://webmaster.petalsearch.com/site/petalbot)" "cyberdontic.com"
114.119.155.118 - - [19/Oct/2022:04:55:06 -0700] "GET /Spanish/_overlay/?M=D HTTP/1.1" 200 390 "http://cyberdontic.com/Spanish/_overlay?M=A" "Mozilla/5.0 (Linux; Android 7.0;) AppleWebKit/537.36 (KHTML, like Gecko) Mobile Safari/537.36 (compatible; PetalBot;+https://webmaster.petalsearch.com/site/petalbot)" "cyberdontic.com"
114.119.155.118 - - [19/Oct/2022:05:04:33 -0700] "GET /ce/FamilyDentistryImplantsandOrthodontics_files?C=D%3BO%3DA HTTP/1.1" 301 1449 "http://www.cyberdontic.com/ce/FamilyDentistryImplantsandOrthodontics_files?C=S%3BO%3DA" "Mozilla/5.0 (Linux; Android 7.0;) AppleWebKit/537.36 (KHTML, like Gecko) Mobile Safari/537.36 (compatible; PetalBot;+https://webmaster.petalsearch.com/site/petalbot)" "www.cyberdontic.com"
114.119.155.118 - - [19/Oct/2022:05:04:33 -0700] "GET /ce/FamilyDentistryImplantsandOrthodontics_files/?C=D%3BO%3DA HTTP/1.1" 200 619 "http://www.cyberdontic.com/ce/FamilyDentistryImplantsandOrthodontics_files?C=S%3BO%3DA" "Mozilla/5.0 (Linux; Android 7.0;) AppleWebKit/537.36 (KHTML, like Gecko) Mobile Safari/537.36 (compatible; PetalBot;+https://webmaster.petalsearch.com/site/petalbot)" "www.cyberdontic.com"
114.119.155.142 - - [19/Oct/2022:05:10:50 -0700] "GET /nydds4u?C=S%3BO%3DA HTTP/1.1" 301 1421 "http://cyberdontic.com/nydds4u?M=A" "Mozilla/5.0 (Linux; Android 7.0;) AppleWebKit/537.36 (KHTML, like Gecko) Mobile Safari/537.36 (compatible; PetalBot;+https://webmaster.petalsearch.com/site/petalbot)" "cyberdontic.com"
114.119.155.142 - - [19/Oct/2022:05:10:51 -0700] "GET /nydds4u/?C=S%3BO%3DA HTTP/1.1" 200 314 "http://cyberdontic.com/nydds4u?M=A" "Mozilla/5.0 (Linux; Android 7.0;) AppleWebKit/537.36 (KHTML, like Gecko) Mobile Safari/537.36 (compatible; PetalBot;+https://webmaster.petalsearch.com/site/petalbot)" "cyberdontic.com"
114.119.155.122 - - [19/Oct/2022:05:17:17 -0700] "GET /Spanish/_derived?S=D HTTP/1.1" 301 1423 "https://cyberdontic.com/Spanish/_derived?S=A" "Mozilla/5.0 (Linux; Android 7.0;) AppleWebKit/537.36 (KHTML, like Gecko) Mobile Safari/537.36 (compatible; PetalBot;+https://webmaster.petalsearch.com/site/petalbot)" "cyberdontic.com"
114.119.155.122 - - [19/Oct/2022:05:17:18 -0700] "GET /Spanish/_derived/?S=D HTTP/1.1" 200 426 "https://cyberdontic.com/Spanish/_derived?S=A" "Mozilla/5.0 (Linux; Android 7.0;) AppleWebKit/537.36 (KHTML, like Gecko) Mobile Safari/537.36 (compatible; PetalBot;+https://webmaster.petalsearch.com/site/petalbot)" "cyberdontic.com"
114.119.155.126 - - [19/Oct/2022:05:23:46 -0700] "GET /Spanish/_vti_cnf?D=A HTTP/1.1" 301 1425 "https://cyberdontic.com/Spanish/_vti_cnf?M=D" "Mozilla/5.0 (Linux; Android 7.0;) AppleWebKit/537.36 (KHTML, like Gecko) Mobile Safari/537.36 (compatible; PetalBot;+https://webmaster.petalsearch.com/site/petalbot)" "cyberdontic.com"
114.119.155.126 - - [19/Oct/2022:05:23:48 -0700] "GET /Spanish/_vti_cnf/?D=A HTTP/1.1" 200 583 "https://cyberdontic.com/Spanish/_vti_cnf?M=D" "Mozilla/5.0 (Linux; Android 7.0;) AppleWebKit/537.36 (KHTML, like Gecko) Mobile Safari/537.36 (compatible; PetalBot;+https://webmaster.petalsearch.com/site/petalbot)" "cyberdontic.com"
114.119.155.126 - - [19/Oct/2022:05:30:19 -0700] "GET /ce/Webinars_files?C=M%3BO%3DA HTTP/1.1" 301 1430 "http://www.cyberdontic.com/ce/Webinars_files?C=S%3BO%3DA" "Mozilla/5.0 (Linux; Android 7.0;) AppleWebKit/537.36 (KHTML, like Gecko) Mobile Safari/537.36 (compatible; PetalBot;+https://webmaster.petalsearch.com/site/petalbot)" "www.cyberdontic.com"
114.119.155.126 - - [19/Oct/2022:05:30:21 -0700] "GET /ce/Webinars_files/?C=M%3BO%3DA HTTP/1.1" 200 399 "http://www.cyberdontic.com/ce/Webinars_files?C=S%3BO%3DA" "Mozilla/5.0 (Linux; Android 7.0;) AppleWebKit/537.36 (KHTML, like Gecko) Mobile Safari/537.36 (compatible; PetalBot;+https://webmaster.petalsearch.com/site/petalbot)" "www.cyberdontic.com"
114.119.155.122 - - [19/Oct/2022:05:36:47 -0700] "GET /ce/GuidedSurgery_files/?C=S%3BO%3DA HTTP/1.1" 200 444 "http://www.cyberdontic.com/ce/GuidedSurgery_files/" "Mozilla/5.0 (Linux; Android 7.0;) AppleWebKit/537.36 (KHTML, like Gecko) Mobile Safari/537.36 (compatible; PetalBot;+https://webmaster.petalsearch.com/site/petalbot)" "www.cyberdontic.com"
87.250.224.146 - - [19/Oct/2022:05:41:56 -0700] "GET /robots.txt HTTP/1.1" 404 73 "-" "Mozilla/5.0 (compatible; YandexBot/3.0; +http://yandex.com/bots)" "www.cyberdontic.com"
87.250.224.53 - - [19/Oct/2022:05:41:56 -0700] "GET /robots.txt HTTP/1.1" 404 73 "-" "Mozilla/5.0 (compatible; YandexBot/3.0; +http://yandex.com/bots)" "www.cyberdontic.com"
87.250.224.110 - - [19/Oct/2022:05:42:00 -0700] "GET / HTTP/1.1" 200 1104 "-" "Mozilla/5.0 (compatible; YandexBot/3.0; +http://yandex.com/bots)" "www.cyberdontic.com"
5.255.231.250 - - [19/Oct/2022:05:42:00 -0700] "GET / HTTP/1.1" 200 1104 "-" "Mozilla/5.0 (compatible; YandexBot/3.0; +http://yandex.com/bots)" "www.cyberdontic.com"
114.119.155.121 - - [19/Oct/2022:05:43:05 -0700] "GET /ce/ClinicalOrthodontic_files?C=N%3BO%3DD HTTP/1.1" 301 1434 "http://cyberdontic.com/ce/ClinicalOrthodontic_files?N=A" "Mozilla/5.0 (Linux; Android 7.0;) AppleWebKit/537.36 (KHTML, like Gecko) Mobile Safari/537.36 (compatible; PetalBot;+https://webmaster.petalsearch.com/site/petalbot)" "cyberdontic.com"
114.119.155.121 - - [19/Oct/2022:05:43:06 -0700] "GET /ce/ClinicalOrthodontic_files/?C=N%3BO%3DD HTTP/1.1" 200 428 "http://cyberdontic.com/ce/ClinicalOrthodontic_files?N=A" "Mozilla/5.0 (Linux; Android 7.0;) AppleWebKit/537.36 (KHTML, like Gecko) Mobile Safari/537.36 (compatible; PetalBot;+https://webmaster.petalsearch.com/site/petalbot)" "cyberdontic.com"
114.119.155.126 - - [19/Oct/2022:05:49:24 -0700] "GET /ce/ImmediatePlacement_files?D=A HTTP/1.1" 301 1425 "http://cyberdontic.com/ce/ImmediatePlacement_files?M=A" "Mozilla/5.0 (Linux; Android 7.0;) AppleWebKit/537.36 (KHTML, like Gecko) Mobile Safari/537.36 (compatible; PetalBot;+https://webmaster.petalsearch.com/site/petalbot)" "cyberdontic.com"
114.119.155.126 - - [19/Oct/2022:05:49:26 -0700] "GET /ce/ImmediatePlacement_files/?D=A HTTP/1.1" 200 566 "http://cyberdontic.com/ce/ImmediatePlacement_files?M=A" "Mozilla/5.0 (Linux; Android 7.0;) AppleWebKit/537.36 (KHTML, like Gecko) Mobile Safari/537.36 (compatible; PetalBot;+https://webmaster.petalsearch.com/site/petalbot)" "cyberdontic.com"
114.119.155.142 - - [19/Oct/2022:05:55:39 -0700] "GET /nydds4u/?C=S%3BO%3DA HTTP/1.1" 200 314 "http://cyberdontic.com/nydds4u?N=A" "Mozilla/5.0 (Linux; Android 7.0;) AppleWebKit/537.36 (KHTML, like Gecko) Mobile Safari/537.36 (compatible; PetalBot;+https://webmaster.petalsearch.com/site/petalbot)" "cyberdontic.com"
114.119.155.122 - - [19/Oct/2022:06:01:56 -0700] "GET /MultiPhase_files?C=D%3BO%3DA HTTP/1.1" 301 1430 "http://www.cyberdontic.com/MultiPhase_files?C=S%3BO%3DA" "Mozilla/5.0 (Linux; Android 7.0;) AppleWebKit/537.36 (KHTML, like Gecko) Mobile Safari/537.36 (compatible; PetalBot;+https://webmaster.petalsearch.com/site/petalbot)" "www.cyberdontic.com"
114.119.155.122 - - [19/Oct/2022:06:01:59 -0700] "GET /MultiPhase_files/?C=D%3BO%3DA HTTP/1.1" 200 429 "http://www.cyberdontic.com/MultiPhase_files?C=S%3BO%3DA" "Mozilla/5.0 (Linux; Android 7.0;) AppleWebKit/537.36 (KHTML, like Gecko) Mobile Safari/537.36 (compatible; PetalBot;+https://webmaster.petalsearch.com/site/petalbot)" "www.cyberdontic.com"
114.119.155.121 - - [19/Oct/2022:06:08:10 -0700] "GET /StudyGroups_files?C=S%3BO%3DA HTTP/1.1" 301 1431 "http://www.cyberdontic.com/StudyGroups_files?C=D%3BO%3DA" "Mozilla/5.0 (Linux; Android 7.0;) AppleWebKit/537.36 (KHTML, like Gecko) Mobile Safari/537.36 (compatible; PetalBot;+https://webmaster.petalsearch.com/site/petalbot)" "www.cyberdontic.com"
114.119.155.121 - - [19/Oct/2022:06:08:14 -0700] "GET /StudyGroups_files/?C=S%3BO%3DA HTTP/1.1" 200 398 "http://www.cyberdontic.com/StudyGroups_files?C=D%3BO%3DA" "Mozilla/5.0 (Linux; Android 7.0;) AppleWebKit/537.36 (KHTML, like Gecko) Mobile Safari/537.36 (compatible; PetalBot;+https://webmaster.petalsearch.com/site/petalbot)" "www.cyberdontic.com"
123.125.109.51 - - [19/Oct/2022:06:11:30 -0700] "GET / HTTP/1.1" 200 1104 "-" "Sogou web spider/4.0(+http://www.sogou.com/docs/help/webmasters.htm#07)" "www.cyberdontic.com"
114.119.155.142 - - [19/Oct/2022:06:14:26 -0700] "GET /ce/?C=S%3BO%3DA HTTP/1.1" 200 1260 "http://www.cyberdontic.com/ce/?C=M%3BO%3DA" "Mozilla/5.0 (Linux; Android 7.0;) AppleWebKit/537.36 (KHTML, like Gecko) Mobile Safari/537.36 (compatible; PetalBot;+https://webmaster.petalsearch.com/site/petalbot)" "www.cyberdontic.com"
114.119.155.126 - - [19/Oct/2022:06:20:34 -0700] "GET /ce/GuidedSurgery_files?D=D HTTP/1.1" 301 1424 "http://cyberdontic.com/ce/GuidedSurgery_files?D=A" "Mozilla/5.0 (Linux; Android 7.0;) AppleWebKit/537.36 (KHTML, like Gecko) Mobile Safari/537.36 (compatible; PetalBot;+https://webmaster.petalsearch.com/site/petalbot)" "cyberdontic.com"
114.119.155.126 - - [19/Oct/2022:06:20:35 -0700] "GET /ce/GuidedSurgery_files/?D=D HTTP/1.1" 200 444 "http://cyberdontic.com/ce/GuidedSurgery_files?D=A" "Mozilla/5.0 (Linux; Android 7.0;) AppleWebKit/537.36 (KHTML, like Gecko) Mobile Safari/537.36 (compatible; PetalBot;+https://webmaster.petalsearch.com/site/petalbot)" "cyberdontic.com"
114.119.155.118 - - [19/Oct/2022:06:26:45 -0700] "GET /Spanish/?C=N%3BO%3DD HTTP/1.1" 200 642 "http://www.cyberdontic.com/Spanish/?C=D%3BO%3DA" "Mozilla/5.0 (Linux; Android 7.0;) AppleWebKit/537.36 (KHTML, like Gecko) Mobile Safari/537.36 (compatible; PetalBot;+https://webmaster.petalsearch.com/site/petalbot)" "www.cyberdontic.com"
216.244.66.245 - - [19/Oct/2022:06:27:14 -0700] "GET /robots.txt HTTP/1.1" 404 73 "-" "Mozilla/5.0 (compatible; DotBot/1.2; +https://opensiteexplorer.org/dotbot; help@moz.com)" "www.cyberdontic.com"
216.244.66.245 - - [19/Oct/2022:06:27:14 -0700] "GET /robots.txt HTTP/1.1" 404 73 "-" "Mozilla/5.0 (compatible; DotBot/1.2; +https://opensiteexplorer.org/dotbot; help@moz.com)" "cyberdontic.com"
54.36.149.8 - - [19/Oct/2022:06:30:39 -0700] "GET /robots.txt HTTP/1.1" 404 88 "-" "Mozilla/5.0 (compatible; AhrefsBot/7.0; +http://ahrefs.com/robot/)" "www.cyberdontic.com"
51.222.253.9 - - [19/Oct/2022:06:30:40 -0700] "GET /BISG_files/?C=S;O=D HTTP/1.1" 200 443 "-" "Mozilla/5.0 (compatible; AhrefsBot/7.0; +http://ahrefs.com/robot/)" "www.cyberdontic.com"
114.119.155.118 - - [19/Oct/2022:06:33:04 -0700] "GET /ce/register_files?S=D HTTP/1.1" 301 1419 "http://cyberdontic.com/ce/register_files?S=A" "Mozilla/5.0 (Linux; Android 7.0;) AppleWebKit/537.36 (KHTML, like Gecko) Mobile Safari/537.36 (compatible; PetalBot;+https://webmaster.petalsearch.com/site/petalbot)" "cyberdontic.com"
114.119.155.118 - - [19/Oct/2022:06:33:10 -0700] "GET /ce/register_files/?S=D HTTP/1.1" 200 451 "http://cyberdontic.com/ce/register_files?S=A" "Mozilla/5.0 (Linux; Android 7.0;) AppleWebKit/537.36 (KHTML, like Gecko) Mobile Safari/537.36 (compatible; PetalBot;+https://webmaster.petalsearch.com/site/petalbot)" "cyberdontic.com"
114.119.155.121 - - [19/Oct/2022:06:39:09 -0700] "GET /BISG?S=A HTTP/1.1" 301 1412 "http://cyberdontic.com/BISG?M=D" "Mozilla/5.0 (Linux; Android 7.0;) AppleWebKit/537.36 (KHTML, like Gecko) Mobile Safari/537.36 (compatible; PetalBot;+https://webmaster.petalsearch.com/site/petalbot)" "cyberdontic.com"
114.119.155.121 - - [19/Oct/2022:06:39:09 -0700] "GET /BISG/?S=A HTTP/1.1" 200 415 "http://cyberdontic.com/BISG?M=D" "Mozilla/5.0 (Linux; Android 7.0;) AppleWebKit/537.36 (KHTML, like Gecko) Mobile Safari/537.36 (compatible; PetalBot;+https://webmaster.petalsearch.com/site/petalbot)" "cyberdontic.com"
114.119.155.142 - - [19/Oct/2022:06:45:20 -0700] "GET /CBCT_files?C=N%3BO%3DD HTTP/1.1" 301 1425 "https://cyberdontic.com/CBCT_files?S=D" "Mozilla/5.0 (Linux; Android 7.0;) AppleWebKit/537.36 (KHTML, like Gecko) Mobile Safari/537.36 (compatible; PetalBot;+https://webmaster.petalsearch.com/site/petalbot)" "cyberdontic.com"
114.119.155.142 - - [19/Oct/2022:06:45:23 -0700] "GET /CBCT_files/?C=N%3BO%3DD HTTP/1.1" 200 450 "https://cyberdontic.com/CBCT_files?S=D" "Mozilla/5.0 (Linux; Android 7.0;) AppleWebKit/537.36 (KHTML, like Gecko) Mobile Safari/537.36 (compatible; PetalBot;+https://webmaster.petalsearch.com/site/petalbot)" "cyberdontic.com"
114.119.155.142 - - [19/Oct/2022:06:51:39 -0700] "GET /SS/_vti_cnf?C=N%3BO%3DD HTTP/1.1" 301 1431 "http://cyberdontic.com/SS/_vti_cnf?N=D" "Mozilla/5.0 (Linux; Android 7.0;) AppleWebKit/537.36 (KHTML, like Gecko) Mobile Safari/537.36 (compatible; PetalBot;+https://webmaster.petalsearch.com/site/petalbot)" "cyberdontic.com"
114.119.155.142 - - [19/Oct/2022:06:51:42 -0700] "GET /SS/_vti_cnf/?C=N%3BO%3DD HTTP/1.1" 200 465 "http://cyberdontic.com/SS/_vti_cnf?N=D" "Mozilla/5.0 (Linux; Android 7.0;) AppleWebKit/537.36 (KHTML, like Gecko) Mobile Safari/537.36 (compatible; PetalBot;+https://webmaster.petalsearch.com/site/petalbot)" "cyberdontic.com"
114.119.155.118 - - [19/Oct/2022:06:57:50 -0700] "GET /ce/ClinicalOrthodontic_files/Thumbs.db HTTP/1.1" 200 9216 "http://cyberdontic.com/ce/ClinicalOrthodontic_files?D=D" "Mozilla/5.0 (Linux; Android 7.0;) AppleWebKit/537.36 (KHTML, like Gecko) Mobile Safari/537.36 (compatible; PetalBot;+https://webmaster.petalsearch.com/site/petalbot)" "cyberdontic.com"
114.119.155.126 - - [19/Oct/2022:07:04:04 -0700] "GET /sound/_vti_cnf?M=D HTTP/1.1" 301 1422 "http://cyberdontic.com/sound/_vti_cnf?M=A" "Mozilla/5.0 (Linux; Android 7.0;) AppleWebKit/537.36 (KHTML, like Gecko) Mobile Safari/537.36 (compatible; PetalBot;+https://webmaster.petalsearch.com/site/petalbot)" "cyberdontic.com"
114.119.155.126 - - [19/Oct/2022:07:04:10 -0700] "GET /sound/_vti_cnf/?M=D HTTP/1.1" 200 388 "http://cyberdontic.com/sound/_vti_cnf?M=A" "Mozilla/5.0 (Linux; Android 7.0;) AppleWebKit/537.36 (KHTML, like Gecko) Mobile Safari/537.36 (compatible; PetalBot;+https://webmaster.petalsearch.com/site/petalbot)" "cyberdontic.com"
114.119.155.142 - - [19/Oct/2022:07:10:24 -0700] "GET /BISG?C=S%3BO%3DA HTTP/1.1" 301 1422 "http://www.cyberdontic.com/BISG?C=D%3BO%3DA" "Mozilla/5.0 (Linux; Android 7.0;) AppleWebKit/537.36 (KHTML, like Gecko) Mobile Safari/537.36 (compatible; PetalBot;+https://webmaster.petalsearch.com/site/petalbot)" "www.cyberdontic.com"
114.119.155.142 - - [19/Oct/2022:07:10:28 -0700] "GET /BISG/?C=S%3BO%3DA HTTP/1.1" 200 415 "http://www.cyberdontic.com/BISG?C=D%3BO%3DA" "Mozilla/5.0 (Linux; Android 7.0;) AppleWebKit/537.36 (KHTML, like Gecko) Mobile Safari/537.36 (compatible; PetalBot;+https://webmaster.petalsearch.com/site/petalbot)" "www.cyberdontic.com"
37.187.94.3 - - [19/Oct/2022:07:14:49 -0700] "GET /robots.txt HTTP/1.1" 404 73 "-" "Mozilla/5.0 (compatible; MJ12bot/v1.4.8; http://mj12bot.com/)" "cyberdontic.com"
37.187.94.3 - - [19/Oct/2022:07:14:52 -0700] "GET /BISG_files/?S=A/ HTTP/1.1" 200 446 "-" "Mozilla/5.0 (compatible; MJ12bot/v1.4.8; http://mj12bot.com/)" "cyberdontic.com"
114.119.155.121 - - [19/Oct/2022:07:16:34 -0700] "GET /ce/BISG_files HTTP/1.1" 301 1417 "http://www.cyberdontic.com/ce?C=N%3BO%3DD" "Mozilla/5.0 (Linux; Android 7.0;) AppleWebKit/537.36 (KHTML, like Gecko) Mobile Safari/537.36 (compatible; PetalBot;+https://webmaster.petalsearch.com/site/petalbot)" "www.cyberdontic.com"
114.119.155.121 - - [19/Oct/2022:07:16:34 -0700] "GET /ce/BISG_files/ HTTP/1.1" 200 649 "http://www.cyberdontic.com/ce?C=N%3BO%3DD" "Mozilla/5.0 (Linux; Android 7.0;) AppleWebKit/537.36 (KHTML, like Gecko) Mobile Safari/537.36 (compatible; PetalBot;+https://webmaster.petalsearch.com/site/petalbot)" "www.cyberdontic.com"
216.244.66.245 - - [19/Oct/2022:07:20:22 -0700] "GET /robots.txt HTTP/1.1" 404 73 "-" "Mozilla/5.0 (compatible; DotBot/1.2; +https://opensiteexplorer.org/dotbot; help@moz.com)" "www.cyberdontic.com"
216.244.66.245 - - [19/Oct/2022:07:20:22 -0700] "GET /robots.txt HTTP/1.1" 404 73 "-" "Mozilla/5.0 (compatible; DotBot/1.2; +https://opensiteexplorer.org/dotbot; help@moz.com)" "cyberdontic.com"
114.119.155.126 - - [19/Oct/2022:07:22:48 -0700] "GET /ce/CBCT_files/ HTTP/1.1" 200 454 "http://cyberdontic.com/ce?C=D%3BO%3DA" "Mozilla/5.0 (Linux; Android 7.0;) AppleWebKit/537.36 (KHTML, like Gecko) Mobile Safari/537.36 (compatible; PetalBot;+https://webmaster.petalsearch.com/site/petalbot)" "cyberdontic.com"
114.119.155.126 - - [19/Oct/2022:07:29:00 -0700] "GET /OSG?S=A HTTP/1.1" 301 1411 "http://cyberdontic.com/OSG?D=A" "Mozilla/5.0 (Linux; Android 7.0;) AppleWebKit/537.36 (KHTML, like Gecko) Mobile Safari/537.36 (compatible; PetalBot;+https://webmaster.petalsearch.com/site/petalbot)" "cyberdontic.com"
114.119.155.126 - - [19/Oct/2022:07:29:09 -0700] "GET /OSG/?S=A HTTP/1.1" 200 429 "http://cyberdontic.com/OSG?D=A" "Mozilla/5.0 (Linux; Android 7.0;) AppleWebKit/537.36 (KHTML, like Gecko) Mobile Safari/537.36 (compatible; PetalBot;+https://webmaster.petalsearch.com/site/petalbot)" "cyberdontic.com"
114.119.155.142 - - [19/Oct/2022:07:35:14 -0700] "GET /ce/register_files/?C=D%3BO%3DA HTTP/1.1" 200 451 "http://www.cyberdontic.com/ce/register_files?C=N%3BO%3DD" "Mozilla/5.0 (Linux; Android 7.0;) AppleWebKit/537.36 (KHTML, like Gecko) Mobile Safari/537.36 (compatible; PetalBot;+https://webmaster.petalsearch.com/site/petalbot)" "www.cyberdontic.com"
207.46.13.113 - - [19/Oct/2022:07:39:24 -0700] "GET / HTTP/1.1" 200 1104 "-" "Mozilla/5.0 AppleWebKit/537.36 (KHTML, like Gecko; compatible; bingbot/2.0; +http://www.bing.com/bingbot.htm) Chrome/103.0.5060.134 Safari/537.36" "www.cyberdontic.com"
114.119.155.126 - - [19/Oct/2022:07:41:32 -0700] "GET /OSG_files?C=M%3BO%3DA HTTP/1.1" 301 1427 "http://www.cyberdontic.com/OSG_files?C=D%3BO%3DA" "Mozilla/5.0 (Linux; Android 7.0;) AppleWebKit/537.36 (KHTML, like Gecko) Mobile Safari/537.36 (compatible; PetalBot;+https://webmaster.petalsearch.com/site/petalbot)" "www.cyberdontic.com"
114.119.155.126 - - [19/Oct/2022:07:41:34 -0700] "GET /OSG_files/?C=M%3BO%3DA HTTP/1.1" 200 465 "http://www.cyberdontic.com/OSG_files?C=D%3BO%3DA" "Mozilla/5.0 (Linux; Android 7.0;) AppleWebKit/537.36 (KHTML, like Gecko) Mobile Safari/537.36 (compatible; PetalBot;+https://webmaster.petalsearch.com/site/petalbot)" "www.cyberdontic.com"
51.222.253.14 - - [19/Oct/2022:07:43:36 -0700] "GET /SS/?C=S;O=D HTTP/1.1" 200 491 "-" "Mozilla/5.0 (compatible; AhrefsBot/7.0; +http://ahrefs.com/robot/)" "cyberdontic.com"
114.119.155.118 - - [19/Oct/2022:07:47:46 -0700] "GET /SS?C=D%3BO%3DA HTTP/1.1" 301 1418 "http://cyberdontic.com/SS" "Mozilla/5.0 (Linux; Android 7.0;) AppleWebKit/537.36 (KHTML, like Gecko) Mobile Safari/537.36 (compatible; PetalBot;+https://webmaster.petalsearch.com/site/petalbot)" "cyberdontic.com"
114.119.155.118 - - [19/Oct/2022:07:47:47 -0700] "GET /SS/?C=D%3BO%3DA HTTP/1.1" 200 492 "http://cyberdontic.com/SS" "Mozilla/5.0 (Linux; Android 7.0;) AppleWebKit/537.36 (KHTML, like Gecko) Mobile Safari/537.36 (compatible; PetalBot;+https://webmaster.petalsearch.com/site/petalbot)" "cyberdontic.com"
207.46.13.113 - - [19/Oct/2022:07:52:04 -0700] "GET / HTTP/1.1" 200 1104 "-" "Mozilla/5.0 AppleWebKit/537.36 (KHTML, like Gecko; compatible; bingbot/2.0; +http://www.bing.com/bingbot.htm) Chrome/103.0.5060.134 Safari/537.36" "cyberdontic.com"
114.119.155.142 - - [19/Oct/2022:07:53:51 -0700] "GET /ce/education5_files/Thumbs.db HTTP/1.1" 200 31744 "http://www.cyberdontic.com/ce/education5_files/?C=M%3BO%3DA" "Mozilla/5.0 (Linux; Android 7.0;) AppleWebKit/537.36 (KHTML, like Gecko) Mobile Safari/537.36 (compatible; PetalBot;+https://webmaster.petalsearch.com/site/petalbot)" "www.cyberdontic.com"
114.119.155.122 - - [19/Oct/2022:08:00:04 -0700] "GET /ce/ImplantResidency_files?C=S%3BO%3DA HTTP/1.1" 301 1437 "http://www.cyberdontic.com/ce/ImplantResidency_files" "Mozilla/5.0 (Linux; Android 7.0;) AppleWebKit/537.36 (KHTML, like Gecko) Mobile Safari/537.36 (compatible; PetalBot;+https://webmaster.petalsearch.com/site/petalbot)" "www.cyberdontic.com"
114.119.155.122 - - [19/Oct/2022:08:00:04 -0700] "GET /ce/ImplantResidency_files/?C=S%3BO%3DA HTTP/1.1" 200 380 "http://www.cyberdontic.com/ce/ImplantResidency_files" "Mozilla/5.0 (Linux; Android 7.0;) AppleWebKit/537.36 (KHTML, like Gecko) Mobile Safari/537.36 (compatible; PetalBot;+https://webmaster.petalsearch.com/site/petalbot)" "www.cyberdontic.com"
114.119.155.122 - - [19/Oct/2022:08:06:27 -0700] "GET /StudyGroups_files?C=N%3BO%3DD HTTP/1.1" 301 1429 "http://cyberdontic.com/StudyGroups_files?C=M%3BO%3DA" "Mozilla/5.0 (Linux; Android 7.0;) AppleWebKit/537.36 (KHTML, like Gecko) Mobile Safari/537.36 (compatible; PetalBot;+https://webmaster.petalsearch.com/site/petalbot)" "cyberdontic.com"
114.119.155.122 - - [19/Oct/2022:08:06:31 -0700] "GET /StudyGroups_files/?C=N%3BO%3DD HTTP/1.1" 200 398 "http://cyberdontic.com/StudyGroups_files?C=M%3BO%3DA" "Mozilla/5.0 (Linux; Android 7.0;) AppleWebKit/537.36 (KHTML, like Gecko) Mobile Safari/537.36 (compatible; PetalBot;+https://webmaster.petalsearch.com/site/petalbot)" "cyberdontic.com"
114.119.155.122 - - [19/Oct/2022:08:12:56 -0700] "GET /ce/register_files?D=A HTTP/1.1" 301 1419 "http://cyberdontic.com/ce/register_files?D=D" "Mozilla/5.0 (Linux; Android 7.0;) AppleWebKit/537.36 (KHTML, like Gecko) Mobile Safari/537.36 (compatible; PetalBot;+https://webmaster.petalsearch.com/site/petalbot)" "cyberdontic.com"
114.119.155.122 - - [19/Oct/2022:08:12:57 -0700] "GET /ce/register_files/?D=A HTTP/1.1" 200 451 "http://cyberdontic.com/ce/register_files?D=D" "Mozilla/5.0 (Linux; Android 7.0;) AppleWebKit/537.36 (KHTML, like Gecko) Mobile Safari/537.36 (compatible; PetalBot;+https://webmaster.petalsearch.com/site/petalbot)" "cyberdontic.com"
216.244.66.245 - - [19/Oct/2022:08:13:07 -0700] "GET /robots.txt HTTP/1.1" 404 73 "-" "Mozilla/5.0 (compatible; DotBot/1.2; +https://opensiteexplorer.org/dotbot; help@moz.com)" "cyberdontic.com"
216.244.66.245 - - [19/Oct/2022:08:13:07 -0700] "GET /robots.txt HTTP/1.1" 404 73 "-" "Mozilla/5.0 (compatible; DotBot/1.2; +https://opensiteexplorer.org/dotbot; help@moz.com)" "www.cyberdontic.com"
114.119.155.122 - - [19/Oct/2022:08:19:11 -0700] "GET /ce/ImmediatePlacement_files/?C=S%3BO%3DA HTTP/1.1" 200 566 "http://www.cyberdontic.com/ce/ImmediatePlacement_files" "Mozilla/5.0 (Linux; Android 7.0;) AppleWebKit/537.36 (KHTML, like Gecko) Mobile Safari/537.36 (compatible; PetalBot;+https://webmaster.petalsearch.com/site/petalbot)" "www.cyberdontic.com"
137.226.113.44 - - [19/Oct/2022:08:19:34 -0700] "GET / HTTP/1.1" 200 1104 "-" "Mozilla/5.0 zgrab/0.x (compatible; Researchscan/http; +http://researchscan.comsys.rwth-aachen.de)" "www.cyberdontic.com"
51.222.253.6 - - [19/Oct/2022:08:20:29 -0700] "GET /Spanish/?C=N;O=D HTTP/1.1" 200 644 "-" "Mozilla/5.0 (compatible; AhrefsBot/7.0; +http://ahrefs.com/robot/)" "www.cyberdontic.com"
114.119.155.122 - - [19/Oct/2022:08:25:28 -0700] "GET /ce/Webinars_files/ HTTP/1.1" 200 399 "http://cyberdontic.com/ce?C=D%3BO%3DA" "Mozilla/5.0 (Linux; Android 7.0;) AppleWebKit/537.36 (KHTML, like Gecko) Mobile Safari/537.36 (compatible; PetalBot;+https://webmaster.petalsearch.com/site/petalbot)" "cyberdontic.com"
114.119.155.126 - - [19/Oct/2022:08:31:41 -0700] "GET /ce/MultiPhase_files/?C=S%3BO%3DA HTTP/1.1" 200 434 "http://cyberdontic.com/ce/MultiPhase_files/?C=N%3BO%3DD" "Mozilla/5.0 (Linux; Android 7.0;) AppleWebKit/537.36 (KHTML, like Gecko) Mobile Safari/537.36 (compatible; PetalBot;+https://webmaster.petalsearch.com/site/petalbot)" "cyberdontic.com"
51.222.253.12 - - [19/Oct/2022:08:40:43 -0700] "GET /ce/education5.htm HTTP/1.1" 200 2661 "-" "Mozilla/5.0 (compatible; AhrefsBot/7.0; +http://ahrefs.com/robot/)" "www.cyberdontic.com"
216.244.66.245 - - [19/Oct/2022:08:49:44 -0700] "GET /orthodiagnosis/index_preview.htm HTTP/1.1" 200 6227 "-" "Mozilla/5.0 (compatible; DotBot/1.2; +https://opensiteexplorer.org/dotbot; help@moz.com)" "cyberdontic.com"
73.70.114.131 - - [19/Oct/2022:08:54:24 -0700] "GET / HTTP/1.1" 200 1104 "-" "Mozilla/5.0 (Macintosh; Intel Mac OS X 10_15_7) AppleWebKit/537.36 (KHTML, like Gecko) Chrome/105.0.0.0 Safari/537.36" "www.cyberdontic.com"
73.70.114.131 - - [19/Oct/2022:08:54:24 -0700] "GET /favicon.ico HTTP/1.1" 404 88 "http://www.cyberdontic.com/" "Mozilla/5.0 (Macintosh; Intel Mac OS X 10_15_7) AppleWebKit/537.36 (KHTML, like Gecko) Chrome/105.0.0.0 Safari/537.36" "www.cyberdontic.com"
216.244.66.245 - - [19/Oct/2022:09:05:37 -0700] "GET /robots.txt HTTP/1.1" 404 73 "-" "Mozilla/5.0 (compatible; DotBot/1.2; +https://opensiteexplorer.org/dotbot; help@moz.com)" "www.cyberdontic.com"
216.244.66.245 - - [19/Oct/2022:09:05:37 -0700] "GET /robots.txt HTTP/1.1" 404 73 "-" "Mozilla/5.0 (compatible; DotBot/1.2; +https://opensiteexplorer.org/dotbot; help@moz.com)" "cyberdontic.com"
51.222.253.1 - - [19/Oct/2022:09:25:44 -0700] "GET / HTTP/1.1" 200 1104 "-" "Mozilla/5.0 (compatible; AhrefsBot/7.0; +http://ahrefs.com/robot/)" "www.cyberdontic.com"
216.244.66.245 - - [19/Oct/2022:09:30:11 -0700] "GET /temporarypreviewfile.html HTTP/1.1" 200 8257 "-" "Mozilla/5.0 (compatible; DotBot/1.2; +https://opensiteexplorer.org/dotbot; help@moz.com)" "cyberdontic.com"
114.119.155.122 - - [19/Oct/2022:09:42:54 -0700] "GET /Spanish/_derived/_vti_cnf/?C=M%3BO%3DA HTTP/1.1" 200 402 "http://www.cyberdontic.com/Spanish/_derived/_vti_cnf/?C=D%3BO%3DA" "Mozilla/5.0 (Linux; Android 7.0;) AppleWebKit/537.36 (KHTML, like Gecko) Mobile Safari/537.36 (compatible; PetalBot;+https://webmaster.petalsearch.com/site/petalbot)" "www.cyberdontic.com"
216.244.66.245 - - [19/Oct/2022:09:58:45 -0700] "GET /robots.txt HTTP/1.1" 404 73 "-" "Mozilla/5.0 (compatible; DotBot/1.2; +https://opensiteexplorer.org/dotbot; help@moz.com)" "cyberdontic.com"
216.244.66.245 - - [19/Oct/2022:09:58:45 -0700] "GET /robots.txt HTTP/1.1" 404 73 "-" "Mozilla/5.0 (compatible; DotBot/1.2; +https://opensiteexplorer.org/dotbot; help@moz.com)" "www.cyberdontic.com"
114.119.155.126 - - [19/Oct/2022:10:01:39 -0700] "GET /BISG_files/?C=D%3BO%3DA HTTP/1.1" 200 446 "http://www.cyberdontic.com/BISG_files?C=M%3BO%3DA" "Mozilla/5.0 (Linux; Android 7.0;) AppleWebKit/537.36 (KHTML, like Gecko) Mobile Safari/537.36 (compatible; PetalBot;+https://webmaster.petalsearch.com/site/petalbot)" "www.cyberdontic.com"
34.213.48.73 - - [19/Oct/2022:10:06:03 -0700] "GET / HTTP/1.1" 200 1104 "-" "Mozilla/5.0 (X11; Linux x86_64) AppleWebKit/537.36 (KHTML, like Gecko) Chrome/83.0.4103.97 Safari/537.36" "cyberdontic.com"
54.200.35.166 - - [19/Oct/2022:10:06:04 -0700] "GET / HTTP/1.1" 200 1104 "-" "Mozilla/5.0 (X11; Linux x86_64) AppleWebKit/537.36 (KHTML, like Gecko) Chrome/83.0.4103.97 Safari/537.36" "cyberdontic.com"
34.220.192.17 - - [19/Oct/2022:10:06:20 -0700] "GET /favicon.ico HTTP/1.1" 404 88 "-" "Mozilla/5.0 (X11; Linux x86_64) AppleWebKit/537.36 (KHTML, like Gecko) Chrome/83.0.4103.97 Safari/537.36" "cyberdontic.com"
34.220.192.17 - - [19/Oct/2022:10:06:23 -0700] "GET / HTTP/1.1" 200 1104 "-" "Mozilla/5.0 (X11; Linux x86_64) AppleWebKit/537.36 (KHTML, like Gecko) Chrome/83.0.4103.97 Safari/537.36" "cyberdontic.com"
34.222.78.184 - - [19/Oct/2022:10:06:33 -0700] "GET /favicon.ico HTTP/1.1" 404 88 "-" "Mozilla/5.0 (X11; Linux x86_64) AppleWebKit/537.36 (KHTML, like Gecko) Chrome/83.0.4103.97 Safari/537.36" "cyberdontic.com"
34.222.78.184 - - [19/Oct/2022:10:06:34 -0700] "GET / HTTP/1.1" 200 1104 "-" "Mozilla/5.0 (X11; Linux x86_64) AppleWebKit/537.36 (KHTML, like Gecko) Chrome/83.0.4103.97 Safari/537.36" "cyberdontic.com"
114.119.155.122 - - [19/Oct/2022:10:07:49 -0700] "GET /ce/Webinar_Select_files/?C=S%3BO%3DA HTTP/1.1" 200 440 "http://www.cyberdontic.com/ce/Webinar_Select_files" "Mozilla/5.0 (Linux; Android 7.0;) AppleWebKit/537.36 (KHTML, like Gecko) Mobile Safari/537.36 (compatible; PetalBot;+https://webmaster.petalsearch.com/site/petalbot)" "www.cyberdontic.com"
114.119.155.118 - - [19/Oct/2022:10:13:55 -0700] "GET /ce/OSG_files?D=D HTTP/1.1" 301 1418 "http://cyberdontic.com/ce/OSG_files?D=A" "Mozilla/5.0 (Linux; Android 7.0;) AppleWebKit/537.36 (KHTML, like Gecko) Mobile Safari/537.36 (compatible; PetalBot;+https://webmaster.petalsearch.com/site/petalbot)" "cyberdontic.com"
114.119.155.118 - - [19/Oct/2022:10:13:56 -0700] "GET /ce/OSG_files/?D=D HTTP/1.1" 200 624 "http://cyberdontic.com/ce/OSG_files?D=A" "Mozilla/5.0 (Linux; Android 7.0;) AppleWebKit/537.36 (KHTML, like Gecko) Mobile Safari/537.36 (compatible; PetalBot;+https://webmaster.petalsearch.com/site/petalbot)" "cyberdontic.com"
114.119.155.142 - - [19/Oct/2022:10:20:11 -0700] "GET /OSG_files?C=S%3BO%3DA HTTP/1.1" 301 1425 "http://cyberdontic.com/OSG_files?M=D" "Mozilla/5.0 (Linux; Android 7.0;) AppleWebKit/537.36 (KHTML, like Gecko) Mobile Safari/537.36 (compatible; PetalBot;+https://webmaster.petalsearch.com/site/petalbot)" "cyberdontic.com"
114.119.155.142 - - [19/Oct/2022:10:20:20 -0700] "GET /OSG_files/?C=S%3BO%3DA HTTP/1.1" 200 465 "http://cyberdontic.com/OSG_files?M=D" "Mozilla/5.0 (Linux; Android 7.0;) AppleWebKit/537.36 (KHTML, like Gecko) Mobile Safari/537.36 (compatible; PetalBot;+https://webmaster.petalsearch.com/site/petalbot)" "cyberdontic.com"
114.119.155.121 - - [19/Oct/2022:10:26:17 -0700] "GET /OSG_files?C=N%3BO%3DD HTTP/1.1" 301 1427 "http://www.cyberdontic.com/OSG_files?C=M%3BO%3DA" "Mozilla/5.0 (Linux; Android 7.0;) AppleWebKit/537.36 (KHTML, like Gecko) Mobile Safari/537.36 (compatible; PetalBot;+https://webmaster.petalsearch.com/site/petalbot)" "www.cyberdontic.com"
114.119.155.121 - - [19/Oct/2022:10:26:18 -0700] "GET /OSG_files/?C=N%3BO%3DD HTTP/1.1" 200 465 "http://www.cyberdontic.com/OSG_files?C=M%3BO%3DA" "Mozilla/5.0 (Linux; Android 7.0;) AppleWebKit/537.36 (KHTML, like Gecko) Mobile Safari/537.36 (compatible; PetalBot;+https://webmaster.petalsearch.com/site/petalbot)" "www.cyberdontic.com"
116.203.34.211 - - [19/Oct/2022:10:30:19 -0700] "GET /wp-content/themes/seotheme/mar.php HTTP/1.1" 404 88 "www.google.com" "Mozlila/5.0 (Linux; Android 7.0; SM-G892A Bulid/NRD90M; wv) AppleWebKit/537.36 (KHTML, like Gecko) Version/4.0 Chrome/60.0.3112.107 Moblie Safari/537.36" "cyberdontic.com"
116.203.34.211 - - [19/Oct/2022:10:30:21 -0700] "GET /wp-content/themes/seotheme/mar.php HTTP/1.1" 404 88 "www.google.com" "Mozlila/5.0 (Linux; Android 7.0; SM-G892A Bulid/NRD90M; wv) AppleWebKit/537.36 (KHTML, like Gecko) Version/4.0 Chrome/60.0.3112.107 Moblie Safari/537.36" "cyberdontic.com"
116.203.34.211 - - [19/Oct/2022:10:30:22 -0700] "GET /wp-includes/shell20211028.php HTTP/1.1" 404 88 "www.google.com" "Mozlila/5.0 (Linux; Android 7.0; SM-G892A Bulid/NRD90M; wv) AppleWebKit/537.36 (KHTML, like Gecko) Version/4.0 Chrome/60.0.3112.107 Moblie Safari/537.36" "cyberdontic.com"
116.203.34.211 - - [19/Oct/2022:10:30:25 -0700] "GET /wp-includes/shell20211028.php HTTP/1.1" 404 88 "www.google.com" "Mozlila/5.0 (Linux; Android 7.0; SM-G892A Bulid/NRD90M; wv) AppleWebKit/537.36 (KHTML, like Gecko) Version/4.0 Chrome/60.0.3112.107 Moblie Safari/537.36" "cyberdontic.com"
116.203.34.211 - - [19/Oct/2022:10:30:26 -0700] "GET /1index.php HTTP/1.1" 404 88 "www.google.com" "Mozlila/5.0 (Linux; Android 7.0; SM-G892A Bulid/NRD90M; wv) AppleWebKit/537.36 (KHTML, like Gecko) Version/4.0 Chrome/60.0.3112.107 Moblie Safari/537.36" "cyberdontic.com"
116.203.34.211 - - [19/Oct/2022:10:30:28 -0700] "GET /1index.php HTTP/1.1" 404 88 "www.google.com" "Mozlila/5.0 (Linux; Android 7.0; SM-G892A Bulid/NRD90M; wv) AppleWebKit/537.36 (KHTML, like Gecko) Version/4.0 Chrome/60.0.3112.107 Moblie Safari/537.36" "cyberdontic.com"
114.119.155.142 - - [19/Oct/2022:10:32:30 -0700] "GET /4urbraces/?C=S%3BO%3DA HTTP/1.1" 200 315 "https://cyberdontic.com/4urbraces/?C=D%3BO%3DA" "Mozilla/5.0 (Linux; Android 7.0;) AppleWebKit/537.36 (KHTML, like Gecko) Mobile Safari/537.36 (compatible; PetalBot;+https://webmaster.petalsearch.com/site/petalbot)" "cyberdontic.com"
51.222.253.18 - - [19/Oct/2022:10:33:27 -0700] "GET /robots.txt HTTP/1.1" 404 88 "-" "Mozilla/5.0 (compatible; AhrefsBot/7.0; +http://ahrefs.com/robot/)" "cyberdontic.com"
51.222.253.2 - - [19/Oct/2022:10:33:28 -0700] "GET / HTTP/1.1" 200 1104 "-" "Mozilla/5.0 (compatible; AhrefsBot/7.0; +http://ahrefs.com/robot/)" "cyberdontic.com"
163.116.136.254 - - [19/Oct/2022:10:36:55 -0700] "GET / HTTP/1.1" 200 1104 "-" "Mozilla/5.0 (Windows NT 10.0; Win64; x64) AppleWebKit/537.36 (KHTML, like Gecko) Chrome/100.0.4896.75 Safari/537.36" "cyberdontic.com"
114.119.155.122 - - [19/Oct/2022:10:38:44 -0700] "GET /ce/register_files/?C=M%3BO%3DA HTTP/1.1" 200 451 "http://www.cyberdontic.com/ce/register_files?C=N%3BO%3DD" "Mozilla/5.0 (Linux; Android 7.0;) AppleWebKit/537.36 (KHTML, like Gecko) Mobile Safari/537.36 (compatible; PetalBot;+https://webmaster.petalsearch.com/site/petalbot)" "www.cyberdontic.com"
114.119.155.126 - - [19/Oct/2022:10:44:54 -0700] "GET /Spanish/_derived?C=M%3BO%3DA HTTP/1.1" 301 1430 "http://www.cyberdontic.com/Spanish/_derived?C=D%3BO%3DA" "Mozilla/5.0 (Linux; Android 7.0;) AppleWebKit/537.36 (KHTML, like Gecko) Mobile Safari/537.36 (compatible; PetalBot;+https://webmaster.petalsearch.com/site/petalbot)" "www.cyberdontic.com"
114.119.155.126 - - [19/Oct/2022:10:44:56 -0700] "GET /Spanish/_derived/?C=M%3BO%3DA HTTP/1.1" 200 426 "http://www.cyberdontic.com/Spanish/_derived?C=D%3BO%3DA" "Mozilla/5.0 (Linux; Android 7.0;) AppleWebKit/537.36 (KHTML, like Gecko) Mobile Safari/537.36 (compatible; PetalBot;+https://webmaster.petalsearch.com/site/petalbot)" "www.cyberdontic.com"
216.244.66.245 - - [19/Oct/2022:10:48:42 -0700] "GET /robots.txt HTTP/1.1" 404 73 "-" "Mozilla/5.0 (compatible; DotBot/1.2; +https://opensiteexplorer.org/dotbot; help@moz.com)" "cyberdontic.com"
216.244.66.245 - - [19/Oct/2022:10:48:42 -0700] "GET /robots.txt HTTP/1.1" 404 73 "-" "Mozilla/5.0 (compatible; DotBot/1.2; +https://opensiteexplorer.org/dotbot; help@moz.com)" "www.cyberdontic.com"
114.119.155.126 - - [19/Oct/2022:10:51:12 -0700] "GET /OSG/?C=S%3BO%3DA HTTP/1.1" 200 429 "http://www.cyberdontic.com/OSG/?C=M%3BO%3DA" "Mozilla/5.0 (Linux; Android 7.0;) AppleWebKit/537.36 (KHTML, like Gecko) Mobile Safari/537.36 (compatible; PetalBot;+https://webmaster.petalsearch.com/site/petalbot)" "www.cyberdontic.com"
114.119.155.122 - - [19/Oct/2022:10:57:24 -0700] "GET /ce/ImmediatePlacement_files/ HTTP/1.1" 200 566 "http://www.cyberdontic.com/ce/?C=M%3BO%3DA" "Mozilla/5.0 (Linux; Android 7.0;) AppleWebKit/537.36 (KHTML, like Gecko) Mobile Safari/537.36 (compatible; PetalBot;+https://webmaster.petalsearch.com/site/petalbot)" "www.cyberdontic.com"
51.222.253.1 - - [19/Oct/2022:11:02:06 -0700] "GET /Webinar_Select.htm HTTP/1.1" 200 2642 "-" "Mozilla/5.0 (compatible; AhrefsBot/7.0; +http://ahrefs.com/robot/)" "www.cyberdontic.com"
114.119.155.122 - - [19/Oct/2022:11:03:32 -0700] "GET /ce/FamilyDentistryImplantsandOrthodontics_files/ HTTP/1.1" 200 619 "http://www.cyberdontic.com/ce/?C=M%3BO%3DA" "Mozilla/5.0 (Linux; Android 7.0;) AppleWebKit/537.36 (KHTML, like Gecko) Mobile Safari/537.36 (compatible; PetalBot;+https://webmaster.petalsearch.com/site/petalbot)" "www.cyberdontic.com"
114.119.155.126 - - [19/Oct/2022:11:09:46 -0700] "GET /MultiPhase_files?C=M%3BO%3DA HTTP/1.1" 301 1430 "http://www.cyberdontic.com/MultiPhase_files?C=S%3BO%3DA" "Mozilla/5.0 (Linux; Android 7.0;) AppleWebKit/537.36 (KHTML, like Gecko) Mobile Safari/537.36 (compatible; PetalBot;+https://webmaster.petalsearch.com/site/petalbot)" "www.cyberdontic.com"
114.119.155.126 - - [19/Oct/2022:11:09:47 -0700] "GET /MultiPhase_files/?C=M%3BO%3DA HTTP/1.1" 200 429 "http://www.cyberdontic.com/MultiPhase_files?C=S%3BO%3DA" "Mozilla/5.0 (Linux; Android 7.0;) AppleWebKit/537.36 (KHTML, like Gecko) Mobile Safari/537.36 (compatible; PetalBot;+https://webmaster.petalsearch.com/site/petalbot)" "www.cyberdontic.com"
114.119.155.118 - - [19/Oct/2022:11:15:56 -0700] "GET /ce/BISG_files/Thumbs.db HTTP/1.1" 200 28672 "http://cyberdontic.com/ce/BISG_files?M=A" "Mozilla/5.0 (Linux; Android 7.0;) AppleWebKit/537.36 (KHTML, like Gecko) Mobile Safari/537.36 (compatible; PetalBot;+https://webmaster.petalsearch.com/site/petalbot)" "cyberdontic.com"
51.222.253.12 - - [19/Oct/2022:11:20:06 -0700] "GET /Spanish/_vti_cnf/page3.htm HTTP/1.1" 200 621 "-" "Mozilla/5.0 (compatible; AhrefsBot/7.0; +http://ahrefs.com/robot/)" "www.cyberdontic.com"
114.119.155.126 - - [19/Oct/2022:11:26:55 -0700] "GET /OSG/?M=A HTTP/1.1" 200 429 "http://cyberdontic.com/OSG/" "Mozilla/5.0 (Linux; Android 7.0;) AppleWebKit/537.36 (KHTML, like Gecko) Mobile Safari/537.36 (compatible; PetalBot;+https://webmaster.petalsearch.com/site/petalbot)" "cyberdontic.com"
20.224.123.212 - - [19/Oct/2022:11:42:42 -0700] "POST / HTTP/1.1" 404 88 "-" "Mozilla/5.0 (X11; Linux x86_64) AppleWebKit/537.36 (KHTML, like Gecko) Chrome/81.0.4044.129 Safari/537.36" "cyberdontic.com"
54.36.148.18 - - [19/Oct/2022:12:09:26 -0700] "GET /robots.txt HTTP/1.1" 404 88 "-" "Mozilla/5.0 (compatible; AhrefsBot/7.0; +http://ahrefs.com/robot/)" "cyberdontic.com"
51.222.253.7 - - [19/Oct/2022:12:09:26 -0700] "GET / HTTP/1.1" 200 1104 "-" "Mozilla/5.0 (compatible; AhrefsBot/7.0; +http://ahrefs.com/robot/)" "cyberdontic.com"
34.139.115.151 - - [19/Oct/2022:12:14:05 -0700] "GET /robots.txt HTTP/1.1" 404 88 "-" "ZoominfoBot (zoominfobot at zoominfo dot com)" "www.cyberdontic.com"
34.139.115.151 - - [19/Oct/2022:12:14:05 -0700] "GET / HTTP/1.1" 200 1104 "-" "ZoominfoBot (zoominfobot at zoominfo dot com)" "www.cyberdontic.com"
114.119.145.81 - - [19/Oct/2022:12:48:57 -0700] "GET /robots.txt HTTP/1.1" 404 88 "-" "Mozilla/5.0 (compatible;PetalBot;+https://webmaster.petalsearch.com/site/petalbot)" "www.cyberdontic.com"
35.195.73.15 - - [19/Oct/2022:12:53:55 -0700] "HEAD / HTTP/1.1" 200 - "-" "Apache-HttpClient/4.5.5 (Java/11.0.9)" "cyberdontic.com"
154.6.26.216 - - [19/Oct/2022:12:56:57 -0700] "GET /eve/forums/a/frm/f/6516008412 HTTP/1.1" 404 73 "http://cyberdontic.com/eve/forums/a/frm/f/6516008412" "Mozilla/5.0 (Windows NT 10.0) AppleWebKit/537.36 (KHTML, like Gecko) Chrome/90.0.4430.93 Safari/537.36" "cyberdontic.com"
154.6.26.216 - - [19/Oct/2022:12:56:57 -0700] "GET / HTTP/1.1" 200 6620 "http://cyberdontic.com/" "Mozilla/5.0 (Windows NT 10.0) AppleWebKit/537.36 (KHTML, like Gecko) Chrome/90.0.4430.93 Safari/537.36" "cyberdontic.com"
154.6.26.216 - - [19/Oct/2022:12:56:58 -0700] "GET /guestbook.htm HTTP/1.1" 200 - "http://cyberdontic.com/guestbook.htm" "Mozilla/5.0 (Windows NT 10.0) AppleWebKit/537.36 (KHTML, like Gecko) Chrome/90.0.4430.93 Safari/537.36" "cyberdontic.com"
