185.147.213.44 - - [20/Sep/2022:23:50:59 -0700] "GET /eve/forums/a/frm/f/6516008412 HTTP/1.1" 404 88 "http://cyberdontic.com" "Mozilla/5.0 (Windows NT 10.0; Win64; x64) AppleWebKit/537.36 (KHTML, like Gecko) Chrome/62.0.3202.94 Safari/537.36" "cyberdontic.com"
185.147.213.44 - - [20/Sep/2022:23:51:01 -0700] "GET /eve/forums/a/frm/f/6516008412 HTTP/1.1" 404 88 "http://cyberdontic.com" "Mozilla/5.0 (Windows NT 10.0; Win64; x64) AppleWebKit/537.36 (KHTML, like Gecko) Chrome/62.0.3202.94 Safari/537.36" "cyberdontic.com"
185.147.213.44 - - [20/Sep/2022:23:51:03 -0700] "GET /eve/forums/a/frm/f/6516008412 HTTP/1.1" 404 88 "http://cyberdontic.com" "Mozilla/5.0 (Windows NT 10.0; Win64; x64) AppleWebKit/537.36 (KHTML, like Gecko) Chrome/62.0.3202.94 Safari/537.36" "cyberdontic.com"
114.119.155.118 - - [20/Sep/2022:23:51:53 -0700] "GET /BISG_files/?C=M%3BO%3DA HTTP/1.1" 200 446 "http://cyberdontic.com/BISG_files?C=M%3BO%3DA" "Mozilla/5.0 (Linux; Android 7.0;) AppleWebKit/537.36 (KHTML, like Gecko) Mobile Safari/537.36 (compatible; PetalBot;+https://webmaster.petalsearch.com/site/petalbot)" "cyberdontic.com"
114.119.155.122 - - [21/Sep/2022:00:03:12 -0700] "GET /ce/Augmentation_files?C=M%3BO%3DA HTTP/1.1" 301 1431 "http://www.cyberdontic.com/ce/Augmentation_files?C=S%3BO%3DA" "Mozilla/5.0 (Linux; Android 7.0;) AppleWebKit/537.36 (KHTML, like Gecko) Mobile Safari/537.36 (compatible; PetalBot;+https://webmaster.petalsearch.com/site/petalbot)" "www.cyberdontic.com"
51.222.253.18 - - [21/Sep/2022:00:14:04 -0700] "GET /ce/Webinars_files/?C=M;O=D HTTP/1.1" 200 397 "-" "Mozilla/5.0 (compatible; AhrefsBot/7.0; +http://ahrefs.com/robot/)" "cyberdontic.com"
114.119.155.142 - - [21/Sep/2022:00:14:34 -0700] "GET /ce?D=A HTTP/1.1" 301 1408 "http://cyberdontic.com/ce?N=D" "Mozilla/5.0 (Linux; Android 7.0;) AppleWebKit/537.36 (KHTML, like Gecko) Mobile Safari/537.36 (compatible; PetalBot;+https://webmaster.petalsearch.com/site/petalbot)" "cyberdontic.com"
114.119.155.142 - - [21/Sep/2022:00:14:35 -0700] "GET /ce/?D=A HTTP/1.1" 200 1260 "http://cyberdontic.com/ce?N=D" "Mozilla/5.0 (Linux; Android 7.0;) AppleWebKit/537.36 (KHTML, like Gecko) Mobile Safari/537.36 (compatible; PetalBot;+https://webmaster.petalsearch.com/site/petalbot)" "cyberdontic.com"
216.244.66.245 - - [21/Sep/2022:00:14:56 -0700] "GET /robots.txt HTTP/1.1" 404 73 "-" "Mozilla/5.0 (compatible; DotBot/1.2; +https://opensiteexplorer.org/dotbot; help@moz.com)" "www.cyberdontic.com"
216.244.66.245 - - [21/Sep/2022:00:14:56 -0700] "GET /robots.txt HTTP/1.1" 404 73 "-" "Mozilla/5.0 (compatible; DotBot/1.2; +https://opensiteexplorer.org/dotbot; help@moz.com)" "cyberdontic.com"
216.244.66.245 - - [21/Sep/2022:00:21:09 -0700] "GET /coverm3.gif HTTP/1.1" 200 - "-" "Mozilla/5.0 (compatible; DotBot/1.2; +https://opensiteexplorer.org/dotbot; help@moz.com)" "cyberdontic.com"
114.119.155.122 - - [21/Sep/2022:00:26:10 -0700] "GET /BISG_files?C=D%3BO%3DA HTTP/1.1" 301 1430 "http://cyberdontic.com/BISG_files?D=D" "Mozilla/5.0 (Linux; Android 7.0;) AppleWebKit/537.36 (KHTML, like Gecko) Mobile Safari/537.36 (compatible; PetalBot;+https://webmaster.petalsearch.com/site/petalbot)" "cyberdontic.com"
114.119.155.122 - - [21/Sep/2022:00:26:11 -0700] "GET /BISG_files/?C=D%3BO%3DA HTTP/1.1" 200 446 "http://cyberdontic.com/BISG_files?D=D" "Mozilla/5.0 (Linux; Android 7.0;) AppleWebKit/537.36 (KHTML, like Gecko) Mobile Safari/537.36 (compatible; PetalBot;+https://webmaster.petalsearch.com/site/petalbot)" "cyberdontic.com"
51.222.253.17 - - [21/Sep/2022:00:30:04 -0700] "GET /orthodiagnosis/images/pages/slideshows_jpg.htm HTTP/1.1" 200 344 "-" "Mozilla/5.0 (compatible; AhrefsBot/7.0; +http://ahrefs.com/robot/)" "www.cyberdontic.com"
51.222.253.19 - - [21/Sep/2022:00:30:11 -0700] "GET /orthodiagnosis/images/images/slideshows_jpg.jpg HTTP/1.1" 200 36236 "-" "Mozilla/5.0 (compatible; AhrefsBot/7.0; +http://ahrefs.com/robot/)" "www.cyberdontic.com"
185.191.171.45 - - [21/Sep/2022:00:32:01 -0700] "GET /robots.txt HTTP/1.1" 404 88 "-" "Mozilla/5.0 (compatible; SemrushBot/7~bl; +http://www.semrush.com/bot.html)" "cyberdontic.com"
185.191.171.19 - - [21/Sep/2022:00:32:01 -0700] "GET /ce/ClinicalOrthodontic_files/Thumbs.db HTTP/1.1" 200 9216 "-" "Mozilla/5.0 (compatible; SemrushBot/7~bl; +http://www.semrush.com/bot.html)" "cyberdontic.com"
114.119.155.122 - - [21/Sep/2022:00:38:12 -0700] "GET /ce/Augmentation_files/?C=S%3BO%3DA HTTP/1.1" 200 437 "http://cyberdontic.com/ce/Augmentation_files/?C=M%3BO%3DA" "Mozilla/5.0 (Linux; Android 7.0;) AppleWebKit/537.36 (KHTML, like Gecko) Mobile Safari/537.36 (compatible; PetalBot;+https://webmaster.petalsearch.com/site/petalbot)" "cyberdontic.com"
185.191.171.1 - - [21/Sep/2022:00:39:52 -0700] "GET /sound/_vti_cnf/?C=N%3BO%3DD HTTP/1.1" 200 388 "-" "Mozilla/5.0 (compatible; SemrushBot/7~bl; +http://www.semrush.com/bot.html)" "cyberdontic.com"
185.191.171.2 - - [21/Sep/2022:00:39:58 -0700] "GET /ce/GuidedSurgery_files/Thumbs.db HTTP/1.1" 200 16384 "-" "Mozilla/5.0 (compatible; SemrushBot/7~bl; +http://www.semrush.com/bot.html)" "cyberdontic.com"
51.222.253.10 - - [21/Sep/2022:00:44:51 -0700] "GET /sound/?C=M;O=A HTTP/1.1" 200 443 "-" "Mozilla/5.0 (compatible; AhrefsBot/7.0; +http://ahrefs.com/robot/)" "cyberdontic.com"
185.180.143.77 - - [21/Sep/2022:00:48:32 -0700] "GET / HTTP/1.1" 200 1104 "-" "Mozilla/5.0 (Windows NT 10.0; WOW64) AppleWebKit/537.36 (KHTML, like Gecko) Chrome/66.0.3359.117 Safari/537.36" "www.cyberdontic.com"
185.191.171.40 - - [21/Sep/2022:00:52:18 -0700] "GET /Spanish/_vti_cnf/?C=S%3BO%3DA HTTP/1.1" 200 583 "-" "Mozilla/5.0 (compatible; SemrushBot/7~bl; +http://www.semrush.com/bot.html)" "cyberdontic.com"
185.191.171.43 - - [21/Sep/2022:00:56:17 -0700] "GET /ce/Webinars_files/?C=M%3BO%3DA HTTP/1.1" 200 399 "-" "Mozilla/5.0 (compatible; SemrushBot/7~bl; +http://www.semrush.com/bot.html)" "cyberdontic.com"
185.191.171.14 - - [21/Sep/2022:00:58:22 -0700] "GET /Spanish/_derived/_vti_cnf/ HTTP/1.1" 200 402 "-" "Mozilla/5.0 (compatible; SemrushBot/7~bl; +http://www.semrush.com/bot.html)" "cyberdontic.com"
51.222.253.20 - - [21/Sep/2022:00:58:56 -0700] "GET /product.htm HTTP/1.1" 404 88 "-" "Mozilla/5.0 (compatible; AhrefsBot/7.0; +http://ahrefs.com/robot/)" "cyberdontic.com"
114.119.155.122 - - [21/Sep/2022:01:02:22 -0700] "GET /ce/education5_files?C=D%3BO%3DA HTTP/1.1" 301 1429 "http://cyberdontic.com/ce/education5_files?M=D" "Mozilla/5.0 (Linux; Android 7.0;) AppleWebKit/537.36 (KHTML, like Gecko) Mobile Safari/537.36 (compatible; PetalBot;+https://webmaster.petalsearch.com/site/petalbot)" "cyberdontic.com"
114.119.155.122 - - [21/Sep/2022:01:02:22 -0700] "GET /ce/education5_files/?C=D%3BO%3DA HTTP/1.1" 200 442 "http://cyberdontic.com/ce/education5_files?M=D" "Mozilla/5.0 (Linux; Android 7.0;) AppleWebKit/537.36 (KHTML, like Gecko) Mobile Safari/537.36 (compatible; PetalBot;+https://webmaster.petalsearch.com/site/petalbot)" "cyberdontic.com"
185.191.171.23 - - [21/Sep/2022:01:02:38 -0700] "GET /ce/ImplantResidency_files/?C=D%3BO%3DA HTTP/1.1" 200 380 "-" "Mozilla/5.0 (compatible; SemrushBot/7~bl; +http://www.semrush.com/bot.html)" "cyberdontic.com"
157.90.209.78 - - [21/Sep/2022:01:05:00 -0700] "GET /robots.txt HTTP/1.1" 404 88 "-" "Mozilla/5.0 (compatible; BLEXBot/1.0; +http://webmeup-crawler.com/)" "cyberdontic.com"
157.90.209.78 - - [21/Sep/2022:01:05:00 -0700] "GET / HTTP/1.1" 200 1104 "-" "Mozilla/5.0 (compatible; BLEXBot/1.0; +http://webmeup-crawler.com/)" "cyberdontic.com"
185.191.171.43 - - [21/Sep/2022:01:05:31 -0700] "GET /ce/StudyGroups_files/?C=S%3BO%3DA HTTP/1.1" 200 403 "-" "Mozilla/5.0 (compatible; SemrushBot/7~bl; +http://www.semrush.com/bot.html)" "cyberdontic.com"
216.244.66.245 - - [21/Sep/2022:01:07:46 -0700] "GET /robots.txt HTTP/1.1" 404 73 "-" "Mozilla/5.0 (compatible; DotBot/1.2; +https://opensiteexplorer.org/dotbot; help@moz.com)" "www.cyberdontic.com"
216.244.66.245 - - [21/Sep/2022:01:07:46 -0700] "GET /robots.txt HTTP/1.1" 404 73 "-" "Mozilla/5.0 (compatible; DotBot/1.2; +https://opensiteexplorer.org/dotbot; help@moz.com)" "cyberdontic.com"
51.222.253.2 - - [21/Sep/2022:01:12:59 -0700] "GET /ce/StudyGroups_files/?C=N;O=A HTTP/1.1" 200 403 "-" "Mozilla/5.0 (compatible; AhrefsBot/7.0; +http://ahrefs.com/robot/)" "cyberdontic.com"
114.119.155.126 - - [21/Sep/2022:01:14:30 -0700] "GET /CBCT_files HTTP/1.1" 301 1414 "http://www.cyberdontic.com?C=D%3BO%3DA" "Mozilla/5.0 (Linux; Android 7.0;) AppleWebKit/537.36 (KHTML, like Gecko) Mobile Safari/537.36 (compatible; PetalBot;+https://webmaster.petalsearch.com/site/petalbot)" "www.cyberdontic.com"
114.119.155.126 - - [21/Sep/2022:01:14:30 -0700] "GET /CBCT_files/ HTTP/1.1" 200 450 "http://www.cyberdontic.com?C=D%3BO%3DA" "Mozilla/5.0 (Linux; Android 7.0;) AppleWebKit/537.36 (KHTML, like Gecko) Mobile Safari/537.36 (compatible; PetalBot;+https://webmaster.petalsearch.com/site/petalbot)" "www.cyberdontic.com"
51.222.253.14 - - [21/Sep/2022:01:21:13 -0700] "GET /sound/?C=S;O=A HTTP/1.1" 200 444 "-" "Mozilla/5.0 (compatible; AhrefsBot/7.0; +http://ahrefs.com/robot/)" "cyberdontic.com"
185.191.171.21 - - [21/Sep/2022:01:24:31 -0700] "GET /Spanish/_vti_cnf/spanish.htm HTTP/1.1" 200 626 "-" "Mozilla/5.0 (compatible; SemrushBot/7~bl; +http://www.semrush.com/bot.html)" "cyberdontic.com"
114.119.155.122 - - [21/Sep/2022:01:26:30 -0700] "GET /ce/GuidedSurgery_files/?C=N%3BO%3DD HTTP/1.1" 200 444 "http://www.cyberdontic.com/ce/GuidedSurgery_files" "Mozilla/5.0 (Linux; Android 7.0;) AppleWebKit/537.36 (KHTML, like Gecko) Mobile Safari/537.36 (compatible; PetalBot;+https://webmaster.petalsearch.com/site/petalbot)" "www.cyberdontic.com"
114.119.155.122 - - [21/Sep/2022:01:33:04 -0700] "GET /ce/FamilyDentistryImplantsandOrthodontics_files?C=D%3BO%3DA HTTP/1.1" 301 1449 "http://www.cyberdontic.com/ce/FamilyDentistryImplantsandOrthodontics_files?C=S%3BO%3DA" "Mozilla/5.0 (Linux; Android 7.0;) AppleWebKit/537.36 (KHTML, like Gecko) Mobile Safari/537.36 (compatible; PetalBot;+https://webmaster.petalsearch.com/site/petalbot)" "www.cyberdontic.com"
114.119.155.122 - - [21/Sep/2022:01:33:04 -0700] "GET /ce/FamilyDentistryImplantsandOrthodontics_files/?C=D%3BO%3DA HTTP/1.1" 200 619 "http://www.cyberdontic.com/ce/FamilyDentistryImplantsandOrthodontics_files?C=S%3BO%3DA" "Mozilla/5.0 (Linux; Android 7.0;) AppleWebKit/537.36 (KHTML, like Gecko) Mobile Safari/537.36 (compatible; PetalBot;+https://webmaster.petalsearch.com/site/petalbot)" "www.cyberdontic.com"
51.222.253.15 - - [21/Sep/2022:01:35:05 -0700] "GET /ce/BISG_files/?C=D;O=A HTTP/1.1" 200 649 "-" "Mozilla/5.0 (compatible; AhrefsBot/7.0; +http://ahrefs.com/robot/)" "cyberdontic.com"
185.191.171.25 - - [21/Sep/2022:01:37:22 -0700] "GET /robots.txt HTTP/1.1" 404 88 "-" "Mozilla/5.0 (compatible; SemrushBot/7~bl; +http://www.semrush.com/bot.html)" "www.cyberdontic.com"
185.191.171.20 - - [21/Sep/2022:01:37:26 -0700] "GET /history.htm HTTP/1.1" 200 20 "-" "Mozilla/5.0 (compatible; SemrushBot/7~bl; +http://www.semrush.com/bot.html)" "www.cyberdontic.com"
114.119.155.122 - - [21/Sep/2022:01:39:06 -0700] "GET /Spanish/_derived/_vti_cnf?S=A HTTP/1.1" 301 1430 "https://cyberdontic.com/Spanish/_derived/_vti_cnf?M=D" "Mozilla/5.0 (Linux; Android 7.0;) AppleWebKit/537.36 (KHTML, like Gecko) Mobile Safari/537.36 (compatible; PetalBot;+https://webmaster.petalsearch.com/site/petalbot)" "cyberdontic.com"
114.119.155.122 - - [21/Sep/2022:01:39:07 -0700] "GET /Spanish/_derived/_vti_cnf/?S=A HTTP/1.1" 200 402 "https://cyberdontic.com/Spanish/_derived/_vti_cnf?M=D" "Mozilla/5.0 (Linux; Android 7.0;) AppleWebKit/537.36 (KHTML, like Gecko) Mobile Safari/537.36 (compatible; PetalBot;+https://webmaster.petalsearch.com/site/petalbot)" "cyberdontic.com"
114.119.155.142 - - [21/Sep/2022:01:44:42 -0700] "GET /ce/ImplantResidency_files/?C=N%3BO%3DD HTTP/1.1" 200 380 "http://cyberdontic.com/ce/ImplantResidency_files/?C=S%3BO%3DA" "Mozilla/5.0 (Linux; Android 7.0;) AppleWebKit/537.36 (KHTML, like Gecko) Mobile Safari/537.36 (compatible; PetalBot;+https://webmaster.petalsearch.com/site/petalbot)" "cyberdontic.com"
51.222.253.19 - - [21/Sep/2022:01:48:59 -0700] "GET /sound/_vti_cnf/ HTTP/1.1" 200 388 "-" "Mozilla/5.0 (compatible; AhrefsBot/7.0; +http://ahrefs.com/robot/)" "cyberdontic.com"
185.191.171.6 - - [21/Sep/2022:01:49:49 -0700] "GET /sound/ HTTP/1.1" 200 444 "-" "Mozilla/5.0 (compatible; SemrushBot/7~bl; +http://www.semrush.com/bot.html)" "www.cyberdontic.com"
114.119.155.122 - - [21/Sep/2022:01:50:22 -0700] "GET /sound/_vti_cnf?M=A HTTP/1.1" 301 1418 "http://cyberdontic.com/sound/_vti_cnf?N=D" "Mozilla/5.0 (Linux; Android 7.0;) AppleWebKit/537.36 (KHTML, like Gecko) Mobile Safari/537.36 (compatible; PetalBot;+https://webmaster.petalsearch.com/site/petalbot)" "cyberdontic.com"
114.119.155.122 - - [21/Sep/2022:01:50:26 -0700] "GET /sound/_vti_cnf/?M=A HTTP/1.1" 200 388 "http://cyberdontic.com/sound/_vti_cnf?N=D" "Mozilla/5.0 (Linux; Android 7.0;) AppleWebKit/537.36 (KHTML, like Gecko) Mobile Safari/537.36 (compatible; PetalBot;+https://webmaster.petalsearch.com/site/petalbot)" "cyberdontic.com"
114.119.155.126 - - [21/Sep/2022:01:55:47 -0700] "GET /ce/FamilyDentistryImplantsandOrthodontics_files?D=D HTTP/1.1" 301 1438 "http://cyberdontic.com/ce/FamilyDentistryImplantsandOrthodontics_files?D=A" "Mozilla/5.0 (Linux; Android 7.0;) AppleWebKit/537.36 (KHTML, like Gecko) Mobile Safari/537.36 (compatible; PetalBot;+https://webmaster.petalsearch.com/site/petalbot)" "cyberdontic.com"
114.119.155.126 - - [21/Sep/2022:01:55:48 -0700] "GET /ce/FamilyDentistryImplantsandOrthodontics_files/?D=D HTTP/1.1" 200 619 "http://cyberdontic.com/ce/FamilyDentistryImplantsandOrthodontics_files?D=A" "Mozilla/5.0 (Linux; Android 7.0;) AppleWebKit/537.36 (KHTML, like Gecko) Mobile Safari/537.36 (compatible; PetalBot;+https://webmaster.petalsearch.com/site/petalbot)" "cyberdontic.com"
216.244.66.245 - - [21/Sep/2022:01:59:33 -0700] "GET /robots.txt HTTP/1.1" 404 73 "-" "Mozilla/5.0 (compatible; DotBot/1.2; +https://opensiteexplorer.org/dotbot; help@moz.com)" "www.cyberdontic.com"
216.244.66.245 - - [21/Sep/2022:01:59:33 -0700] "GET /robots.txt HTTP/1.1" 404 73 "-" "Mozilla/5.0 (compatible; DotBot/1.2; +https://opensiteexplorer.org/dotbot; help@moz.com)" "cyberdontic.com"
114.119.155.118 - - [21/Sep/2022:02:01:20 -0700] "GET /BISG/ HTTP/1.1" 200 415 "http://cyberdontic.com?C=N%3BO%3DD" "Mozilla/5.0 (Linux; Android 7.0;) AppleWebKit/537.36 (KHTML, like Gecko) Mobile Safari/537.36 (compatible; PetalBot;+https://webmaster.petalsearch.com/site/petalbot)" "cyberdontic.com"
51.222.253.18 - - [21/Sep/2022:02:05:04 -0700] "GET /framelink.htm HTTP/1.1" 200 20 "-" "Mozilla/5.0 (compatible; AhrefsBot/7.0; +http://ahrefs.com/robot/)" "www.cyberdontic.com"
114.119.155.126 - - [21/Sep/2022:02:12:25 -0700] "GET /Spanish/_derived?C=N%3BO%3DD HTTP/1.1" 301 1430 "http://www.cyberdontic.com/Spanish/_derived?C=S%3BO%3DA" "Mozilla/5.0 (Linux; Android 7.0;) AppleWebKit/537.36 (KHTML, like Gecko) Mobile Safari/537.36 (compatible; PetalBot;+https://webmaster.petalsearch.com/site/petalbot)" "www.cyberdontic.com"
114.119.155.126 - - [21/Sep/2022:02:12:28 -0700] "GET /Spanish/_derived/?C=N%3BO%3DD HTTP/1.1" 200 426 "http://www.cyberdontic.com/Spanish/_derived?C=S%3BO%3DA" "Mozilla/5.0 (Linux; Android 7.0;) AppleWebKit/537.36 (KHTML, like Gecko) Mobile Safari/537.36 (compatible; PetalBot;+https://webmaster.petalsearch.com/site/petalbot)" "www.cyberdontic.com"
114.119.155.118 - - [21/Sep/2022:02:18:23 -0700] "GET /SS/_vti_cnf?M=A HTTP/1.1" 301 1417 "http://cyberdontic.com/SS/_vti_cnf?N=A" "Mozilla/5.0 (Linux; Android 7.0;) AppleWebKit/537.36 (KHTML, like Gecko) Mobile Safari/537.36 (compatible; PetalBot;+https://webmaster.petalsearch.com/site/petalbot)" "cyberdontic.com"
185.191.171.39 - - [21/Sep/2022:02:18:24 -0700] "GET /robots.txt HTTP/1.1" 404 88 "-" "Mozilla/5.0 (compatible; SemrushBot/7~bl; +http://www.semrush.com/bot.html)" "cyberdontic.com"
114.119.155.118 - - [21/Sep/2022:02:18:25 -0700] "GET /SS/_vti_cnf/?M=A HTTP/1.1" 200 465 "http://cyberdontic.com/SS/_vti_cnf?N=A" "Mozilla/5.0 (Linux; Android 7.0;) AppleWebKit/537.36 (KHTML, like Gecko) Mobile Safari/537.36 (compatible; PetalBot;+https://webmaster.petalsearch.com/site/petalbot)" "cyberdontic.com"
185.191.171.14 - - [21/Sep/2022:02:18:25 -0700] "GET /SS/_vti_cnf/price15.htm HTTP/1.1" 200 472 "-" "Mozilla/5.0 (compatible; SemrushBot/7~bl; +http://www.semrush.com/bot.html)" "cyberdontic.com"
51.222.253.2 - - [21/Sep/2022:02:20:17 -0700] "GET /ce/BISG.htm HTTP/1.1" 200 4191 "-" "Mozilla/5.0 (compatible; AhrefsBot/7.0; +http://ahrefs.com/robot/)" "cyberdontic.com"
185.191.171.20 - - [21/Sep/2022:02:22:24 -0700] "GET /disc1_toc.htm HTTP/1.1" 200 20 "-" "Mozilla/5.0 (compatible; SemrushBot/7~bl; +http://www.semrush.com/bot.html)" "www.cyberdontic.com"
114.119.155.142 - - [21/Sep/2022:02:24:17 -0700] "GET /Webinar_Select.htm HTTP/1.1" 200 2642 "http://cyberdontic.com?C=N%3BO%3DD" "Mozilla/5.0 (Linux; Android 7.0;) AppleWebKit/537.36 (KHTML, like Gecko) Mobile Safari/537.36 (compatible; PetalBot;+https://webmaster.petalsearch.com/site/petalbot)" "cyberdontic.com"
123.125.109.117 - - [21/Sep/2022:02:25:47 -0700] "GET / HTTP/1.1" 200 1104 "-" "Sogou web spider/4.0(+http://www.sogou.com/docs/help/webmasters.htm#07)" "cyberdontic.com"
216.244.66.245 - - [21/Sep/2022:02:26:47 -0700] "GET /CBCT_files/Image_5.jpg HTTP/1.1" 200 12929 "-" "Mozilla/5.0 (compatible; DotBot/1.2; +https://opensiteexplorer.org/dotbot; help@moz.com)" "www.cyberdontic.com"
114.119.155.122 - - [21/Sep/2022:02:30:09 -0700] "GET /ce/StudyGroups_files?C=M%3BO%3DA HTTP/1.1" 301 1433 "http://www.cyberdontic.com/ce/StudyGroups_files" "Mozilla/5.0 (Linux; Android 7.0;) AppleWebKit/537.36 (KHTML, like Gecko) Mobile Safari/537.36 (compatible; PetalBot;+https://webmaster.petalsearch.com/site/petalbot)" "www.cyberdontic.com"
114.119.155.122 - - [21/Sep/2022:02:30:09 -0700] "GET /ce/StudyGroups_files/?C=M%3BO%3DA HTTP/1.1" 200 403 "http://www.cyberdontic.com/ce/StudyGroups_files" "Mozilla/5.0 (Linux; Android 7.0;) AppleWebKit/537.36 (KHTML, like Gecko) Mobile Safari/537.36 (compatible; PetalBot;+https://webmaster.petalsearch.com/site/petalbot)" "www.cyberdontic.com"
185.191.171.9 - - [21/Sep/2022:02:31:32 -0700] "GET /ce/education5_files/?C=M%3BO%3DA HTTP/1.1" 200 442 "-" "Mozilla/5.0 (compatible; SemrushBot/7~bl; +http://www.semrush.com/bot.html)" "cyberdontic.com"
114.119.155.122 - - [21/Sep/2022:02:35:58 -0700] "GET /ce/BISG_files?C=D%3BO%3DA HTTP/1.1" 301 1428 "http://cyberdontic.com/ce/BISG_files?N=A" "Mozilla/5.0 (Linux; Android 7.0;) AppleWebKit/537.36 (KHTML, like Gecko) Mobile Safari/537.36 (compatible; PetalBot;+https://webmaster.petalsearch.com/site/petalbot)" "cyberdontic.com"
114.119.155.122 - - [21/Sep/2022:02:35:59 -0700] "GET /ce/BISG_files/?C=D%3BO%3DA HTTP/1.1" 200 649 "http://cyberdontic.com/ce/BISG_files?N=A" "Mozilla/5.0 (Linux; Android 7.0;) AppleWebKit/537.36 (KHTML, like Gecko) Mobile Safari/537.36 (compatible; PetalBot;+https://webmaster.petalsearch.com/site/petalbot)" "cyberdontic.com"
51.222.253.15 - - [21/Sep/2022:02:37:25 -0700] "GET /CBCT_files/ HTTP/1.1" 200 450 "-" "Mozilla/5.0 (compatible; AhrefsBot/7.0; +http://ahrefs.com/robot/)" "www.cyberdontic.com"
185.191.171.6 - - [21/Sep/2022:02:37:34 -0700] "GET /ce/FamilyDentistryImplantsandOrthodontics_files/?C=N%3BO%3DD HTTP/1.1" 200 619 "-" "Mozilla/5.0 (compatible; SemrushBot/7~bl; +http://www.semrush.com/bot.html)" "cyberdontic.com"
114.119.155.142 - - [21/Sep/2022:02:41:45 -0700] "GET /BISG?C=M%3BO%3DA HTTP/1.1" 301 1421 "http://cyberdontic.com/BISG?N=D" "Mozilla/5.0 (Linux; Android 7.0;) AppleWebKit/537.36 (KHTML, like Gecko) Mobile Safari/537.36 (compatible; PetalBot;+https://webmaster.petalsearch.com/site/petalbot)" "cyberdontic.com"
114.119.155.142 - - [21/Sep/2022:02:41:47 -0700] "GET /BISG/?C=M%3BO%3DA HTTP/1.1" 200 415 "http://cyberdontic.com/BISG?N=D" "Mozilla/5.0 (Linux; Android 7.0;) AppleWebKit/537.36 (KHTML, like Gecko) Mobile Safari/537.36 (compatible; PetalBot;+https://webmaster.petalsearch.com/site/petalbot)" "cyberdontic.com"
114.119.155.122 - - [21/Sep/2022:02:47:30 -0700] "GET /OSG_files?D=A HTTP/1.1" 301 1416 "http://cyberdontic.com/OSG_files" "Mozilla/5.0 (Linux; Android 7.0;) AppleWebKit/537.36 (KHTML, like Gecko) Mobile Safari/537.36 (compatible; PetalBot;+https://webmaster.petalsearch.com/site/petalbot)" "cyberdontic.com"
114.119.155.122 - - [21/Sep/2022:02:47:32 -0700] "GET /OSG_files/?D=A HTTP/1.1" 200 465 "http://cyberdontic.com/OSG_files" "Mozilla/5.0 (Linux; Android 7.0;) AppleWebKit/537.36 (KHTML, like Gecko) Mobile Safari/537.36 (compatible; PetalBot;+https://webmaster.petalsearch.com/site/petalbot)" "cyberdontic.com"
5.255.253.149 - - [21/Sep/2022:02:47:44 -0700] "GET /robots.txt HTTP/1.1" 404 73 "-" "Mozilla/5.0 (compatible; YandexBot/3.0; +http://yandex.com/bots)" "www.cyberdontic.com"
5.255.253.136 - - [21/Sep/2022:02:47:49 -0700] "GET / HTTP/1.1" 200 1104 "-" "Mozilla/5.0 (compatible; YandexBot/3.0; +http://yandex.com/bots)" "www.cyberdontic.com"
5.255.253.136 - - [21/Sep/2022:02:49:09 -0700] "GET /robots.txt HTTP/1.1" 404 73 "-" "Mozilla/5.0 (compatible; YandexBot/3.0; +http://yandex.com/bots)" "www.cyberdontic.com"
213.180.203.82 - - [21/Sep/2022:02:49:10 -0700] "GET /robots.txt HTTP/1.1" 404 73 "-" "Mozilla/5.0 (compatible; YandexBot/3.0; +http://yandex.com/bots)" "cyberdontic.com"
213.180.203.82 - - [21/Sep/2022:02:49:13 -0700] "GET / HTTP/1.1" 200 1104 "-" "Mozilla/5.0 (compatible; YandexBot/3.0; +http://yandex.com/bots)" "www.cyberdontic.com"
5.255.253.149 - - [21/Sep/2022:02:49:14 -0700] "GET / HTTP/1.1" 200 1104 "-" "Mozilla/5.0 (compatible; YandexBot/3.0; +http://yandex.com/bots)" "cyberdontic.com"
185.191.171.44 - - [21/Sep/2022:02:50:33 -0700] "GET /robots.txt HTTP/1.1" 404 88 "-" "Mozilla/5.0 (compatible; SemrushBot/7~bl; +http://www.semrush.com/bot.html)" "www.cyberdontic.com"
185.191.171.22 - - [21/Sep/2022:02:50:33 -0700] "GET /ce/ImmediatePlacement.htm HTTP/1.1" 200 1548 "-" "Mozilla/5.0 (compatible; SemrushBot/7~bl; +http://www.semrush.com/bot.html)" "www.cyberdontic.com"
114.119.155.126 - - [21/Sep/2022:02:53:18 -0700] "GET /ce/CBCT_files?C=N%3BO%3DD HTTP/1.1" 301 1429 "http://www.cyberdontic.com/ce/CBCT_files" "Mozilla/5.0 (Linux; Android 7.0;) AppleWebKit/537.36 (KHTML, like Gecko) Mobile Safari/537.36 (compatible; PetalBot;+https://webmaster.petalsearch.com/site/petalbot)" "www.cyberdontic.com"
114.119.155.126 - - [21/Sep/2022:02:53:20 -0700] "GET /ce/CBCT_files/?C=N%3BO%3DD HTTP/1.1" 200 454 "http://www.cyberdontic.com/ce/CBCT_files" "Mozilla/5.0 (Linux; Android 7.0;) AppleWebKit/537.36 (KHTML, like Gecko) Mobile Safari/537.36 (compatible; PetalBot;+https://webmaster.petalsearch.com/site/petalbot)" "www.cyberdontic.com"
51.222.253.18 - - [21/Sep/2022:02:53:20 -0700] "GET /SS/ HTTP/1.1" 200 492 "-" "Mozilla/5.0 (compatible; AhrefsBot/7.0; +http://ahrefs.com/robot/)" "www.cyberdontic.com"
51.222.253.20 - - [21/Sep/2022:02:57:31 -0700] "GET /MultiPhase_files/?C=D;O=A HTTP/1.1" 200 429 "-" "Mozilla/5.0 (compatible; AhrefsBot/7.0; +http://ahrefs.com/robot/)" "www.cyberdontic.com"
114.119.155.122 - - [21/Sep/2022:02:59:02 -0700] "GET /Spanish/_overlay?C=D%3BO%3DA HTTP/1.1" 301 1430 "http://www.cyberdontic.com/Spanish/_overlay?C=M%3BO%3DA" "Mozilla/5.0 (Linux; Android 7.0;) AppleWebKit/537.36 (KHTML, like Gecko) Mobile Safari/537.36 (compatible; PetalBot;+https://webmaster.petalsearch.com/site/petalbot)" "www.cyberdontic.com"
114.119.155.122 - - [21/Sep/2022:02:59:02 -0700] "GET /Spanish/_overlay/?C=D%3BO%3DA HTTP/1.1" 200 390 "http://www.cyberdontic.com/Spanish/_overlay?C=M%3BO%3DA" "Mozilla/5.0 (Linux; Android 7.0;) AppleWebKit/537.36 (KHTML, like Gecko) Mobile Safari/537.36 (compatible; PetalBot;+https://webmaster.petalsearch.com/site/petalbot)" "www.cyberdontic.com"
51.222.253.4 - - [21/Sep/2022:03:01:49 -0700] "GET /Spanish/_overlay/?C=S;O=A HTTP/1.1" 200 390 "-" "Mozilla/5.0 (compatible; AhrefsBot/7.0; +http://ahrefs.com/robot/)" "www.cyberdontic.com"
114.119.155.142 - - [21/Sep/2022:03:04:49 -0700] "GET /ce/BISG_files/?C=D%3BO%3DA HTTP/1.1" 200 649 "http://cyberdontic.com/ce/BISG_files?M=A" "Mozilla/5.0 (Linux; Android 7.0;) AppleWebKit/537.36 (KHTML, like Gecko) Mobile Safari/537.36 (compatible; PetalBot;+https://webmaster.petalsearch.com/site/petalbot)" "cyberdontic.com"
51.222.253.6 - - [21/Sep/2022:03:05:56 -0700] "GET /Spanish/_overlay/?C=M;O=A HTTP/1.1" 200 390 "-" "Mozilla/5.0 (compatible; AhrefsBot/7.0; +http://ahrefs.com/robot/)" "www.cyberdontic.com"
185.191.171.3 - - [21/Sep/2022:03:07:41 -0700] "GET /Spanish/_derived/?C=N%3BO%3DD HTTP/1.1" 200 426 "-" "Mozilla/5.0 (compatible; SemrushBot/7~bl; +http://www.semrush.com/bot.html)" "cyberdontic.com"
51.222.253.4 - - [21/Sep/2022:03:10:25 -0700] "GET /StudyGroups_files/?C=M;O=A HTTP/1.1" 200 399 "-" "Mozilla/5.0 (compatible; AhrefsBot/7.0; +http://ahrefs.com/robot/)" "www.cyberdontic.com"
114.119.155.122 - - [21/Sep/2022:03:10:36 -0700] "GET /OSG_files HTTP/1.1" 301 1412 "http://cyberdontic.com" "Mozilla/5.0 (Linux; Android 7.0;) AppleWebKit/537.36 (KHTML, like Gecko) Mobile Safari/537.36 (compatible; PetalBot;+https://webmaster.petalsearch.com/site/petalbot)" "cyberdontic.com"
51.222.253.19 - - [21/Sep/2022:03:12:28 -0700] "GET /StudyGroups_files/?C=D;O=A HTTP/1.1" 200 398 "-" "Mozilla/5.0 (compatible; AhrefsBot/7.0; +http://ahrefs.com/robot/)" "www.cyberdontic.com"
51.222.253.7 - - [21/Sep/2022:03:14:29 -0700] "GET /Spanish/?C=M;O=D HTTP/1.1" 200 642 "-" "Mozilla/5.0 (compatible; AhrefsBot/7.0; +http://ahrefs.com/robot/)" "www.cyberdontic.com"
114.119.155.126 - - [21/Sep/2022:03:16:27 -0700] "GET /ce/CBCT_files HTTP/1.1" 301 1414 "http://cyberdontic.com/ce?D=D" "Mozilla/5.0 (Linux; Android 7.0;) AppleWebKit/537.36 (KHTML, like Gecko) Mobile Safari/537.36 (compatible; PetalBot;+https://webmaster.petalsearch.com/site/petalbot)" "cyberdontic.com"
114.119.155.126 - - [21/Sep/2022:03:16:29 -0700] "GET /ce/CBCT_files/ HTTP/1.1" 200 454 "http://cyberdontic.com/ce?D=D" "Mozilla/5.0 (Linux; Android 7.0;) AppleWebKit/537.36 (KHTML, like Gecko) Mobile Safari/537.36 (compatible; PetalBot;+https://webmaster.petalsearch.com/site/petalbot)" "cyberdontic.com"
51.222.253.11 - - [21/Sep/2022:03:16:35 -0700] "GET /?C=M;O=A HTTP/1.1" 200 1079 "-" "Mozilla/5.0 (compatible; AhrefsBot/7.0; +http://ahrefs.com/robot/)" "www.cyberdontic.com"
51.222.253.11 - - [21/Sep/2022:03:18:32 -0700] "GET /ce/ImmediatePlacement.htm HTTP/1.1" 200 1548 "-" "Mozilla/5.0 (compatible; AhrefsBot/7.0; +http://ahrefs.com/robot/)" "www.cyberdontic.com"
114.119.155.122 - - [21/Sep/2022:03:22:24 -0700] "GET /ce/BISG_files/Thumbs.db HTTP/1.1" 200 28672 "http://www.cyberdontic.com/ce/BISG_files/?C=M%3BO%3DA" "Mozilla/5.0 (Linux; Android 7.0;) AppleWebKit/537.36 (KHTML, like Gecko) Mobile Safari/537.36 (compatible; PetalBot;+https://webmaster.petalsearch.com/site/petalbot)" "www.cyberdontic.com"
51.222.253.12 - - [21/Sep/2022:03:22:34 -0700] "GET /ce/OSG_files/?C=M;O=D HTTP/1.1" 200 619 "-" "Mozilla/5.0 (compatible; AhrefsBot/7.0; +http://ahrefs.com/robot/)" "www.cyberdontic.com"
51.222.253.10 - - [21/Sep/2022:03:24:36 -0700] "GET /Spanish/?C=S;O=D HTTP/1.1" 200 640 "-" "Mozilla/5.0 (compatible; AhrefsBot/7.0; +http://ahrefs.com/robot/)" "www.cyberdontic.com"
51.222.253.16 - - [21/Sep/2022:03:27:16 -0700] "GET /ce/FamilyDentistryImplantsandOrthodontics_files/?C=M;O=A HTTP/1.1" 200 623 "-" "Mozilla/5.0 (compatible; AhrefsBot/7.0; +http://ahrefs.com/robot/)" "www.cyberdontic.com"
114.119.155.142 - - [21/Sep/2022:03:28:16 -0700] "GET /StudyGroups_files/ HTTP/1.1" 200 398 "https://www.cyberdontic.com/?C=M%3BO%3DA" "Mozilla/5.0 (Linux; Android 7.0;) AppleWebKit/537.36 (KHTML, like Gecko) Mobile Safari/537.36 (compatible; PetalBot;+https://webmaster.petalsearch.com/site/petalbot)" "www.cyberdontic.com"
51.222.253.10 - - [21/Sep/2022:03:29:29 -0700] "GET /?C=S;O=A HTTP/1.1" 200 1069 "-" "Mozilla/5.0 (compatible; AhrefsBot/7.0; +http://ahrefs.com/robot/)" "www.cyberdontic.com"
51.222.253.6 - - [21/Sep/2022:03:32:03 -0700] "GET /ce/FamilyDentistryImplantsandOrthodontics_files/?C=S;O=A HTTP/1.1" 200 613 "-" "Mozilla/5.0 (compatible; AhrefsBot/7.0; +http://ahrefs.com/robot/)" "www.cyberdontic.com"
185.191.171.16 - - [21/Sep/2022:03:32:09 -0700] "GET /available_formats.htm HTTP/1.1" 200 20 "-" "Mozilla/5.0 (compatible; SemrushBot/7~bl; +http://www.semrush.com/bot.html)" "www.cyberdontic.com"
114.119.155.126 - - [21/Sep/2022:03:34:10 -0700] "GET /SS/?C=N%3BO%3DD HTTP/1.1" 200 492 "http://cyberdontic.com/SS?S=A" "Mozilla/5.0 (Linux; Android 7.0;) AppleWebKit/537.36 (KHTML, like Gecko) Mobile Safari/537.36 (compatible; PetalBot;+https://webmaster.petalsearch.com/site/petalbot)" "cyberdontic.com"
51.222.253.10 - - [21/Sep/2022:03:34:25 -0700] "GET /SS/_vti_cnf/?C=N;O=D HTTP/1.1" 200 467 "-" "Mozilla/5.0 (compatible; AhrefsBot/7.0; +http://ahrefs.com/robot/)" "www.cyberdontic.com"
51.222.253.17 - - [21/Sep/2022:03:36:35 -0700] "GET /Spanish/_derived/?C=S;O=A HTTP/1.1" 200 426 "-" "Mozilla/5.0 (compatible; AhrefsBot/7.0; +http://ahrefs.com/robot/)" "www.cyberdontic.com"
51.222.253.12 - - [21/Sep/2022:03:38:44 -0700] "GET /ce/MultiPhase.htm HTTP/1.1" 200 1046 "-" "Mozilla/5.0 (compatible; AhrefsBot/7.0; +http://ahrefs.com/robot/)" "www.cyberdontic.com"
114.119.155.118 - - [21/Sep/2022:03:40:04 -0700] "GET /OSG_files?S=D HTTP/1.1" 301 1420 "http://cyberdontic.com/OSG_files/?S=A" "Mozilla/5.0 (Linux; Android 7.0;) AppleWebKit/537.36 (KHTML, like Gecko) Mobile Safari/537.36 (compatible; PetalBot;+https://webmaster.petalsearch.com/site/petalbot)" "cyberdontic.com"
114.119.155.118 - - [21/Sep/2022:03:40:06 -0700] "GET /OSG_files/?S=D HTTP/1.1" 200 465 "http://cyberdontic.com/OSG_files/?S=A" "Mozilla/5.0 (Linux; Android 7.0;) AppleWebKit/537.36 (KHTML, like Gecko) Mobile Safari/537.36 (compatible; PetalBot;+https://webmaster.petalsearch.com/site/petalbot)" "cyberdontic.com"
216.244.66.245 - - [21/Sep/2022:03:43:00 -0700] "GET /robots.txt HTTP/1.1" 404 73 "-" "Mozilla/5.0 (compatible; DotBot/1.2; +https://opensiteexplorer.org/dotbot; help@moz.com)" "cyberdontic.com"
216.244.66.245 - - [21/Sep/2022:03:43:00 -0700] "GET /robots.txt HTTP/1.1" 404 73 "-" "Mozilla/5.0 (compatible; DotBot/1.2; +https://opensiteexplorer.org/dotbot; help@moz.com)" "www.cyberdontic.com"
51.222.253.15 - - [21/Sep/2022:03:43:21 -0700] "GET /Spanish/_vti_cnf/ HTTP/1.1" 200 583 "-" "Mozilla/5.0 (compatible; AhrefsBot/7.0; +http://ahrefs.com/robot/)" "www.cyberdontic.com"
114.119.155.118 - - [21/Sep/2022:03:46:02 -0700] "GET /ce/Feb17_2015_files/?C=D%3BO%3DA HTTP/1.1" 200 630 "http://cyberdontic.com/ce/Feb17_2015_files?N=D" "Mozilla/5.0 (Linux; Android 7.0;) AppleWebKit/537.36 (KHTML, like Gecko) Mobile Safari/537.36 (compatible; PetalBot;+https://webmaster.petalsearch.com/site/petalbot)" "cyberdontic.com"
51.222.253.14 - - [21/Sep/2022:03:46:07 -0700] "GET /sound/_vti_cnf/?C=N;O=A HTTP/1.1" 200 388 "-" "Mozilla/5.0 (compatible; AhrefsBot/7.0; +http://ahrefs.com/robot/)" "www.cyberdontic.com"
51.222.253.3 - - [21/Sep/2022:03:48:39 -0700] "GET /ce/FamilyDentistryImplantsandOrthodontics_files/ HTTP/1.1" 200 619 "-" "Mozilla/5.0 (compatible; AhrefsBot/7.0; +http://ahrefs.com/robot/)" "www.cyberdontic.com"
207.46.13.115 - - [21/Sep/2022:03:51:20 -0700] "GET / HTTP/1.1" 200 1104 "-" "Mozilla/5.0 (compatible; bingbot/2.0; +http://www.bing.com/bingbot.htm)" "www.cyberdontic.com"
114.119.155.142 - - [21/Sep/2022:03:51:58 -0700] "GET /orthodiagnosis/index_testimonials.html HTTP/1.1" 200 2846 "http://cyberdontic.com/orthodiagnosis/index.html" "Mozilla/5.0 (Linux; Android 7.0;) AppleWebKit/537.36 (KHTML, like Gecko) Mobile Safari/537.36 (compatible; PetalBot;+https://webmaster.petalsearch.com/site/petalbot)" "cyberdontic.com"
51.222.253.18 - - [21/Sep/2022:03:53:48 -0700] "GET /ce/ImmediatePlacement_files/?C=M;O=A HTTP/1.1" 200 563 "-" "Mozilla/5.0 (compatible; AhrefsBot/7.0; +http://ahrefs.com/robot/)" "www.cyberdontic.com"
114.119.155.126 - - [21/Sep/2022:03:57:57 -0700] "GET /botox/ HTTP/1.1" 200 454 "http://cyberdontic.com?C=N%3BO%3DD" "Mozilla/5.0 (Linux; Android 7.0;) AppleWebKit/537.36 (KHTML, like Gecko) Mobile Safari/537.36 (compatible; PetalBot;+https://webmaster.petalsearch.com/site/petalbot)" "cyberdontic.com"
185.191.171.24 - - [21/Sep/2022:04:02:37 -0700] "GET /robots.txt HTTP/1.1" 404 88 "-" "Mozilla/5.0 (compatible; SemrushBot/7~bl; +http://www.semrush.com/bot.html)" "cyberdontic.com"
185.191.171.26 - - [21/Sep/2022:04:02:37 -0700] "GET /ce/GuidedSurgery_files/?C=M%3BO%3DA HTTP/1.1" 200 444 "-" "Mozilla/5.0 (compatible; SemrushBot/7~bl; +http://www.semrush.com/bot.html)" "cyberdontic.com"
51.222.253.12 - - [21/Sep/2022:04:03:23 -0700] "GET /OSG/?C=N;O=D HTTP/1.1" 200 424 "-" "Mozilla/5.0 (compatible; AhrefsBot/7.0; +http://ahrefs.com/robot/)" "www.cyberdontic.com"
114.119.155.126 - - [21/Sep/2022:04:03:35 -0700] "GET /cdroms.htm HTTP/1.1" 200 20 "http://cyberdontic.com?C=N%3BO%3DD" "Mozilla/5.0 (Linux; Android 7.0;) AppleWebKit/537.36 (KHTML, like Gecko) Mobile Safari/537.36 (compatible; PetalBot;+https://webmaster.petalsearch.com/site/petalbot)" "cyberdontic.com"
207.46.13.115 - - [21/Sep/2022:04:04:11 -0700] "GET / HTTP/1.1" 200 1104 "-" "Mozilla/5.0 AppleWebKit/537.36 (KHTML, like Gecko; compatible; bingbot/2.0; +http://www.bing.com/bingbot.htm) Chrome/103.0.5060.134 Safari/537.36" "cyberdontic.com"
185.191.171.3 - - [21/Sep/2022:04:06:36 -0700] "GET /ce/BISG_files/?C=S%3BO%3DA HTTP/1.1" 200 649 "-" "Mozilla/5.0 (compatible; SemrushBot/7~bl; +http://www.semrush.com/bot.html)" "cyberdontic.com"
114.119.155.126 - - [21/Sep/2022:04:09:01 -0700] "GET /ce/FamilyDentistryImplantsandOrthodontics_files?C=S%3BO%3DA HTTP/1.1" 301 1449 "http://www.cyberdontic.com/ce/FamilyDentistryImplantsandOrthodontics_files?C=D%3BO%3DA" "Mozilla/5.0 (Linux; Android 7.0;) AppleWebKit/537.36 (KHTML, like Gecko) Mobile Safari/537.36 (compatible; PetalBot;+https://webmaster.petalsearch.com/site/petalbot)" "www.cyberdontic.com"
114.119.155.126 - - [21/Sep/2022:04:09:02 -0700] "GET /ce/FamilyDentistryImplantsandOrthodontics_files/?C=S%3BO%3DA HTTP/1.1" 200 619 "http://www.cyberdontic.com/ce/FamilyDentistryImplantsandOrthodontics_files?C=D%3BO%3DA" "Mozilla/5.0 (Linux; Android 7.0;) AppleWebKit/537.36 (KHTML, like Gecko) Mobile Safari/537.36 (compatible; PetalBot;+https://webmaster.petalsearch.com/site/petalbot)" "www.cyberdontic.com"
51.222.253.16 - - [21/Sep/2022:04:12:11 -0700] "GET /ce/ImmediatePlacement_files/?C=S;O=A HTTP/1.1" 200 559 "-" "Mozilla/5.0 (compatible; AhrefsBot/7.0; +http://ahrefs.com/robot/)" "www.cyberdontic.com"
114.119.155.126 - - [21/Sep/2022:04:14:22 -0700] "GET /OSG/_vti_cnf?D=A HTTP/1.1" 301 1419 "http://cyberdontic.com/OSG/_vti_cnf?S=D" "Mozilla/5.0 (Linux; Android 7.0;) AppleWebKit/537.36 (KHTML, like Gecko) Mobile Safari/537.36 (compatible; PetalBot;+https://webmaster.petalsearch.com/site/petalbot)" "cyberdontic.com"
114.119.155.126 - - [21/Sep/2022:04:14:22 -0700] "GET /OSG/_vti_cnf/?D=A HTTP/1.1" 200 388 "http://cyberdontic.com/OSG/_vti_cnf?S=D" "Mozilla/5.0 (Linux; Android 7.0;) AppleWebKit/537.36 (KHTML, like Gecko) Mobile Safari/537.36 (compatible; PetalBot;+https://webmaster.petalsearch.com/site/petalbot)" "cyberdontic.com"
51.222.253.18 - - [21/Sep/2022:04:21:12 -0700] "GET /MultiPhase_files/?C=N;O=D HTTP/1.1" 200 428 "-" "Mozilla/5.0 (compatible; AhrefsBot/7.0; +http://ahrefs.com/robot/)" "www.cyberdontic.com"
114.119.155.122 - - [21/Sep/2022:04:25:14 -0700] "GET /ce/ClinicalOrthodontic_files?C=M%3BO%3DA HTTP/1.1" 301 1436 "http://www.cyberdontic.com/ce/ClinicalOrthodontic_files?C=N%3BO%3DD" "Mozilla/5.0 (Linux; Android 7.0;) AppleWebKit/537.36 (KHTML, like Gecko) Mobile Safari/537.36 (compatible; PetalBot;+https://webmaster.petalsearch.com/site/petalbot)" "www.cyberdontic.com"
114.119.155.122 - - [21/Sep/2022:04:25:14 -0700] "GET /ce/ClinicalOrthodontic_files/?C=M%3BO%3DA HTTP/1.1" 200 428 "http://www.cyberdontic.com/ce/ClinicalOrthodontic_files?C=N%3BO%3DD" "Mozilla/5.0 (Linux; Android 7.0;) AppleWebKit/537.36 (KHTML, like Gecko) Mobile Safari/537.36 (compatible; PetalBot;+https://webmaster.petalsearch.com/site/petalbot)" "www.cyberdontic.com"
114.119.155.122 - - [21/Sep/2022:04:30:35 -0700] "GET /ce/StudyGroups.htm HTTP/1.1" 200 1788 "http://cyberdontic.com/ce/OSG.htm" "Mozilla/5.0 (Linux; Android 7.0;) AppleWebKit/537.36 (KHTML, like Gecko) Mobile Safari/537.36 (compatible; PetalBot;+https://webmaster.petalsearch.com/site/petalbot)" "www.cyberdontic.com"
51.222.253.1 - - [21/Sep/2022:04:31:17 -0700] "GET /ce/education5_files/?C=N;O=D HTTP/1.1" 200 441 "-" "Mozilla/5.0 (compatible; AhrefsBot/7.0; +http://ahrefs.com/robot/)" "www.cyberdontic.com"
216.244.66.245 - - [21/Sep/2022:04:35:00 -0700] "GET /robots.txt HTTP/1.1" 404 73 "-" "Mozilla/5.0 (compatible; DotBot/1.2; +https://opensiteexplorer.org/dotbot; help@moz.com)" "www.cyberdontic.com"
216.244.66.245 - - [21/Sep/2022:04:35:00 -0700] "GET /robots.txt HTTP/1.1" 404 73 "-" "Mozilla/5.0 (compatible; DotBot/1.2; +https://opensiteexplorer.org/dotbot; help@moz.com)" "cyberdontic.com"
114.119.155.142 - - [21/Sep/2022:04:35:57 -0700] "GET /ce/GuidedSurgery_files/?C=S%3BO%3DA HTTP/1.1" 200 444 "http://cyberdontic.com/ce/GuidedSurgery_files?C=N%3BO%3DD" "Mozilla/5.0 (Linux; Android 7.0;) AppleWebKit/537.36 (KHTML, like Gecko) Mobile Safari/537.36 (compatible; PetalBot;+https://webmaster.petalsearch.com/site/petalbot)" "cyberdontic.com"
114.119.155.142 - - [21/Sep/2022:04:41:17 -0700] "GET /OSG/ HTTP/1.1" 200 429 "http://www.cyberdontic.com/OSG/_vti_cnf/?C=S%3BO%3DA" "Mozilla/5.0 (Linux; Android 7.0;) AppleWebKit/537.36 (KHTML, like Gecko) Mobile Safari/537.36 (compatible; PetalBot;+https://webmaster.petalsearch.com/site/petalbot)" "www.cyberdontic.com"
51.222.253.7 - - [21/Sep/2022:04:41:46 -0700] "GET /ce/ClinicalOrthodontic_files/?C=M;O=D HTTP/1.1" 200 427 "-" "Mozilla/5.0 (compatible; AhrefsBot/7.0; +http://ahrefs.com/robot/)" "cyberdontic.com"
185.191.171.45 - - [21/Sep/2022:04:46:33 -0700] "GET /ce/BISG_files/?C=D%3BO%3DA HTTP/1.1" 200 649 "-" "Mozilla/5.0 (compatible; SemrushBot/7~bl; +http://www.semrush.com/bot.html)" "cyberdontic.com"
114.119.155.122 - - [21/Sep/2022:04:46:47 -0700] "GET /ce/Webinar_Implant.htm HTTP/1.1" 200 1912 "http://cyberdontic.com/ce/OSG.htm" "Mozilla/5.0 (Linux; Android 7.0;) AppleWebKit/537.36 (KHTML, like Gecko) Mobile Safari/537.36 (compatible; PetalBot;+https://webmaster.petalsearch.com/site/petalbot)" "cyberdontic.com"
114.119.155.118 - - [21/Sep/2022:04:52:26 -0700] "GET /Spanish/_vti_cnf HTTP/1.1" 301 1418 "http://www.cyberdontic.com/Spanish?C=M%3BO%3DA" "Mozilla/5.0 (Linux; Android 7.0;) AppleWebKit/537.36 (KHTML, like Gecko) Mobile Safari/537.36 (compatible; PetalBot;+https://webmaster.petalsearch.com/site/petalbot)" "www.cyberdontic.com"
114.119.155.126 - - [21/Sep/2022:04:58:04 -0700] "GET /sound/_vti_cnf?C=S%3BO%3DA HTTP/1.1" 301 1429 "http://www.cyberdontic.com/sound/_vti_cnf?C=M%3BO%3DA" "Mozilla/5.0 (Linux; Android 7.0;) AppleWebKit/537.36 (KHTML, like Gecko) Mobile Safari/537.36 (compatible; PetalBot;+https://webmaster.petalsearch.com/site/petalbot)" "www.cyberdontic.com"
114.119.155.126 - - [21/Sep/2022:04:58:04 -0700] "GET /sound/_vti_cnf/?C=S%3BO%3DA HTTP/1.1" 200 388 "http://www.cyberdontic.com/sound/_vti_cnf?C=M%3BO%3DA" "Mozilla/5.0 (Linux; Android 7.0;) AppleWebKit/537.36 (KHTML, like Gecko) Mobile Safari/537.36 (compatible; PetalBot;+https://webmaster.petalsearch.com/site/petalbot)" "www.cyberdontic.com"
51.222.253.12 - - [21/Sep/2022:05:00:26 -0700] "GET /ce/ImmediatePlacement_files/?C=S;O=D HTTP/1.1" 200 556 "-" "Mozilla/5.0 (compatible; AhrefsBot/7.0; +http://ahrefs.com/robot/)" "www.cyberdontic.com"
114.119.155.142 - - [21/Sep/2022:05:03:49 -0700] "GET /orthodiagnosis/index_support.html HTTP/1.1" 200 3665 "http://cyberdontic.com/orthodiagnosis/index.html" "Mozilla/5.0 (Linux; Android 7.0;) AppleWebKit/537.36 (KHTML, like Gecko) Mobile Safari/537.36 (compatible; PetalBot;+https://webmaster.petalsearch.com/site/petalbot)" "cyberdontic.com"
114.119.155.126 - - [21/Sep/2022:05:09:31 -0700] "GET /ce/Feb17_2015_files?C=S%3BO%3DA HTTP/1.1" 301 1434 "http://www.cyberdontic.com/ce/Feb17_2015_files?C=M%3BO%3DA" "Mozilla/5.0 (Linux; Android 7.0;) AppleWebKit/537.36 (KHTML, like Gecko) Mobile Safari/537.36 (compatible; PetalBot;+https://webmaster.petalsearch.com/site/petalbot)" "www.cyberdontic.com"
114.119.155.126 - - [21/Sep/2022:05:09:31 -0700] "GET /ce/Feb17_2015_files/?C=S%3BO%3DA HTTP/1.1" 200 630 "http://www.cyberdontic.com/ce/Feb17_2015_files?C=M%3BO%3DA" "Mozilla/5.0 (Linux; Android 7.0;) AppleWebKit/537.36 (KHTML, like Gecko) Mobile Safari/537.36 (compatible; PetalBot;+https://webmaster.petalsearch.com/site/petalbot)" "www.cyberdontic.com"
35.90.149.177 - - [21/Sep/2022:05:17:06 -0700] "GET / HTTP/1.1" 200 1104 "-" "Mozilla/5.0 (X11; Linux x86_64) AppleWebKit/537.36 (KHTML, like Gecko) Chrome/83.0.4103.97 Safari/537.36" "cyberdontic.com"
34.219.118.101 - - [21/Sep/2022:05:17:10 -0700] "GET / HTTP/1.1" 200 1104 "-" "Mozilla/5.0 (X11; Linux x86_64) AppleWebKit/537.36 (KHTML, like Gecko) Chrome/83.0.4103.97 Safari/537.36" "cyberdontic.com"
35.92.88.75 - - [21/Sep/2022:05:18:31 -0700] "GET /favicon.ico HTTP/1.1" 404 88 "-" "Mozilla/5.0 (X11; Linux x86_64) AppleWebKit/537.36 (KHTML, like Gecko) Chrome/83.0.4103.97 Safari/537.36" "cyberdontic.com"
35.92.88.75 - - [21/Sep/2022:05:18:34 -0700] "GET / HTTP/1.1" 200 1104 "-" "Mozilla/5.0 (X11; Linux x86_64) AppleWebKit/537.36 (KHTML, like Gecko) Chrome/83.0.4103.97 Safari/537.36" "cyberdontic.com"
114.119.155.122 - - [21/Sep/2022:05:20:59 -0700] "GET /BISG_files/?C=D%3BO%3DA HTTP/1.1" 200 446 "https://www.cyberdontic.com/BISG_files/?C=M%3BO%3DA" "Mozilla/5.0 (Linux; Android 7.0;) AppleWebKit/537.36 (KHTML, like Gecko) Mobile Safari/537.36 (compatible; PetalBot;+https://webmaster.petalsearch.com/site/petalbot)" "www.cyberdontic.com"
185.191.171.20 - - [21/Sep/2022:05:21:30 -0700] "GET /robots.txt HTTP/1.1" 404 88 "-" "Mozilla/5.0 (compatible; SemrushBot/7~bl; +http://www.semrush.com/bot.html)" "cyberdontic.com"
185.191.171.17 - - [21/Sep/2022:05:21:30 -0700] "GET /ce/ImmediatePlacement_files/?C=M%3BO%3DA HTTP/1.1" 200 566 "-" "Mozilla/5.0 (compatible; SemrushBot/7~bl; +http://www.semrush.com/bot.html)" "cyberdontic.com"
157.55.39.22 - - [21/Sep/2022:05:21:30 -0700] "GET / HTTP/1.1" 200 1104 "-" "Mozilla/5.0 (compatible; bingbot/2.0; +http://www.bing.com/bingbot.htm)" "www.cyberdontic.com"
61.135.159.143 - - [21/Sep/2022:05:22:03 -0700] "GET / HTTP/1.1" 200 1104 "-" "Sogou web spider/4.0(+http://www.sogou.com/docs/help/webmasters.htm#07)" "cyberdontic.com"
51.222.253.5 - - [21/Sep/2022:05:23:31 -0700] "GET /ce/MultiPhase_files/?C=D;O=D HTTP/1.1" 200 432 "-" "Mozilla/5.0 (compatible; AhrefsBot/7.0; +http://ahrefs.com/robot/)" "cyberdontic.com"
216.244.66.245 - - [21/Sep/2022:05:25:17 -0700] "GET /robots.txt HTTP/1.1" 404 73 "-" "Mozilla/5.0 (compatible; DotBot/1.2; +https://opensiteexplorer.org/dotbot; help@moz.com)" "www.cyberdontic.com"
216.244.66.245 - - [21/Sep/2022:05:25:17 -0700] "GET /robots.txt HTTP/1.1" 404 73 "-" "Mozilla/5.0 (compatible; DotBot/1.2; +https://opensiteexplorer.org/dotbot; help@moz.com)" "cyberdontic.com"
114.119.155.118 - - [21/Sep/2022:05:26:43 -0700] "GET /ce/OSG_files?S=A HTTP/1.1" 301 1418 "http://cyberdontic.com/ce/OSG_files?N=D" "Mozilla/5.0 (Linux; Android 7.0;) AppleWebKit/537.36 (KHTML, like Gecko) Mobile Safari/537.36 (compatible; PetalBot;+https://webmaster.petalsearch.com/site/petalbot)" "cyberdontic.com"
114.119.155.118 - - [21/Sep/2022:05:26:44 -0700] "GET /ce/OSG_files/?S=A HTTP/1.1" 200 624 "http://cyberdontic.com/ce/OSG_files?N=D" "Mozilla/5.0 (Linux; Android 7.0;) AppleWebKit/537.36 (KHTML, like Gecko) Mobile Safari/537.36 (compatible; PetalBot;+https://webmaster.petalsearch.com/site/petalbot)" "cyberdontic.com"
52.13.26.186 - - [21/Sep/2022:05:27:30 -0700] "GET /favicon.ico HTTP/1.1" 404 88 "-" "Mozilla/5.0 (X11; Linux x86_64) AppleWebKit/537.36 (KHTML, like Gecko) Chrome/83.0.4103.97 Safari/537.36" "cyberdontic.com"
52.13.26.186 - - [21/Sep/2022:05:27:32 -0700] "GET / HTTP/1.1" 200 1104 "-" "Mozilla/5.0 (X11; Linux x86_64) AppleWebKit/537.36 (KHTML, like Gecko) Chrome/83.0.4103.97 Safari/537.36" "cyberdontic.com"
114.119.155.122 - - [21/Sep/2022:05:32:23 -0700] "GET /Spanish/?C=M%3BO%3DA HTTP/1.1" 200 642 "https://cyberdontic.com/Spanish?N=D" "Mozilla/5.0 (Linux; Android 7.0;) AppleWebKit/537.36 (KHTML, like Gecko) Mobile Safari/537.36 (compatible; PetalBot;+https://webmaster.petalsearch.com/site/petalbot)" "cyberdontic.com"
114.119.155.122 - - [21/Sep/2022:05:38:04 -0700] "GET /ce/education5_files/ HTTP/1.1" 200 442 "http://www.cyberdontic.com/ce?C=S%3BO%3DA" "Mozilla/5.0 (Linux; Android 7.0;) AppleWebKit/537.36 (KHTML, like Gecko) Mobile Safari/537.36 (compatible; PetalBot;+https://webmaster.petalsearch.com/site/petalbot)" "www.cyberdontic.com"
114.119.155.126 - - [21/Sep/2022:05:43:43 -0700] "GET /ce/Webinar_Ortho.htm HTTP/1.1" 200 1851 "http://cyberdontic.com/ce/StudyGroups.htm" "Mozilla/5.0 (Linux; Android 7.0;) AppleWebKit/537.36 (KHTML, like Gecko) Mobile Safari/537.36 (compatible; PetalBot;+https://webmaster.petalsearch.com/site/petalbot)" "cyberdontic.com"
185.191.171.35 - - [21/Sep/2022:05:45:11 -0700] "GET /robots.txt HTTP/1.1" 404 88 "-" "Mozilla/5.0 (compatible; SemrushBot/7~bl; +http://www.semrush.com/bot.html)" "www.cyberdontic.com"
185.191.171.45 - - [21/Sep/2022:05:45:11 -0700] "GET /education5.htm HTTP/1.1" 200 2661 "-" "Mozilla/5.0 (compatible; SemrushBot/7~bl; +http://www.semrush.com/bot.html)" "www.cyberdontic.com"
34.138.75.30 - - [21/Sep/2022:05:45:25 -0700] "GET /robots.txt HTTP/1.1" 404 88 "-" "ZoominfoBot (zoominfobot at zoominfo dot com)" "www.cyberdontic.com"
34.138.75.30 - - [21/Sep/2022:05:45:25 -0700] "GET / HTTP/1.1" 200 1104 "-" "ZoominfoBot (zoominfobot at zoominfo dot com)" "www.cyberdontic.com"
51.222.253.16 - - [21/Sep/2022:05:47:55 -0700] "GET /OSG/_vti_cnf/?C=S;O=A HTTP/1.1" 200 388 "-" "Mozilla/5.0 (compatible; AhrefsBot/7.0; +http://ahrefs.com/robot/)" "cyberdontic.com"
114.119.155.126 - - [21/Sep/2022:05:49:23 -0700] "GET /SS/price15.htm HTTP/1.1" 200 963 "http://www.cyberdontic.com/SS" "Mozilla/5.0 (Linux; Android 7.0;) AppleWebKit/537.36 (KHTML, like Gecko) Mobile Safari/537.36 (compatible; PetalBot;+https://webmaster.petalsearch.com/site/petalbot)" "www.cyberdontic.com"
114.119.134.148 - - [21/Sep/2022:05:50:08 -0700] "GET /robots.txt HTTP/1.1" 404 88 "-" "Mozilla/5.0 (compatible;PetalBot;+https://webmaster.petalsearch.com/site/petalbot)" "cyberdontic.com"
114.119.155.118 - - [21/Sep/2022:05:54:50 -0700] "GET /guestbook.htm HTTP/1.1" 200 20 "https://www.cyberdontic.com/?C=M%3BO%3DA" "Mozilla/5.0 (Linux; Android 7.0;) AppleWebKit/537.36 (KHTML, like Gecko) Mobile Safari/537.36 (compatible; PetalBot;+https://webmaster.petalsearch.com/site/petalbot)" "www.cyberdontic.com"
114.119.144.132 - - [21/Sep/2022:05:57:13 -0700] "GET /robots.txt HTTP/1.1" 404 88 "-" "Mozilla/5.0 (compatible;PetalBot;+https://webmaster.petalsearch.com/site/petalbot)" "www.cyberdontic.com"
185.191.171.41 - - [21/Sep/2022:05:57:43 -0700] "GET /ce/MultiPhase.htm HTTP/1.1" 200 1046 "-" "Mozilla/5.0 (compatible; SemrushBot/7~bl; +http://www.semrush.com/bot.html)" "www.cyberdontic.com"
185.191.171.7 - - [21/Sep/2022:05:57:54 -0700] "GET /OSG/_vti_cnf/?C=D%3BO%3DA HTTP/1.1" 200 388 "-" "Mozilla/5.0 (compatible; SemrushBot/7~bl; +http://www.semrush.com/bot.html)" "cyberdontic.com"
114.119.155.142 - - [21/Sep/2022:06:00:15 -0700] "GET /BISG/?C=M%3BO%3DA HTTP/1.1" 200 415 "http://www.cyberdontic.com/BISG?C=S%3BO%3DA" "Mozilla/5.0 (Linux; Android 7.0;) AppleWebKit/537.36 (KHTML, like Gecko) Mobile Safari/537.36 (compatible; PetalBot;+https://webmaster.petalsearch.com/site/petalbot)" "www.cyberdontic.com"
185.191.171.18 - - [21/Sep/2022:06:04:25 -0700] "GET /ce/BISG_files/?C=N%3BO%3DD HTTP/1.1" 200 649 "-" "Mozilla/5.0 (compatible; SemrushBot/7~bl; +http://www.semrush.com/bot.html)" "cyberdontic.com"
114.119.155.122 - - [21/Sep/2022:06:05:41 -0700] "GET /sound/_vti_cnf/?C=D%3BO%3DA HTTP/1.1" 200 388 "http://www.cyberdontic.com/sound/_vti_cnf?C=D%3BO%3DA" "Mozilla/5.0 (Linux; Android 7.0;) AppleWebKit/537.36 (KHTML, like Gecko) Mobile Safari/537.36 (compatible; PetalBot;+https://webmaster.petalsearch.com/site/petalbot)" "www.cyberdontic.com"
51.222.253.2 - - [21/Sep/2022:06:08:32 -0700] "GET /framelink.htm HTTP/1.1" 200 20 "-" "Mozilla/5.0 (compatible; AhrefsBot/7.0; +http://ahrefs.com/robot/)" "cyberdontic.com"
114.119.155.122 - - [21/Sep/2022:06:11:06 -0700] "GET /ce/ClinicalOrthodontic_files?C=S%3BO%3DA HTTP/1.1" 301 1436 "http://www.cyberdontic.com/ce/ClinicalOrthodontic_files?C=N%3BO%3DD" "Mozilla/5.0 (Linux; Android 7.0;) AppleWebKit/537.36 (KHTML, like Gecko) Mobile Safari/537.36 (compatible; PetalBot;+https://webmaster.petalsearch.com/site/petalbot)" "www.cyberdontic.com"
114.119.155.122 - - [21/Sep/2022:06:11:06 -0700] "GET /ce/ClinicalOrthodontic_files/?C=S%3BO%3DA HTTP/1.1" 200 428 "http://www.cyberdontic.com/ce/ClinicalOrthodontic_files?C=N%3BO%3DD" "Mozilla/5.0 (Linux; Android 7.0;) AppleWebKit/537.36 (KHTML, like Gecko) Mobile Safari/537.36 (compatible; PetalBot;+https://webmaster.petalsearch.com/site/petalbot)" "www.cyberdontic.com"
185.191.171.38 - - [21/Sep/2022:06:13:40 -0700] "GET /ce/Feb17_2015_files/?C=S%3BO%3DA HTTP/1.1" 200 630 "-" "Mozilla/5.0 (compatible; SemrushBot/7~bl; +http://www.semrush.com/bot.html)" "cyberdontic.com"
114.119.155.121 - - [21/Sep/2022:06:16:40 -0700] "GET /Spanish/_overlay/?C=D%3BO%3DA HTTP/1.1" 200 390 "http://www.cyberdontic.com/Spanish/_overlay/?C=N%3BO%3DD" "Mozilla/5.0 (Linux; Android 7.0;) AppleWebKit/537.36 (KHTML, like Gecko) Mobile Safari/537.36 (compatible; PetalBot;+https://webmaster.petalsearch.com/site/petalbot)" "www.cyberdontic.com"
