114.119.155.142 - - [20/Sep/2022:17:07:08 -0700] "GET /ce/Feb17_2015_files/?C=S%3BO%3DA HTTP/1.1" 200 630 "http://www.cyberdontic.com/ce/Feb17_2015_files/" "Mozilla/5.0 (Linux; Android 7.0;) AppleWebKit/537.36 (KHTML, like Gecko) Mobile Safari/537.36 (compatible; PetalBot;+https://webmaster.petalsearch.com/site/petalbot)" "www.cyberdontic.com"
185.191.171.19 - - [20/Sep/2022:17:07:34 -0700] "GET /Spanish/_overlay/?C=S%3BO%3DA HTTP/1.1" 200 390 "-" "Mozilla/5.0 (compatible; SemrushBot/7~bl; +http://www.semrush.com/bot.html)" "cyberdontic.com"
216.244.66.245 - - [20/Sep/2022:17:22:05 -0700] "GET /robots.txt HTTP/1.1" 404 73 "-" "Mozilla/5.0 (compatible; DotBot/1.2; +https://opensiteexplorer.org/dotbot; help@moz.com)" "www.cyberdontic.com"
216.244.66.245 - - [20/Sep/2022:17:22:05 -0700] "GET /robots.txt HTTP/1.1" 404 73 "-" "Mozilla/5.0 (compatible; DotBot/1.2; +https://opensiteexplorer.org/dotbot; help@moz.com)" "cyberdontic.com"
114.119.155.121 - - [20/Sep/2022:17:26:12 -0700] "GET /ce/Augmentation_files/?C=S%3BO%3DA HTTP/1.1" 200 437 "http://www.cyberdontic.com/ce/Augmentation_files/?C=M%3BO%3DA" "Mozilla/5.0 (Linux; Android 7.0;) AppleWebKit/537.36 (KHTML, like Gecko) Mobile Safari/537.36 (compatible; PetalBot;+https://webmaster.petalsearch.com/site/petalbot)" "www.cyberdontic.com"
114.119.155.126 - - [20/Sep/2022:17:46:05 -0700] "GET /ce/MultiPhase_files?M=A HTTP/1.1" 301 1421 "http://cyberdontic.com/ce/MultiPhase_files?D=A" "Mozilla/5.0 (Linux; Android 7.0;) AppleWebKit/537.36 (KHTML, like Gecko) Mobile Safari/537.36 (compatible; PetalBot;+https://webmaster.petalsearch.com/site/petalbot)" "cyberdontic.com"
114.119.155.126 - - [20/Sep/2022:17:46:05 -0700] "GET /ce/MultiPhase_files/?M=A HTTP/1.1" 200 434 "http://cyberdontic.com/ce/MultiPhase_files?D=A" "Mozilla/5.0 (Linux; Android 7.0;) AppleWebKit/537.36 (KHTML, like Gecko) Mobile Safari/537.36 (compatible; PetalBot;+https://webmaster.petalsearch.com/site/petalbot)" "cyberdontic.com"
51.222.253.12 - - [20/Sep/2022:17:47:30 -0700] "GET /ce/BISG_files/BISG.htm HTTP/1.1" 200 3387 "-" "Mozilla/5.0 (compatible; AhrefsBot/7.0; +http://ahrefs.com/robot/)" "www.cyberdontic.com"
114.119.155.142 - - [20/Sep/2022:17:58:51 -0700] "GET /OSG/_vti_cnf/OSGPay.htm HTTP/1.1" 200 590 "http://cyberdontic.com/OSG/_vti_cnf?C=S%3BO%3DA" "Mozilla/5.0 (Linux; Android 7.0;) AppleWebKit/537.36 (KHTML, like Gecko) Mobile Safari/537.36 (compatible; PetalBot;+https://webmaster.petalsearch.com/site/petalbot)" "cyberdontic.com"
185.191.171.11 - - [20/Sep/2022:18:00:14 -0700] "GET /robots.txt HTTP/1.1" 404 88 "-" "Mozilla/5.0 (compatible; SemrushBot/7~bl; +http://www.semrush.com/bot.html)" "cyberdontic.com"
185.191.171.20 - - [20/Sep/2022:18:00:15 -0700] "GET /ce/CBCT_files/?C=S%3BO%3DA HTTP/1.1" 200 454 "-" "Mozilla/5.0 (compatible; SemrushBot/7~bl; +http://www.semrush.com/bot.html)" "cyberdontic.com"
185.191.171.2 - - [20/Sep/2022:18:00:18 -0700] "GET /Spanish/_overlay/?C=N%3BO%3DD HTTP/1.1" 200 390 "-" "Mozilla/5.0 (compatible; SemrushBot/7~bl; +http://www.semrush.com/bot.html)" "cyberdontic.com"
40.77.167.98 - - [20/Sep/2022:18:02:06 -0700] "GET /robots.txt HTTP/1.1" 404 88 "-" "Mozilla/5.0 (compatible; bingbot/2.0; +http://www.bing.com/bingbot.htm)" "www.cyberdontic.com"
40.77.167.98 - - [20/Sep/2022:18:02:06 -0700] "GET /robots.txt HTTP/1.1" 404 88 "-" "Mozilla/5.0 (compatible; bingbot/2.0; +http://www.bing.com/bingbot.htm)" "www.cyberdontic.com"
207.46.13.115 - - [20/Sep/2022:18:02:13 -0700] "GET / HTTP/1.1" 200 1104 "-" "Mozilla/5.0 (compatible; bingbot/2.0; +http://www.bing.com/bingbot.htm)" "www.cyberdontic.com"
114.119.155.121 - - [20/Sep/2022:18:08:16 -0700] "GET /disc1_toc.htm HTTP/1.1" 200 20 "http://cyberdontic.com?C=N%3BO%3DD" "Mozilla/5.0 (Linux; Android 7.0;) AppleWebKit/537.36 (KHTML, like Gecko) Mobile Safari/537.36 (compatible; PetalBot;+https://webmaster.petalsearch.com/site/petalbot)" "cyberdontic.com"
216.244.66.245 - - [20/Sep/2022:18:13:13 -0700] "GET /robots.txt HTTP/1.1" 404 73 "-" "Mozilla/5.0 (compatible; DotBot/1.2; +https://opensiteexplorer.org/dotbot; help@moz.com)" "cyberdontic.com"
216.244.66.245 - - [20/Sep/2022:18:13:13 -0700] "GET /robots.txt HTTP/1.1" 404 73 "-" "Mozilla/5.0 (compatible; DotBot/1.2; +https://opensiteexplorer.org/dotbot; help@moz.com)" "www.cyberdontic.com"
5.255.231.204 - - [20/Sep/2022:18:14:45 -0700] "GET /robots.txt HTTP/1.1" 404 73 "-" "Mozilla/5.0 (compatible; YandexBot/3.0; +http://yandex.com/bots)" "www.cyberdontic.com"
95.108.213.65 - - [20/Sep/2022:18:14:49 -0700] "GET /ce/Feb17_2015_files/Image_18.png HTTP/1.1" 200 783 "-" "Mozilla/5.0 (compatible; YandexImages/3.0; +http://yandex.com/bots)" "www.cyberdontic.com"
40.77.167.98 - - [20/Sep/2022:18:14:59 -0700] "GET /robots.txt HTTP/1.1" 404 88 "-" "Mozilla/5.0 AppleWebKit/537.36 (KHTML, like Gecko; compatible; bingbot/2.0; +http://www.bing.com/bingbot.htm) Chrome/103.0.5060.134 Safari/537.36" "cyberdontic.com"
40.77.167.98 - - [20/Sep/2022:18:14:59 -0700] "GET /robots.txt HTTP/1.1" 404 88 "-" "Mozilla/5.0 AppleWebKit/537.36 (KHTML, like Gecko; compatible; bingbot/2.0; +http://www.bing.com/bingbot.htm) Chrome/103.0.5060.134 Safari/537.36" "cyberdontic.com"
207.46.13.115 - - [20/Sep/2022:18:15:03 -0700] "GET / HTTP/1.1" 200 1104 "-" "Mozilla/5.0 AppleWebKit/537.36 (KHTML, like Gecko; compatible; bingbot/2.0; +http://www.bing.com/bingbot.htm) Chrome/103.0.5060.134 Safari/537.36" "cyberdontic.com"
185.191.171.5 - - [20/Sep/2022:18:15:12 -0700] "GET /ce/register_files/?C=D%3BO%3DA HTTP/1.1" 200 451 "-" "Mozilla/5.0 (compatible; SemrushBot/7~bl; +http://www.semrush.com/bot.html)" "cyberdontic.com"
185.191.171.10 - - [20/Sep/2022:18:15:18 -0700] "GET /ce/ImplantResidency_files/?C=M%3BO%3DA HTTP/1.1" 200 380 "-" "Mozilla/5.0 (compatible; SemrushBot/7~bl; +http://www.semrush.com/bot.html)" "cyberdontic.com"
114.119.155.118 - - [20/Sep/2022:18:18:43 -0700] "GET /ce/StudyGroups_files?C=N%3BO%3DD HTTP/1.1" 301 1431 "http://cyberdontic.com/ce/StudyGroups_files?S=D" "Mozilla/5.0 (Linux; Android 7.0;) AppleWebKit/537.36 (KHTML, like Gecko) Mobile Safari/537.36 (compatible; PetalBot;+https://webmaster.petalsearch.com/site/petalbot)" "cyberdontic.com"
114.119.155.118 - - [20/Sep/2022:18:18:44 -0700] "GET /ce/StudyGroups_files/?C=N%3BO%3DD HTTP/1.1" 200 403 "http://cyberdontic.com/ce/StudyGroups_files?S=D" "Mozilla/5.0 (Linux; Android 7.0;) AppleWebKit/537.36 (KHTML, like Gecko) Mobile Safari/537.36 (compatible; PetalBot;+https://webmaster.petalsearch.com/site/petalbot)" "cyberdontic.com"
51.222.253.8 - - [20/Sep/2022:18:20:10 -0700] "GET /Spanish/?C=D;O=A HTTP/1.1" 200 642 "-" "Mozilla/5.0 (compatible; AhrefsBot/7.0; +http://ahrefs.com/robot/)" "cyberdontic.com"
185.191.171.38 - - [20/Sep/2022:18:22:18 -0700] "GET /OSG/_vti_cnf/?C=S%3BO%3DA HTTP/1.1" 200 388 "-" "Mozilla/5.0 (compatible; SemrushBot/7~bl; +http://www.semrush.com/bot.html)" "cyberdontic.com"
114.119.155.126 - - [20/Sep/2022:18:30:17 -0700] "GET /BISG_files/Thumbs.db HTTP/1.1" 200 28672 "http://cyberdontic.com/BISG_files?C=M%3BO%3DA" "Mozilla/5.0 (Linux; Android 7.0;) AppleWebKit/537.36 (KHTML, like Gecko) Mobile Safari/537.36 (compatible; PetalBot;+https://webmaster.petalsearch.com/site/petalbot)" "cyberdontic.com"
185.191.171.10 - - [20/Sep/2022:18:31:11 -0700] "GET /ce/Webinar_Select_files/Thumbs.db HTTP/1.1" 200 8704 "-" "Mozilla/5.0 (compatible; SemrushBot/7~bl; +http://www.semrush.com/bot.html)" "cyberdontic.com"
185.191.171.13 - - [20/Sep/2022:18:37:43 -0700] "GET /robots.txt HTTP/1.1" 404 88 "-" "Mozilla/5.0 (compatible; SemrushBot/7~bl; +http://www.semrush.com/bot.html)" "www.cyberdontic.com"
185.191.171.14 - - [20/Sep/2022:18:37:43 -0700] "GET /ce/Webinars.htm HTTP/1.1" 200 2499 "-" "Mozilla/5.0 (compatible; SemrushBot/7~bl; +http://www.semrush.com/bot.html)" "www.cyberdontic.com"
51.222.253.11 - - [20/Sep/2022:18:48:05 -0700] "GET /ce/Feb17_2015_files/?C=D;O=A HTTP/1.1" 200 630 "-" "Mozilla/5.0 (compatible; AhrefsBot/7.0; +http://ahrefs.com/robot/)" "www.cyberdontic.com"
185.191.171.2 - - [20/Sep/2022:18:48:06 -0700] "GET /OSG/_vti_cnf/OSGPay.htm HTTP/1.1" 200 590 "-" "Mozilla/5.0 (compatible; SemrushBot/7~bl; +http://www.semrush.com/bot.html)" "cyberdontic.com"
40.77.167.37 - - [20/Sep/2022:18:50:22 -0700] "GET /BISG/ HTTP/1.1" 200 415 "-" "Mozilla/5.0 (compatible; bingbot/2.0; +http://www.bing.com/bingbot.htm)" "www.cyberdontic.com"
40.77.167.39 - - [20/Sep/2022:19:04:32 -0700] "GET /BISG_files/?C=M;O=A HTTP/1.1" 200 447 "-" "Mozilla/5.0 AppleWebKit/537.36 (KHTML, like Gecko; compatible; bingbot/2.0; +http://www.bing.com/bingbot.htm) Chrome/103.0.5060.134 Safari/537.36" "cyberdontic.com"
216.244.66.245 - - [20/Sep/2022:19:05:23 -0700] "GET /robots.txt HTTP/1.1" 404 73 "-" "Mozilla/5.0 (compatible; DotBot/1.2; +https://opensiteexplorer.org/dotbot; help@moz.com)" "cyberdontic.com"
216.244.66.245 - - [20/Sep/2022:19:05:23 -0700] "GET /robots.txt HTTP/1.1" 404 73 "-" "Mozilla/5.0 (compatible; DotBot/1.2; +https://opensiteexplorer.org/dotbot; help@moz.com)" "www.cyberdontic.com"
185.191.171.16 - - [20/Sep/2022:19:12:24 -0700] "GET /ce/GuidedSurgery.htm HTTP/1.1" 200 2508 "-" "Mozilla/5.0 (compatible; SemrushBot/7~bl; +http://www.semrush.com/bot.html)" "www.cyberdontic.com"
51.222.253.9 - - [20/Sep/2022:19:18:19 -0700] "GET /sound/?C=N;O=D HTTP/1.1" 200 441 "-" "Mozilla/5.0 (compatible; AhrefsBot/7.0; +http://ahrefs.com/robot/)" "www.cyberdontic.com"
66.249.66.26 - - [20/Sep/2022:19:18:59 -0700] "GET /robots.txt HTTP/1.1" 404 88 "-" "Mozilla/5.0 (compatible; Googlebot/2.1; +http://www.google.com/bot.html)" "cyberdontic.com"
185.191.171.22 - - [20/Sep/2022:19:19:44 -0700] "GET /robots.txt HTTP/1.1" 404 88 "-" "Mozilla/5.0 (compatible; SemrushBot/7~bl; +http://www.semrush.com/bot.html)" "cyberdontic.com"
185.191.171.4 - - [20/Sep/2022:19:19:45 -0700] "GET /ce/ClinicalOrthodontic_files/?C=D%3BO%3DA HTTP/1.1" 200 428 "-" "Mozilla/5.0 (compatible; SemrushBot/7~bl; +http://www.semrush.com/bot.html)" "cyberdontic.com"
66.249.66.30 - - [20/Sep/2022:19:20:36 -0700] "GET /ads.txt HTTP/1.1" 404 88 "-" "Mozilla/5.0 (compatible; Googlebot/2.1; +http://www.google.com/bot.html)" "cyberdontic.com"
114.119.155.118 - - [20/Sep/2022:19:31:37 -0700] "GET /nydds4u?D=D HTTP/1.1" 301 1412 "http://cyberdontic.com/nydds4u?D=A" "Mozilla/5.0 (Linux; Android 7.0;) AppleWebKit/537.36 (KHTML, like Gecko) Mobile Safari/537.36 (compatible; PetalBot;+https://webmaster.petalsearch.com/site/petalbot)" "cyberdontic.com"
114.119.155.118 - - [20/Sep/2022:19:31:37 -0700] "GET /nydds4u/?D=D HTTP/1.1" 200 314 "http://cyberdontic.com/nydds4u?D=A" "Mozilla/5.0 (Linux; Android 7.0;) AppleWebKit/537.36 (KHTML, like Gecko) Mobile Safari/537.36 (compatible; PetalBot;+https://webmaster.petalsearch.com/site/petalbot)" "cyberdontic.com"
157.55.39.22 - - [20/Sep/2022:19:32:23 -0700] "GET / HTTP/1.1" 200 1104 "-" "Mozilla/5.0 (compatible; bingbot/2.0; +http://www.bing.com/bingbot.htm)" "www.cyberdontic.com"
185.191.171.26 - - [20/Sep/2022:19:37:10 -0700] "GET /ce/Webinars_files/?C=N%3BO%3DD HTTP/1.1" 200 399 "-" "Mozilla/5.0 (compatible; SemrushBot/7~bl; +http://www.semrush.com/bot.html)" "cyberdontic.com"
114.119.155.121 - - [20/Sep/2022:19:39:00 -0700] "GET /ce/ImmediatePlacement_files/Thumbs.db HTTP/1.1" 200 45056 "http://cyberdontic.com/ce/ImmediatePlacement_files/?C=S%3BO%3DA" "Mozilla/5.0 (Linux; Android 7.0;) AppleWebKit/537.36 (KHTML, like Gecko) Mobile Safari/537.36 (compatible; PetalBot;+https://webmaster.petalsearch.com/site/petalbot)" "cyberdontic.com"
114.119.155.121 - - [20/Sep/2022:19:43:59 -0700] "GET /ce/Webinars_files?D=D HTTP/1.1" 301 1419 "http://cyberdontic.com/ce/Webinars_files?D=A" "Mozilla/5.0 (Linux; Android 7.0;) AppleWebKit/537.36 (KHTML, like Gecko) Mobile Safari/537.36 (compatible; PetalBot;+https://webmaster.petalsearch.com/site/petalbot)" "cyberdontic.com"
114.119.155.121 - - [20/Sep/2022:19:43:59 -0700] "GET /ce/Webinars_files/?D=D HTTP/1.1" 200 399 "http://cyberdontic.com/ce/Webinars_files?D=A" "Mozilla/5.0 (Linux; Android 7.0;) AppleWebKit/537.36 (KHTML, like Gecko) Mobile Safari/537.36 (compatible; PetalBot;+https://webmaster.petalsearch.com/site/petalbot)" "cyberdontic.com"
185.191.171.44 - - [20/Sep/2022:19:46:30 -0700] "GET /SS/_vti_cnf/?C=N%3BO%3DD HTTP/1.1" 200 465 "-" "Mozilla/5.0 (compatible; SemrushBot/7~bl; +http://www.semrush.com/bot.html)" "cyberdontic.com"
185.191.171.5 - - [20/Sep/2022:19:48:56 -0700] "GET /ce/Feb17_2015_files/?C=M%3BO%3DA HTTP/1.1" 200 630 "-" "Mozilla/5.0 (compatible; SemrushBot/7~bl; +http://www.semrush.com/bot.html)" "cyberdontic.com"
114.119.155.126 - - [20/Sep/2022:19:49:00 -0700] "GET /BISG/?C=S%3BO%3DA HTTP/1.1" 200 415 "http://www.cyberdontic.com/BISG?C=D%3BO%3DA" "Mozilla/5.0 (Linux; Android 7.0;) AppleWebKit/537.36 (KHTML, like Gecko) Mobile Safari/537.36 (compatible; PetalBot;+https://webmaster.petalsearch.com/site/petalbot)" "www.cyberdontic.com"
51.222.253.17 - - [20/Sep/2022:19:49:15 -0700] "GET /Spanish/?C=D;O=D HTTP/1.1" 200 644 "-" "Mozilla/5.0 (compatible; AhrefsBot/7.0; +http://ahrefs.com/robot/)" "cyberdontic.com"
216.244.66.245 - - [20/Sep/2022:19:57:19 -0700] "GET /robots.txt HTTP/1.1" 404 73 "-" "Mozilla/5.0 (compatible; DotBot/1.2; +https://opensiteexplorer.org/dotbot; help@moz.com)" "www.cyberdontic.com"
216.244.66.245 - - [20/Sep/2022:19:57:19 -0700] "GET /robots.txt HTTP/1.1" 404 73 "-" "Mozilla/5.0 (compatible; DotBot/1.2; +https://opensiteexplorer.org/dotbot; help@moz.com)" "cyberdontic.com"
114.119.155.122 - - [20/Sep/2022:19:59:00 -0700] "GET /ce/register_files?M=A HTTP/1.1" 301 1419 "http://cyberdontic.com/ce/register_files?D=D" "Mozilla/5.0 (Linux; Android 7.0;) AppleWebKit/537.36 (KHTML, like Gecko) Mobile Safari/537.36 (compatible; PetalBot;+https://webmaster.petalsearch.com/site/petalbot)" "cyberdontic.com"
114.119.155.122 - - [20/Sep/2022:19:59:02 -0700] "GET /ce/register_files/?M=A HTTP/1.1" 200 451 "http://cyberdontic.com/ce/register_files?D=D" "Mozilla/5.0 (Linux; Android 7.0;) AppleWebKit/537.36 (KHTML, like Gecko) Mobile Safari/537.36 (compatible; PetalBot;+https://webmaster.petalsearch.com/site/petalbot)" "cyberdontic.com"
114.119.155.121 - - [20/Sep/2022:20:04:00 -0700] "GET /sound?C=D%3BO%3DA HTTP/1.1" 301 1418 "http://cyberdontic.com/sound?C=S%3BO%3DA" "Mozilla/5.0 (Linux; Android 7.0;) AppleWebKit/537.36 (KHTML, like Gecko) Mobile Safari/537.36 (compatible; PetalBot;+https://webmaster.petalsearch.com/site/petalbot)" "cyberdontic.com"
114.119.155.121 - - [20/Sep/2022:20:04:00 -0700] "GET /sound/?C=D%3BO%3DA HTTP/1.1" 200 444 "http://cyberdontic.com/sound?C=S%3BO%3DA" "Mozilla/5.0 (Linux; Android 7.0;) AppleWebKit/537.36 (KHTML, like Gecko) Mobile Safari/537.36 (compatible; PetalBot;+https://webmaster.petalsearch.com/site/petalbot)" "cyberdontic.com"
114.119.155.118 - - [20/Sep/2022:20:09:01 -0700] "GET /available_formats.htm HTTP/1.1" 200 20 "https://www.cyberdontic.com/?C=M%3BO%3DA" "Mozilla/5.0 (Linux; Android 7.0;) AppleWebKit/537.36 (KHTML, like Gecko) Mobile Safari/537.36 (compatible; PetalBot;+https://webmaster.petalsearch.com/site/petalbot)" "www.cyberdontic.com"
114.119.155.121 - - [20/Sep/2022:20:14:01 -0700] "GET /orthodiagnosis/index.html HTTP/1.1" 200 4058 "http://cyberdontic.com/orthodiagnosis/" "Mozilla/5.0 (Linux; Android 7.0;) AppleWebKit/537.36 (KHTML, like Gecko) Mobile Safari/537.36 (compatible; PetalBot;+https://webmaster.petalsearch.com/site/petalbot)" "cyberdontic.com"
114.119.155.126 - - [20/Sep/2022:20:19:01 -0700] "GET /ce/ImplantResidency_files?D=A HTTP/1.1" 301 1425 "http://cyberdontic.com/ce/ImplantResidency_files?N=D" "Mozilla/5.0 (Linux; Android 7.0;) AppleWebKit/537.36 (KHTML, like Gecko) Mobile Safari/537.36 (compatible; PetalBot;+https://webmaster.petalsearch.com/site/petalbot)" "cyberdontic.com"
114.119.155.126 - - [20/Sep/2022:20:19:02 -0700] "GET /ce/ImplantResidency_files/?D=A HTTP/1.1" 200 380 "http://cyberdontic.com/ce/ImplantResidency_files?N=D" "Mozilla/5.0 (Linux; Android 7.0;) AppleWebKit/537.36 (KHTML, like Gecko) Mobile Safari/537.36 (compatible; PetalBot;+https://webmaster.petalsearch.com/site/petalbot)" "cyberdontic.com"
185.191.171.26 - - [20/Sep/2022:20:20:33 -0700] "GET /robots.txt HTTP/1.1" 404 88 "-" "Mozilla/5.0 (compatible; SemrushBot/7~bl; +http://www.semrush.com/bot.html)" "www.cyberdontic.com"
185.191.171.12 - - [20/Sep/2022:20:20:33 -0700] "GET /BISG_files/ HTTP/1.1" 200 446 "-" "Mozilla/5.0 (compatible; SemrushBot/7~bl; +http://www.semrush.com/bot.html)" "www.cyberdontic.com"
61.135.159.143 - - [20/Sep/2022:20:22:43 -0700] "GET / HTTP/1.1" 200 1104 "-" "Sogou web spider/4.0(+http://www.sogou.com/docs/help/webmasters.htm#07)" "www.cyberdontic.com"
114.119.155.122 - - [20/Sep/2022:20:24:01 -0700] "GET /SS/_vti_cnf/?C=D%3BO%3DA HTTP/1.1" 200 465 "http://cyberdontic.com/SS/_vti_cnf" "Mozilla/5.0 (Linux; Android 7.0;) AppleWebKit/537.36 (KHTML, like Gecko) Mobile Safari/537.36 (compatible; PetalBot;+https://webmaster.petalsearch.com/site/petalbot)" "cyberdontic.com"
51.222.253.14 - - [20/Sep/2022:20:24:18 -0700] "GET /orthodiagnosis/images/pages/patient%20and%20%20stage%20selection_jpg.htm HTTP/1.1" 404 88 "-" "Mozilla/5.0 (compatible; AhrefsBot/7.0; +http://ahrefs.com/robot/)" "www.cyberdontic.com"
66.249.66.55 - - [20/Sep/2022:20:25:08 -0700] "GET /robots.txt HTTP/1.1" 404 88 "-" "Mozilla/5.0 (compatible; Googlebot/2.1; +http://www.google.com/bot.html)" "www.cyberdontic.com"
114.119.155.122 - - [20/Sep/2022:20:29:01 -0700] "GET /Spanish/_derived/_vti_cnf?C=M%3BO%3DA HTTP/1.1" 301 1437 "http://www.cyberdontic.com/Spanish/_derived/_vti_cnf?C=N%3BO%3DD" "Mozilla/5.0 (Linux; Android 7.0;) AppleWebKit/537.36 (KHTML, like Gecko) Mobile Safari/537.36 (compatible; PetalBot;+https://webmaster.petalsearch.com/site/petalbot)" "www.cyberdontic.com"
114.119.155.126 - - [20/Sep/2022:20:34:02 -0700] "GET /orthodiagnosis/index_features.html HTTP/1.1" 200 4235 "http://www.cyberdontic.com/orthodiagnosis/index_preview.htm" "Mozilla/5.0 (Linux; Android 7.0;) AppleWebKit/537.36 (KHTML, like Gecko) Mobile Safari/537.36 (compatible; PetalBot;+https://webmaster.petalsearch.com/site/petalbot)" "www.cyberdontic.com"
123.125.109.117 - - [20/Sep/2022:20:36:23 -0700] "GET / HTTP/1.1" 200 1104 "-" "Sogou web spider/4.0(+http://www.sogou.com/docs/help/webmasters.htm#07)" "cyberdontic.com"
114.119.155.118 - - [20/Sep/2022:20:39:02 -0700] "GET /OSG/?D=A HTTP/1.1" 200 429 "http://cyberdontic.com/OSG/" "Mozilla/5.0 (Linux; Android 7.0;) AppleWebKit/537.36 (KHTML, like Gecko) Mobile Safari/537.36 (compatible; PetalBot;+https://webmaster.petalsearch.com/site/petalbot)" "cyberdontic.com"
76.181.228.80 - - [20/Sep/2022:20:41:15 -0700] "GET / HTTP/1.1" 200 1104 "-" "Mozilla/5.0 (iPhone; CPU iPhone OS 15_6_1 like Mac OS X) AppleWebKit/605.1.15 (KHTML, like Gecko) Version/15.6.1 Mobile/15E148 Safari/604.1" "cyberdontic.com"
114.119.155.121 - - [20/Sep/2022:20:44:01 -0700] "GET /MultiPhase_files?D=D HTTP/1.1" 301 1419 "http://cyberdontic.com/MultiPhase_files?D=A" "Mozilla/5.0 (Linux; Android 7.0;) AppleWebKit/537.36 (KHTML, like Gecko) Mobile Safari/537.36 (compatible; PetalBot;+https://webmaster.petalsearch.com/site/petalbot)" "cyberdontic.com"
114.119.155.121 - - [20/Sep/2022:20:44:01 -0700] "GET /MultiPhase_files/?D=D HTTP/1.1" 200 429 "http://cyberdontic.com/MultiPhase_files?D=A" "Mozilla/5.0 (Linux; Android 7.0;) AppleWebKit/537.36 (KHTML, like Gecko) Mobile Safari/537.36 (compatible; PetalBot;+https://webmaster.petalsearch.com/site/petalbot)" "cyberdontic.com"
51.222.253.9 - - [20/Sep/2022:20:44:29 -0700] "GET /ce/Feb17_2015_files/?C=M;O=A HTTP/1.1" 200 632 "-" "Mozilla/5.0 (compatible; AhrefsBot/7.0; +http://ahrefs.com/robot/)" "www.cyberdontic.com"
114.119.155.142 - - [20/Sep/2022:20:49:02 -0700] "GET /Spanish/_vti_cnf/ HTTP/1.1" 200 583 "http://www.cyberdontic.com/Spanish?C=D%3BO%3DA" "Mozilla/5.0 (Linux; Android 7.0;) AppleWebKit/537.36 (KHTML, like Gecko) Mobile Safari/537.36 (compatible; PetalBot;+https://webmaster.petalsearch.com/site/petalbot)" "www.cyberdontic.com"
193.235.141.168 - - [20/Sep/2022:20:56:27 -0700] "GET / HTTP/1.1" 200 1104 "-" "Mozilla/5.0 (Windows NT 10.0; Win64; x64) AppleWebKit/537.36 (KHTML, like Gecko) Chrome/105.0.0.0 Safari/537.36" "cyberdontic.com"
193.235.141.168 - - [20/Sep/2022:20:56:27 -0700] "GET /favicon.ico HTTP/1.1" 404 88 "-" "Mozilla/5.0 (Windows NT 10.0; Win64; x64) AppleWebKit/537.36 (KHTML, like Gecko) Chrome/105.0.0.0 Safari/537.36" "cyberdontic.com"
51.15.183.168 - - [20/Sep/2022:20:56:29 -0700] "GET /mambots/editors/fckeditor/editor/filemanager/browser/default/connectors/php/connector.php?Command=GetFoldersAndFiles&Type=File&CurrentFolder=%2F HTTP/1.1" 404 73 "-" "Mozilla/5.0 (Windows NT 6.3; Win64; x64) AppleWebKit/537.36 (KHTML, like Gecko) Chrome/75.0.3770.100 Safari/537.36" "cyberdontic.com"
114.119.155.121 - - [20/Sep/2022:20:59:11 -0700] "GET /ce/CBCT.htm HTTP/1.1" 200 1287 "https://cyberdontic.com/education5.htm" "Mozilla/5.0 (Linux; Android 7.0;) AppleWebKit/537.36 (KHTML, like Gecko) Mobile Safari/537.36 (compatible; PetalBot;+https://webmaster.petalsearch.com/site/petalbot)" "www.cyberdontic.com"
51.222.253.14 - - [20/Sep/2022:21:00:35 -0700] "GET /robots.txt HTTP/1.1" 404 88 "-" "Mozilla/5.0 (compatible; AhrefsBot/7.0; +http://ahrefs.com/robot/)" "www.cyberdontic.com"
185.191.171.13 - - [20/Sep/2022:21:01:57 -0700] "GET /robots.txt HTTP/1.1" 404 88 "-" "Mozilla/5.0 (compatible; SemrushBot/7~bl; +http://www.semrush.com/bot.html)" "cyberdontic.com"
185.191.171.45 - - [20/Sep/2022:21:01:58 -0700] "GET /ce/OSG_files/?C=D%3BO%3DA HTTP/1.1" 200 624 "-" "Mozilla/5.0 (compatible; SemrushBot/7~bl; +http://www.semrush.com/bot.html)" "cyberdontic.com"
185.191.171.10 - - [20/Sep/2022:21:03:00 -0700] "GET /ce/register_files/?C=N%3BO%3DD HTTP/1.1" 200 451 "-" "Mozilla/5.0 (compatible; SemrushBot/7~bl; +http://www.semrush.com/bot.html)" "cyberdontic.com"
114.119.155.126 - - [20/Sep/2022:21:04:41 -0700] "GET /BISG?N=A HTTP/1.1" 301 1412 "http://cyberdontic.com/BISG?M=D" "Mozilla/5.0 (Linux; Android 7.0;) AppleWebKit/537.36 (KHTML, like Gecko) Mobile Safari/537.36 (compatible; PetalBot;+https://webmaster.petalsearch.com/site/petalbot)" "cyberdontic.com"
114.119.155.126 - - [20/Sep/2022:21:04:42 -0700] "GET /BISG/?N=A HTTP/1.1" 200 415 "http://cyberdontic.com/BISG?M=D" "Mozilla/5.0 (Linux; Android 7.0;) AppleWebKit/537.36 (KHTML, like Gecko) Mobile Safari/537.36 (compatible; PetalBot;+https://webmaster.petalsearch.com/site/petalbot)" "cyberdontic.com"
54.36.149.66 - - [20/Sep/2022:21:05:58 -0700] "GET /robots.txt HTTP/1.1" 404 88 "-" "Mozilla/5.0 (compatible; AhrefsBot/7.0; +http://ahrefs.com/robot/)" "cyberdontic.com"
51.222.253.2 - - [20/Sep/2022:21:05:59 -0700] "GET /CBCT_files/?C=N;O=A HTTP/1.1" 200 450 "-" "Mozilla/5.0 (compatible; AhrefsBot/7.0; +http://ahrefs.com/robot/)" "cyberdontic.com"
35.196.84.237 - - [20/Sep/2022:21:08:09 -0700] "GET /robots.txt HTTP/1.1" 404 88 "-" "ZoominfoBot (zoominfobot at zoominfo dot com)" "www.cyberdontic.com"
35.196.84.237 - - [20/Sep/2022:21:08:09 -0700] "GET / HTTP/1.1" 200 1104 "-" "ZoominfoBot (zoominfobot at zoominfo dot com)" "www.cyberdontic.com"
114.119.155.122 - - [20/Sep/2022:21:10:20 -0700] "GET /Spanish/_derived/_vti_cnf?S=D HTTP/1.1" 301 1430 "https://cyberdontic.com/Spanish/_derived/_vti_cnf?S=A" "Mozilla/5.0 (Linux; Android 7.0;) AppleWebKit/537.36 (KHTML, like Gecko) Mobile Safari/537.36 (compatible; PetalBot;+https://webmaster.petalsearch.com/site/petalbot)" "cyberdontic.com"
114.119.155.122 - - [20/Sep/2022:21:10:21 -0700] "GET /Spanish/_derived/_vti_cnf/?S=D HTTP/1.1" 200 402 "https://cyberdontic.com/Spanish/_derived/_vti_cnf?S=A" "Mozilla/5.0 (Linux; Android 7.0;) AppleWebKit/537.36 (KHTML, like Gecko) Mobile Safari/537.36 (compatible; PetalBot;+https://webmaster.petalsearch.com/site/petalbot)" "cyberdontic.com"
114.119.155.118 - - [20/Sep/2022:21:16:08 -0700] "GET /Spanish/?C=D%3BO%3DA HTTP/1.1" 200 642 "https://cyberdontic.com/Spanish/?C=N%3BO%3DD" "Mozilla/5.0 (Linux; Android 7.0;) AppleWebKit/537.36 (KHTML, like Gecko) Mobile Safari/537.36 (compatible; PetalBot;+https://webmaster.petalsearch.com/site/petalbot)" "cyberdontic.com"
114.119.155.142 - - [20/Sep/2022:21:22:08 -0700] "GET /orthodiagnosis/index.html HTTP/1.1" 200 4058 "https://www.cyberdontic.com/orthodiagnosis/" "Mozilla/5.0 (Linux; Android 7.0;) AppleWebKit/537.36 (KHTML, like Gecko) Mobile Safari/537.36 (compatible; PetalBot;+https://webmaster.petalsearch.com/site/petalbot)" "www.cyberdontic.com"
185.191.171.26 - - [20/Sep/2022:21:22:16 -0700] "GET /sound/_vti_cnf/?C=D%3BO%3DA HTTP/1.1" 200 388 "-" "Mozilla/5.0 (compatible; SemrushBot/7~bl; +http://www.semrush.com/bot.html)" "cyberdontic.com"
114.119.155.121 - - [20/Sep/2022:21:28:24 -0700] "GET /ce/CBCT_files/Thumbs.db HTTP/1.1" 200 31744 "http://www.cyberdontic.com/ce/CBCT_files/" "Mozilla/5.0 (Linux; Android 7.0;) AppleWebKit/537.36 (KHTML, like Gecko) Mobile Safari/537.36 (compatible; PetalBot;+https://webmaster.petalsearch.com/site/petalbot)" "www.cyberdontic.com"
51.222.253.19 - - [20/Sep/2022:21:28:30 -0700] "GET /Spanish/_vti_cnf/?C=S;O=D HTTP/1.1" 200 594 "-" "Mozilla/5.0 (compatible; AhrefsBot/7.0; +http://ahrefs.com/robot/)" "cyberdontic.com"
114.119.155.126 - - [20/Sep/2022:21:35:37 -0700] "GET /ce/Feb17_2015_files/?C=N%3BO%3DD HTTP/1.1" 200 630 "http://cyberdontic.com/ce/Feb17_2015_files?N=D" "Mozilla/5.0 (Linux; Android 7.0;) AppleWebKit/537.36 (KHTML, like Gecko) Mobile Safari/537.36 (compatible; PetalBot;+https://webmaster.petalsearch.com/site/petalbot)" "cyberdontic.com"
114.119.155.118 - - [20/Sep/2022:21:43:39 -0700] "GET /SS?C=N%3BO%3DD HTTP/1.1" 301 1418 "http://cyberdontic.com/SS" "Mozilla/5.0 (Linux; Android 7.0;) AppleWebKit/537.36 (KHTML, like Gecko) Mobile Safari/537.36 (compatible; PetalBot;+https://webmaster.petalsearch.com/site/petalbot)" "cyberdontic.com"
114.119.155.118 - - [20/Sep/2022:21:43:40 -0700] "GET /SS/?C=N%3BO%3DD HTTP/1.1" 200 492 "http://cyberdontic.com/SS" "Mozilla/5.0 (Linux; Android 7.0;) AppleWebKit/537.36 (KHTML, like Gecko) Mobile Safari/537.36 (compatible; PetalBot;+https://webmaster.petalsearch.com/site/petalbot)" "cyberdontic.com"
34.76.158.233 - - [20/Sep/2022:21:47:31 -0700] "GET / HTTP/1.1" 200 1104 "-" "python-requests/2.28.1" "cyberdontic.com"
34.76.158.233 - - [20/Sep/2022:21:47:31 -0700] "GET / HTTP/1.1" 200 1104 "-" "Mozilla/5.0 (Windows NT 10.0; rv:78.0) Gecko/20100101 Firefox/78.0" "cyberdontic.com"
34.76.158.233 - - [20/Sep/2022:21:47:32 -0700] "GET /BISG/ HTTP/1.1" 200 415 "-" "Mozilla/5.0 (Windows NT 10.0; rv:78.0) Gecko/20100101 Firefox/78.0" "cyberdontic.com"
34.76.158.233 - - [20/Sep/2022:21:47:32 -0700] "GET /BISG_files/ HTTP/1.1" 200 446 "-" "Mozilla/5.0 (Windows NT 10.0; rv:78.0) Gecko/20100101 Firefox/78.0" "cyberdontic.com"
34.76.158.233 - - [20/Sep/2022:21:47:32 -0700] "GET /CBCT_files/ HTTP/1.1" 200 450 "-" "Mozilla/5.0 (Windows NT 10.0; rv:78.0) Gecko/20100101 Firefox/78.0" "cyberdontic.com"
34.76.158.233 - - [20/Sep/2022:21:47:32 -0700] "GET /MultiPhase_files/ HTTP/1.1" 200 429 "-" "Mozilla/5.0 (Windows NT 10.0; rv:78.0) Gecko/20100101 Firefox/78.0" "cyberdontic.com"
34.76.158.233 - - [20/Sep/2022:21:47:32 -0700] "GET /OSG/ HTTP/1.1" 200 429 "-" "Mozilla/5.0 (Windows NT 10.0; rv:78.0) Gecko/20100101 Firefox/78.0" "cyberdontic.com"
34.76.158.233 - - [20/Sep/2022:21:47:33 -0700] "GET /OSG/_vti_cnf/ HTTP/1.1" 200 388 "-" "Mozilla/5.0 (Windows NT 10.0; rv:78.0) Gecko/20100101 Firefox/78.0" "cyberdontic.com"
34.76.158.233 - - [20/Sep/2022:21:47:33 -0700] "GET /OSG_files/ HTTP/1.1" 200 465 "-" "Mozilla/5.0 (Windows NT 10.0; rv:78.0) Gecko/20100101 Firefox/78.0" "cyberdontic.com"
34.76.158.233 - - [20/Sep/2022:21:47:33 -0700] "GET /OrthoCD/ HTTP/1.1" 200 1071 "-" "Mozilla/5.0 (Windows NT 10.0; rv:78.0) Gecko/20100101 Firefox/78.0" "cyberdontic.com"
34.76.158.233 - - [20/Sep/2022:21:47:33 -0700] "GET /SS/ HTTP/1.1" 200 492 "-" "Mozilla/5.0 (Windows NT 10.0; rv:78.0) Gecko/20100101 Firefox/78.0" "cyberdontic.com"
34.76.158.233 - - [20/Sep/2022:21:47:33 -0700] "GET /SS/_vti_cnf/ HTTP/1.1" 200 465 "-" "Mozilla/5.0 (Windows NT 10.0; rv:78.0) Gecko/20100101 Firefox/78.0" "cyberdontic.com"
34.76.158.233 - - [20/Sep/2022:21:47:33 -0700] "GET /Spanish/ HTTP/1.1" 200 642 "-" "Mozilla/5.0 (Windows NT 10.0; rv:78.0) Gecko/20100101 Firefox/78.0" "cyberdontic.com"
34.76.158.233 - - [20/Sep/2022:21:47:34 -0700] "GET /Spanish/_derived/ HTTP/1.1" 200 426 "-" "Mozilla/5.0 (Windows NT 10.0; rv:78.0) Gecko/20100101 Firefox/78.0" "cyberdontic.com"
34.76.158.233 - - [20/Sep/2022:21:47:34 -0700] "GET /Spanish/_derived/_vti_cnf/ HTTP/1.1" 200 402 "-" "Mozilla/5.0 (Windows NT 10.0; rv:78.0) Gecko/20100101 Firefox/78.0" "cyberdontic.com"
34.76.158.233 - - [20/Sep/2022:21:47:34 -0700] "GET /Spanish/_overlay/ HTTP/1.1" 200 390 "-" "Mozilla/5.0 (Windows NT 10.0; rv:78.0) Gecko/20100101 Firefox/78.0" "cyberdontic.com"
34.76.158.233 - - [20/Sep/2022:21:47:34 -0700] "GET /Spanish/_vti_cnf/ HTTP/1.1" 200 583 "-" "Mozilla/5.0 (Windows NT 10.0; rv:78.0) Gecko/20100101 Firefox/78.0" "cyberdontic.com"
34.76.158.233 - - [20/Sep/2022:21:47:34 -0700] "GET /StudyGroups_files/ HTTP/1.1" 200 398 "-" "Mozilla/5.0 (Windows NT 10.0; rv:78.0) Gecko/20100101 Firefox/78.0" "cyberdontic.com"
34.76.158.233 - - [20/Sep/2022:21:47:35 -0700] "GET /botox/ HTTP/1.1" 200 454 "-" "Mozilla/5.0 (Windows NT 10.0; rv:78.0) Gecko/20100101 Firefox/78.0" "cyberdontic.com"
34.76.158.233 - - [20/Sep/2022:21:47:35 -0700] "GET /ce/ HTTP/1.1" 200 1260 "-" "Mozilla/5.0 (Windows NT 10.0; rv:78.0) Gecko/20100101 Firefox/78.0" "cyberdontic.com"
34.76.158.233 - - [20/Sep/2022:21:47:35 -0700] "GET /ce/Augmentation_files/ HTTP/1.1" 200 437 "-" "Mozilla/5.0 (Windows NT 10.0; rv:78.0) Gecko/20100101 Firefox/78.0" "cyberdontic.com"
34.76.158.233 - - [20/Sep/2022:21:47:35 -0700] "GET /ce/BISG_files/ HTTP/1.1" 200 649 "-" "Mozilla/5.0 (Windows NT 10.0; rv:78.0) Gecko/20100101 Firefox/78.0" "cyberdontic.com"
34.76.158.233 - - [20/Sep/2022:21:47:36 -0700] "GET /ce/CBCT_files/ HTTP/1.1" 200 454 "-" "Mozilla/5.0 (Windows NT 10.0; rv:78.0) Gecko/20100101 Firefox/78.0" "cyberdontic.com"
34.76.158.233 - - [20/Sep/2022:21:47:36 -0700] "GET /ce/ClinicalOrthodontic_files/ HTTP/1.1" 200 428 "-" "Mozilla/5.0 (Windows NT 10.0; rv:78.0) Gecko/20100101 Firefox/78.0" "cyberdontic.com"
34.76.158.233 - - [20/Sep/2022:21:47:36 -0700] "GET /ce/FamilyDentistryImplantsandOrthodontics_files/ HTTP/1.1" 200 619 "-" "Mozilla/5.0 (Windows NT 10.0; rv:78.0) Gecko/20100101 Firefox/78.0" "cyberdontic.com"
34.76.158.233 - - [20/Sep/2022:21:47:36 -0700] "GET /ce/Feb17_2015_files/ HTTP/1.1" 200 630 "-" "Mozilla/5.0 (Windows NT 10.0; rv:78.0) Gecko/20100101 Firefox/78.0" "cyberdontic.com"
34.76.158.233 - - [20/Sep/2022:21:47:36 -0700] "GET /ce/GuidedSurgery_files/ HTTP/1.1" 200 444 "-" "Mozilla/5.0 (Windows NT 10.0; rv:78.0) Gecko/20100101 Firefox/78.0" "cyberdontic.com"
34.76.158.233 - - [20/Sep/2022:21:47:37 -0700] "GET /ce/ImmediatePlacement_files/ HTTP/1.1" 200 566 "-" "Mozilla/5.0 (Windows NT 10.0; rv:78.0) Gecko/20100101 Firefox/78.0" "cyberdontic.com"
34.76.158.233 - - [20/Sep/2022:21:47:37 -0700] "GET /ce/ImplantResidency_files/ HTTP/1.1" 200 380 "-" "Mozilla/5.0 (Windows NT 10.0; rv:78.0) Gecko/20100101 Firefox/78.0" "cyberdontic.com"
34.76.158.233 - - [20/Sep/2022:21:47:37 -0700] "GET /ce/MultiPhase_files/ HTTP/1.1" 200 434 "-" "Mozilla/5.0 (Windows NT 10.0; rv:78.0) Gecko/20100101 Firefox/78.0" "cyberdontic.com"
34.76.158.233 - - [20/Sep/2022:21:47:37 -0700] "GET /ce/OSG_files/ HTTP/1.1" 200 624 "-" "Mozilla/5.0 (Windows NT 10.0; rv:78.0) Gecko/20100101 Firefox/78.0" "cyberdontic.com"
34.76.158.233 - - [20/Sep/2022:21:47:38 -0700] "GET /ce/StudyGroups_files/ HTTP/1.1" 200 403 "-" "Mozilla/5.0 (Windows NT 10.0; rv:78.0) Gecko/20100101 Firefox/78.0" "cyberdontic.com"
34.76.158.233 - - [20/Sep/2022:21:47:38 -0700] "GET /ce/Webinar_Select_files/ HTTP/1.1" 200 440 "-" "Mozilla/5.0 (Windows NT 10.0; rv:78.0) Gecko/20100101 Firefox/78.0" "cyberdontic.com"
34.76.158.233 - - [20/Sep/2022:21:47:38 -0700] "GET /ce/Webinars_files/ HTTP/1.1" 200 399 "-" "Mozilla/5.0 (Windows NT 10.0; rv:78.0) Gecko/20100101 Firefox/78.0" "cyberdontic.com"
34.76.158.233 - - [20/Sep/2022:21:47:38 -0700] "GET /ce/education5_files/ HTTP/1.1" 200 442 "-" "Mozilla/5.0 (Windows NT 10.0; rv:78.0) Gecko/20100101 Firefox/78.0" "cyberdontic.com"
34.76.158.233 - - [20/Sep/2022:21:47:38 -0700] "GET /ce/register_files/ HTTP/1.1" 200 451 "-" "Mozilla/5.0 (Windows NT 10.0; rv:78.0) Gecko/20100101 Firefox/78.0" "cyberdontic.com"
34.76.158.233 - - [20/Sep/2022:21:47:39 -0700] "GET /nydds4u/ HTTP/1.1" 200 314 "-" "Mozilla/5.0 (Windows NT 10.0; rv:78.0) Gecko/20100101 Firefox/78.0" "cyberdontic.com"
34.76.158.233 - - [20/Sep/2022:21:47:39 -0700] "GET /orthodiagnosis/ HTTP/1.1" 200 4058 "-" "Mozilla/5.0 (Windows NT 10.0; rv:78.0) Gecko/20100101 Firefox/78.0" "cyberdontic.com"
34.76.158.233 - - [20/Sep/2022:21:47:39 -0700] "GET /sound/ HTTP/1.1" 200 444 "-" "Mozilla/5.0 (Windows NT 10.0; rv:78.0) Gecko/20100101 Firefox/78.0" "cyberdontic.com"
34.76.158.233 - - [20/Sep/2022:21:47:39 -0700] "GET /sound/_vti_cnf/ HTTP/1.1" 200 388 "-" "Mozilla/5.0 (Windows NT 10.0; rv:78.0) Gecko/20100101 Firefox/78.0" "cyberdontic.com"
130.211.54.158 - - [20/Sep/2022:21:48:53 -0700] "GET / HTTP/1.1" 200 1104 "-" "python-requests/2.28.1" "cyberdontic.com"
34.76.96.55 - - [20/Sep/2022:21:48:56 -0700] "GET / HTTP/1.1" 200 1104 "-" "Mozilla/5.0 (Windows NT 10.0; rv:78.0) Gecko/20100101 Firefox/78.0" "cyberdontic.com"
34.76.96.55 - - [20/Sep/2022:21:48:56 -0700] "GET /BISG/ HTTP/1.1" 200 415 "-" "Mozilla/5.0 (Windows NT 10.0; rv:78.0) Gecko/20100101 Firefox/78.0" "cyberdontic.com"
34.76.96.55 - - [20/Sep/2022:21:48:57 -0700] "GET /BISG_files/ HTTP/1.1" 200 446 "-" "Mozilla/5.0 (Windows NT 10.0; rv:78.0) Gecko/20100101 Firefox/78.0" "cyberdontic.com"
34.76.96.55 - - [20/Sep/2022:21:48:57 -0700] "GET /CBCT_files/ HTTP/1.1" 200 450 "-" "Mozilla/5.0 (Windows NT 10.0; rv:78.0) Gecko/20100101 Firefox/78.0" "cyberdontic.com"
34.76.96.55 - - [20/Sep/2022:21:48:57 -0700] "GET /MultiPhase_files/ HTTP/1.1" 200 429 "-" "Mozilla/5.0 (Windows NT 10.0; rv:78.0) Gecko/20100101 Firefox/78.0" "cyberdontic.com"
34.76.96.55 - - [20/Sep/2022:21:48:57 -0700] "GET /OSG/ HTTP/1.1" 200 429 "-" "Mozilla/5.0 (Windows NT 10.0; rv:78.0) Gecko/20100101 Firefox/78.0" "cyberdontic.com"
34.76.96.55 - - [20/Sep/2022:21:48:57 -0700] "GET /OSG/_vti_cnf/ HTTP/1.1" 200 388 "-" "Mozilla/5.0 (Windows NT 10.0; rv:78.0) Gecko/20100101 Firefox/78.0" "cyberdontic.com"
34.76.96.55 - - [20/Sep/2022:21:48:57 -0700] "GET /OSG_files/ HTTP/1.1" 200 465 "-" "Mozilla/5.0 (Windows NT 10.0; rv:78.0) Gecko/20100101 Firefox/78.0" "cyberdontic.com"
34.76.96.55 - - [20/Sep/2022:21:48:58 -0700] "GET /OrthoCD/ HTTP/1.1" 200 1071 "-" "Mozilla/5.0 (Windows NT 10.0; rv:78.0) Gecko/20100101 Firefox/78.0" "cyberdontic.com"
34.76.96.55 - - [20/Sep/2022:21:48:58 -0700] "GET /SS/ HTTP/1.1" 200 492 "-" "Mozilla/5.0 (Windows NT 10.0; rv:78.0) Gecko/20100101 Firefox/78.0" "cyberdontic.com"
34.76.96.55 - - [20/Sep/2022:21:48:58 -0700] "GET /SS/_vti_cnf/ HTTP/1.1" 200 465 "-" "Mozilla/5.0 (Windows NT 10.0; rv:78.0) Gecko/20100101 Firefox/78.0" "cyberdontic.com"
34.76.96.55 - - [20/Sep/2022:21:48:58 -0700] "GET /Spanish/ HTTP/1.1" 200 642 "-" "Mozilla/5.0 (Windows NT 10.0; rv:78.0) Gecko/20100101 Firefox/78.0" "cyberdontic.com"
34.76.96.55 - - [20/Sep/2022:21:48:58 -0700] "GET /Spanish/_derived/ HTTP/1.1" 200 426 "-" "Mozilla/5.0 (Windows NT 10.0; rv:78.0) Gecko/20100101 Firefox/78.0" "cyberdontic.com"
34.76.96.55 - - [20/Sep/2022:21:48:58 -0700] "GET /Spanish/_derived/_vti_cnf/ HTTP/1.1" 200 402 "-" "Mozilla/5.0 (Windows NT 10.0; rv:78.0) Gecko/20100101 Firefox/78.0" "cyberdontic.com"
34.76.96.55 - - [20/Sep/2022:21:48:59 -0700] "GET /Spanish/_overlay/ HTTP/1.1" 200 390 "-" "Mozilla/5.0 (Windows NT 10.0; rv:78.0) Gecko/20100101 Firefox/78.0" "cyberdontic.com"
34.76.96.55 - - [20/Sep/2022:21:48:59 -0700] "GET /Spanish/_vti_cnf/ HTTP/1.1" 200 583 "-" "Mozilla/5.0 (Windows NT 10.0; rv:78.0) Gecko/20100101 Firefox/78.0" "cyberdontic.com"
34.76.96.55 - - [20/Sep/2022:21:48:59 -0700] "GET /StudyGroups_files/ HTTP/1.1" 200 398 "-" "Mozilla/5.0 (Windows NT 10.0; rv:78.0) Gecko/20100101 Firefox/78.0" "cyberdontic.com"
34.76.96.55 - - [20/Sep/2022:21:48:59 -0700] "GET /botox/ HTTP/1.1" 200 454 "-" "Mozilla/5.0 (Windows NT 10.0; rv:78.0) Gecko/20100101 Firefox/78.0" "cyberdontic.com"
34.76.96.55 - - [20/Sep/2022:21:48:59 -0700] "GET /ce/ HTTP/1.1" 200 1260 "-" "Mozilla/5.0 (Windows NT 10.0; rv:78.0) Gecko/20100101 Firefox/78.0" "cyberdontic.com"
34.76.96.55 - - [20/Sep/2022:21:49:00 -0700] "GET /ce/Augmentation_files/ HTTP/1.1" 200 437 "-" "Mozilla/5.0 (Windows NT 10.0; rv:78.0) Gecko/20100101 Firefox/78.0" "cyberdontic.com"
34.76.96.55 - - [20/Sep/2022:21:49:00 -0700] "GET /ce/BISG_files/ HTTP/1.1" 200 649 "-" "Mozilla/5.0 (Windows NT 10.0; rv:78.0) Gecko/20100101 Firefox/78.0" "cyberdontic.com"
34.76.96.55 - - [20/Sep/2022:21:49:00 -0700] "GET /ce/CBCT_files/ HTTP/1.1" 200 454 "-" "Mozilla/5.0 (Windows NT 10.0; rv:78.0) Gecko/20100101 Firefox/78.0" "cyberdontic.com"
34.76.96.55 - - [20/Sep/2022:21:49:00 -0700] "GET /ce/ClinicalOrthodontic_files/ HTTP/1.1" 200 428 "-" "Mozilla/5.0 (Windows NT 10.0; rv:78.0) Gecko/20100101 Firefox/78.0" "cyberdontic.com"
34.76.96.55 - - [20/Sep/2022:21:49:00 -0700] "GET /ce/FamilyDentistryImplantsandOrthodontics_files/ HTTP/1.1" 200 619 "-" "Mozilla/5.0 (Windows NT 10.0; rv:78.0) Gecko/20100101 Firefox/78.0" "cyberdontic.com"
34.76.96.55 - - [20/Sep/2022:21:49:00 -0700] "GET /ce/Feb17_2015_files/ HTTP/1.1" 200 630 "-" "Mozilla/5.0 (Windows NT 10.0; rv:78.0) Gecko/20100101 Firefox/78.0" "cyberdontic.com"
34.76.96.55 - - [20/Sep/2022:21:49:01 -0700] "GET /ce/GuidedSurgery_files/ HTTP/1.1" 200 444 "-" "Mozilla/5.0 (Windows NT 10.0; rv:78.0) Gecko/20100101 Firefox/78.0" "cyberdontic.com"
34.76.96.55 - - [20/Sep/2022:21:49:01 -0700] "GET /ce/ImmediatePlacement_files/ HTTP/1.1" 200 566 "-" "Mozilla/5.0 (Windows NT 10.0; rv:78.0) Gecko/20100101 Firefox/78.0" "cyberdontic.com"
34.76.96.55 - - [20/Sep/2022:21:49:01 -0700] "GET /ce/ImplantResidency_files/ HTTP/1.1" 200 380 "-" "Mozilla/5.0 (Windows NT 10.0; rv:78.0) Gecko/20100101 Firefox/78.0" "cyberdontic.com"
34.76.96.55 - - [20/Sep/2022:21:49:01 -0700] "GET /ce/MultiPhase_files/ HTTP/1.1" 200 434 "-" "Mozilla/5.0 (Windows NT 10.0; rv:78.0) Gecko/20100101 Firefox/78.0" "cyberdontic.com"
34.76.96.55 - - [20/Sep/2022:21:49:02 -0700] "GET /ce/OSG_files/ HTTP/1.1" 200 624 "-" "Mozilla/5.0 (Windows NT 10.0; rv:78.0) Gecko/20100101 Firefox/78.0" "cyberdontic.com"
34.76.96.55 - - [20/Sep/2022:21:49:02 -0700] "GET /ce/StudyGroups_files/ HTTP/1.1" 200 403 "-" "Mozilla/5.0 (Windows NT 10.0; rv:78.0) Gecko/20100101 Firefox/78.0" "cyberdontic.com"
34.76.96.55 - - [20/Sep/2022:21:49:02 -0700] "GET /ce/Webinar_Select_files/ HTTP/1.1" 200 440 "-" "Mozilla/5.0 (Windows NT 10.0; rv:78.0) Gecko/20100101 Firefox/78.0" "cyberdontic.com"
34.76.96.55 - - [20/Sep/2022:21:49:02 -0700] "GET /ce/Webinars_files/ HTTP/1.1" 200 399 "-" "Mozilla/5.0 (Windows NT 10.0; rv:78.0) Gecko/20100101 Firefox/78.0" "cyberdontic.com"
34.76.96.55 - - [20/Sep/2022:21:49:02 -0700] "GET /ce/education5_files/ HTTP/1.1" 200 442 "-" "Mozilla/5.0 (Windows NT 10.0; rv:78.0) Gecko/20100101 Firefox/78.0" "cyberdontic.com"
34.76.96.55 - - [20/Sep/2022:21:49:02 -0700] "GET /ce/register_files/ HTTP/1.1" 200 451 "-" "Mozilla/5.0 (Windows NT 10.0; rv:78.0) Gecko/20100101 Firefox/78.0" "cyberdontic.com"
34.76.96.55 - - [20/Sep/2022:21:49:03 -0700] "GET /nydds4u/ HTTP/1.1" 200 314 "-" "Mozilla/5.0 (Windows NT 10.0; rv:78.0) Gecko/20100101 Firefox/78.0" "cyberdontic.com"
34.76.96.55 - - [20/Sep/2022:21:49:03 -0700] "GET /orthodiagnosis/ HTTP/1.1" 200 4058 "-" "Mozilla/5.0 (Windows NT 10.0; rv:78.0) Gecko/20100101 Firefox/78.0" "cyberdontic.com"
34.76.96.55 - - [20/Sep/2022:21:49:03 -0700] "GET /sound/ HTTP/1.1" 200 444 "-" "Mozilla/5.0 (Windows NT 10.0; rv:78.0) Gecko/20100101 Firefox/78.0" "cyberdontic.com"
34.76.96.55 - - [20/Sep/2022:21:49:03 -0700] "GET /sound/_vti_cnf/ HTTP/1.1" 200 388 "-" "Mozilla/5.0 (Windows NT 10.0; rv:78.0) Gecko/20100101 Firefox/78.0" "cyberdontic.com"
114.119.155.118 - - [20/Sep/2022:21:53:25 -0700] "GET /ce/education5_files?C=S%3BO%3DA HTTP/1.1" 301 1429 "http://cyberdontic.com/ce/education5_files?M=D" "Mozilla/5.0 (Linux; Android 7.0;) AppleWebKit/537.36 (KHTML, like Gecko) Mobile Safari/537.36 (compatible; PetalBot;+https://webmaster.petalsearch.com/site/petalbot)" "cyberdontic.com"
114.119.155.118 - - [20/Sep/2022:21:53:25 -0700] "GET /ce/education5_files/?C=S%3BO%3DA HTTP/1.1" 200 442 "http://cyberdontic.com/ce/education5_files?M=D" "Mozilla/5.0 (Linux; Android 7.0;) AppleWebKit/537.36 (KHTML, like Gecko) Mobile Safari/537.36 (compatible; PetalBot;+https://webmaster.petalsearch.com/site/petalbot)" "cyberdontic.com"
87.250.224.106 - - [20/Sep/2022:21:57:31 -0700] "GET /robots.txt HTTP/1.1" 404 73 "-" "Mozilla/5.0 (compatible; YandexBot/3.0; +http://yandex.com/bots)" "cyberdontic.com"
95.108.213.39 - - [20/Sep/2022:21:57:34 -0700] "GET /ce/ImmediatePlacement_files/Image_12.jpg HTTP/1.1" 200 3082 "-" "Mozilla/5.0 (compatible; YandexImages/3.0; +http://yandex.com/bots)" "cyberdontic.com"
167.114.156.52 - - [20/Sep/2022:21:58:35 -0700] "GET / HTTP/1.1" 200 1104 "-" "8LEGS" "www.cyberdontic.com"
185.191.171.11 - - [20/Sep/2022:22:03:19 -0700] "GET /robots.txt HTTP/1.1" 404 88 "-" "Mozilla/5.0 (compatible; SemrushBot/7~bl; +http://www.semrush.com/bot.html)" "cyberdontic.com"
185.191.171.13 - - [20/Sep/2022:22:03:19 -0700] "GET /ce/CBCT_files/?C=M%3BO%3DA HTTP/1.1" 200 454 "-" "Mozilla/5.0 (compatible; SemrushBot/7~bl; +http://www.semrush.com/bot.html)" "cyberdontic.com"
114.119.155.126 - - [20/Sep/2022:22:03:30 -0700] "GET /ce/GuidedSurgery.htm HTTP/1.1" 200 2508 "http://cyberdontic.com/ce?S=D" "Mozilla/5.0 (Linux; Android 7.0;) AppleWebKit/537.36 (KHTML, like Gecko) Mobile Safari/537.36 (compatible; PetalBot;+https://webmaster.petalsearch.com/site/petalbot)" "cyberdontic.com"
51.222.253.11 - - [20/Sep/2022:22:08:52 -0700] "GET /orthodiagnosis/index_support.html HTTP/1.1" 200 3665 "-" "Mozilla/5.0 (compatible; AhrefsBot/7.0; +http://ahrefs.com/robot/)" "cyberdontic.com"
114.119.155.122 - - [20/Sep/2022:22:13:53 -0700] "GET /Spanish/_derived/_vti_cnf?M=A HTTP/1.1" 301 1431 "https://cyberdontic.com/Spanish/_derived/_vti_cnf?M=D" "Mozilla/5.0 (Linux; Android 7.0;) AppleWebKit/537.36 (KHTML, like Gecko) Mobile Safari/537.36 (compatible; PetalBot;+https://webmaster.petalsearch.com/site/petalbot)" "cyberdontic.com"
114.119.155.122 - - [20/Sep/2022:22:13:55 -0700] "GET /Spanish/_derived/_vti_cnf/?M=A HTTP/1.1" 200 402 "https://cyberdontic.com/Spanish/_derived/_vti_cnf?M=D" "Mozilla/5.0 (Linux; Android 7.0;) AppleWebKit/537.36 (KHTML, like Gecko) Mobile Safari/537.36 (compatible; PetalBot;+https://webmaster.petalsearch.com/site/petalbot)" "cyberdontic.com"
114.119.155.142 - - [20/Sep/2022:22:24:23 -0700] "GET /ce/FamilyDentistryImplantsandOrthodontics_files?M=D HTTP/1.1" 301 1438 "http://cyberdontic.com/ce/FamilyDentistryImplantsandOrthodontics_files?M=A" "Mozilla/5.0 (Linux; Android 7.0;) AppleWebKit/537.36 (KHTML, like Gecko) Mobile Safari/537.36 (compatible; PetalBot;+https://webmaster.petalsearch.com/site/petalbot)" "cyberdontic.com"
114.119.155.142 - - [20/Sep/2022:22:24:23 -0700] "GET /ce/FamilyDentistryImplantsandOrthodontics_files/?M=D HTTP/1.1" 200 619 "http://cyberdontic.com/ce/FamilyDentistryImplantsandOrthodontics_files?M=A" "Mozilla/5.0 (Linux; Android 7.0;) AppleWebKit/537.36 (KHTML, like Gecko) Mobile Safari/537.36 (compatible; PetalBot;+https://webmaster.petalsearch.com/site/petalbot)" "cyberdontic.com"
157.55.39.22 - - [20/Sep/2022:22:32:40 -0700] "GET / HTTP/1.1" 200 1104 "-" "Mozilla/5.0 AppleWebKit/537.36 (KHTML, like Gecko; compatible; bingbot/2.0; +http://www.bing.com/bingbot.htm) Chrome/103.0.5060.134 Safari/537.36" "cyberdontic.com"
114.119.155.122 - - [20/Sep/2022:22:34:52 -0700] "GET /CBCT_files?M=A HTTP/1.1" 301 1421 "https://cyberdontic.com/CBCT_files?N=D" "Mozilla/5.0 (Linux; Android 7.0;) AppleWebKit/537.36 (KHTML, like Gecko) Mobile Safari/537.36 (compatible; PetalBot;+https://webmaster.petalsearch.com/site/petalbot)" "cyberdontic.com"
114.119.155.122 - - [20/Sep/2022:22:34:53 -0700] "GET /CBCT_files/?M=A HTTP/1.1" 200 450 "https://cyberdontic.com/CBCT_files?N=D" "Mozilla/5.0 (Linux; Android 7.0;) AppleWebKit/537.36 (KHTML, like Gecko) Mobile Safari/537.36 (compatible; PetalBot;+https://webmaster.petalsearch.com/site/petalbot)" "cyberdontic.com"
51.222.253.6 - - [20/Sep/2022:22:36:28 -0700] "GET /BISG/?C=D;O=A HTTP/1.1" 200 415 "-" "Mozilla/5.0 (compatible; AhrefsBot/7.0; +http://ahrefs.com/robot/)" "cyberdontic.com"
136.243.228.178 - - [20/Sep/2022:22:51:14 -0700] "GET / HTTP/1.1" 200 1104 "-" "Mozilla/5.0 (compatible; DataForSeoBot/1.0; +https://dataforseo.com/dataforseo-bot)" "www.cyberdontic.com"
114.119.155.122 - - [20/Sep/2022:22:56:30 -0700] "GET /ce/education5_files HTTP/1.1" 301 1417 "http://www.cyberdontic.com/ce?C=N%3BO%3DD" "Mozilla/5.0 (Linux; Android 7.0;) AppleWebKit/537.36 (KHTML, like Gecko) Mobile Safari/537.36 (compatible; PetalBot;+https://webmaster.petalsearch.com/site/petalbot)" "www.cyberdontic.com"
114.119.155.122 - - [20/Sep/2022:22:56:30 -0700] "GET /ce/education5_files/ HTTP/1.1" 200 442 "http://www.cyberdontic.com/ce?C=N%3BO%3DD" "Mozilla/5.0 (Linux; Android 7.0;) AppleWebKit/537.36 (KHTML, like Gecko) Mobile Safari/537.36 (compatible; PetalBot;+https://webmaster.petalsearch.com/site/petalbot)" "www.cyberdontic.com"
54.36.149.97 - - [20/Sep/2022:23:00:22 -0700] "GET /robots.txt HTTP/1.1" 404 88 "-" "Mozilla/5.0 (compatible; AhrefsBot/7.0; +http://ahrefs.com/robot/)" "www.cyberdontic.com"
51.222.253.10 - - [20/Sep/2022:23:00:23 -0700] "GET /ce/BISG_files/?C=S;O=A HTTP/1.1" 200 649 "-" "Mozilla/5.0 (compatible; AhrefsBot/7.0; +http://ahrefs.com/robot/)" "www.cyberdontic.com"
185.191.171.12 - - [20/Sep/2022:23:05:00 -0700] "GET /robots.txt HTTP/1.1" 404 88 "-" "Mozilla/5.0 (compatible; SemrushBot/7~bl; +http://www.semrush.com/bot.html)" "www.cyberdontic.com"
185.191.171.2 - - [20/Sep/2022:23:05:01 -0700] "GET /Spanish/ HTTP/1.1" 200 642 "-" "Mozilla/5.0 (compatible; SemrushBot/7~bl; +http://www.semrush.com/bot.html)" "www.cyberdontic.com"
185.191.171.12 - - [20/Sep/2022:23:10:06 -0700] "GET /robots.txt HTTP/1.1" 404 88 "-" "Mozilla/5.0 (compatible; SemrushBot/7~bl; +http://www.semrush.com/bot.html)" "cyberdontic.com"
185.191.171.43 - - [20/Sep/2022:23:10:06 -0700] "GET /ce/education5_files/Thumbs.db HTTP/1.1" 200 31744 "-" "Mozilla/5.0 (compatible; SemrushBot/7~bl; +http://www.semrush.com/bot.html)" "cyberdontic.com"
114.119.155.118 - - [20/Sep/2022:23:18:26 -0700] "GET /Spanish?N=D HTTP/1.1" 301 1416 "https://cyberdontic.com/Spanish" "Mozilla/5.0 (Linux; Android 7.0;) AppleWebKit/537.36 (KHTML, like Gecko) Mobile Safari/537.36 (compatible; PetalBot;+https://webmaster.petalsearch.com/site/petalbot)" "cyberdontic.com"
114.119.155.118 - - [20/Sep/2022:23:18:27 -0700] "GET /Spanish/?N=D HTTP/1.1" 200 642 "https://cyberdontic.com/Spanish" "Mozilla/5.0 (Linux; Android 7.0;) AppleWebKit/537.36 (KHTML, like Gecko) Mobile Safari/537.36 (compatible; PetalBot;+https://webmaster.petalsearch.com/site/petalbot)" "cyberdontic.com"
51.222.253.16 - - [20/Sep/2022:23:23:45 -0700] "GET /BISG/?C=S;O=A HTTP/1.1" 200 414 "-" "Mozilla/5.0 (compatible; AhrefsBot/7.0; +http://ahrefs.com/robot/)" "cyberdontic.com"
114.119.155.122 - - [20/Sep/2022:23:29:25 -0700] "GET /ce/education5_files/?C=S%3BO%3DA HTTP/1.1" 200 442 "http://www.cyberdontic.com/ce/education5_files?C=N%3BO%3DD" "Mozilla/5.0 (Linux; Android 7.0;) AppleWebKit/537.36 (KHTML, like Gecko) Mobile Safari/537.36 (compatible; PetalBot;+https://webmaster.petalsearch.com/site/petalbot)" "www.cyberdontic.com"
185.191.171.5 - - [20/Sep/2022:23:35:26 -0700] "GET /sound/_vti_cnf/?C=S%3BO%3DA HTTP/1.1" 200 388 "-" "Mozilla/5.0 (compatible; SemrushBot/7~bl; +http://www.semrush.com/bot.html)" "cyberdontic.com"
114.119.155.118 - - [20/Sep/2022:23:40:36 -0700] "GET /sound?C=S%3BO%3DA HTTP/1.1" 301 1420 "http://www.cyberdontic.com/sound" "Mozilla/5.0 (Linux; Android 7.0;) AppleWebKit/537.36 (KHTML, like Gecko) Mobile Safari/537.36 (compatible; PetalBot;+https://webmaster.petalsearch.com/site/petalbot)" "www.cyberdontic.com"
114.119.155.118 - - [20/Sep/2022:23:40:36 -0700] "GET /sound/?C=S%3BO%3DA HTTP/1.1" 200 444 "http://www.cyberdontic.com/sound" "Mozilla/5.0 (Linux; Android 7.0;) AppleWebKit/537.36 (KHTML, like Gecko) Mobile Safari/537.36 (compatible; PetalBot;+https://webmaster.petalsearch.com/site/petalbot)" "www.cyberdontic.com"
185.191.171.24 - - [20/Sep/2022:23:45:21 -0700] "GET /lcpre.htm HTTP/1.1" 200 20 "-" "Mozilla/5.0 (compatible; SemrushBot/7~bl; +http://www.semrush.com/bot.html)" "www.cyberdontic.com"
51.222.253.4 - - [20/Sep/2022:23:46:21 -0700] "GET /ce/BISG_files/?C=M;O=A HTTP/1.1" 200 653 "-" "Mozilla/5.0 (compatible; AhrefsBot/7.0; +http://ahrefs.com/robot/)" "www.cyberdontic.com"
195.191.219.133 - - [20/Sep/2022:23:47:18 -0700] "GET /robots.txt HTTP/1.1" 404 73 "-" "Mozilla/5.0 (compatible; MJ12bot/v1.4.8; http://mj12bot.com/)" "www.cyberdontic.com"
195.191.219.133 - - [20/Sep/2022:23:47:20 -0700] "GET / HTTP/1.1" 200 1104 "-" "Mozilla/5.0 (compatible; MJ12bot/v1.4.8; http://mj12bot.com/)" "www.cyberdontic.com"
185.147.213.44 - - [20/Sep/2022:23:50:57 -0700] "GET /eve/forums/a/frm/f/6516008412 HTTP/1.1" 404 88 "http://cyberdontic.com" "Mozilla/5.0 (Windows NT 10.0; Win64; x64) AppleWebKit/537.36 (KHTML, like Gecko) Chrome/62.0.3202.94 Safari/537.36" "cyberdontic.com"
