114.119.155.142 - - [21/Sep/2022:11:37:02 -0700] "GET /ce/BISG_files?N=A HTTP/1.1" 301 1419 "http://cyberdontic.com/ce/BISG_files?M=D" "Mozilla/5.0 (Linux; Android 7.0;) AppleWebKit/537.36 (KHTML, like Gecko) Mobile Safari/537.36 (compatible; PetalBot;+https://webmaster.petalsearch.com/site/petalbot)" "cyberdontic.com"
114.119.155.142 - - [21/Sep/2022:11:37:03 -0700] "GET /ce/BISG_files/?N=A HTTP/1.1" 200 649 "http://cyberdontic.com/ce/BISG_files?M=D" "Mozilla/5.0 (Linux; Android 7.0;) AppleWebKit/537.36 (KHTML, like Gecko) Mobile Safari/537.36 (compatible; PetalBot;+https://webmaster.petalsearch.com/site/petalbot)" "cyberdontic.com"
34.74.111.7 - - [21/Sep/2022:11:40:39 -0700] "GET /robots.txt HTTP/1.1" 404 88 "-" "ZoominfoBot (zoominfobot at zoominfo dot com)" "www.cyberdontic.com"
34.74.111.7 - - [21/Sep/2022:11:40:39 -0700] "GET / HTTP/1.1" 200 1104 "-" "ZoominfoBot (zoominfobot at zoominfo dot com)" "www.cyberdontic.com"
114.119.155.118 - - [21/Sep/2022:11:42:42 -0700] "GET /ce/register_files?C=M%3BO%3DA HTTP/1.1" 301 1430 "http://www.cyberdontic.com/ce/register_files?C=S%3BO%3DA" "Mozilla/5.0 (Linux; Android 7.0;) AppleWebKit/537.36 (KHTML, like Gecko) Mobile Safari/537.36 (compatible; PetalBot;+https://webmaster.petalsearch.com/site/petalbot)" "www.cyberdontic.com"
114.119.155.118 - - [21/Sep/2022:11:42:43 -0700] "GET /ce/register_files/?C=M%3BO%3DA HTTP/1.1" 200 451 "http://www.cyberdontic.com/ce/register_files?C=S%3BO%3DA" "Mozilla/5.0 (Linux; Android 7.0;) AppleWebKit/537.36 (KHTML, like Gecko) Mobile Safari/537.36 (compatible; PetalBot;+https://webmaster.petalsearch.com/site/petalbot)" "www.cyberdontic.com"
51.222.253.15 - - [21/Sep/2022:11:43:11 -0700] "GET /guestbook.htm HTTP/1.1" 200 20 "-" "Mozilla/5.0 (compatible; AhrefsBot/7.0; +http://ahrefs.com/robot/)" "cyberdontic.com"
114.119.155.122 - - [21/Sep/2022:11:48:21 -0700] "GET /OSG/_vti_cnf?S=D HTTP/1.1" 301 1419 "http://cyberdontic.com/OSG/_vti_cnf?S=A" "Mozilla/5.0 (Linux; Android 7.0;) AppleWebKit/537.36 (KHTML, like Gecko) Mobile Safari/537.36 (compatible; PetalBot;+https://webmaster.petalsearch.com/site/petalbot)" "cyberdontic.com"
114.119.155.122 - - [21/Sep/2022:11:48:22 -0700] "GET /OSG/_vti_cnf/?S=D HTTP/1.1" 200 388 "http://cyberdontic.com/OSG/_vti_cnf?S=A" "Mozilla/5.0 (Linux; Android 7.0;) AppleWebKit/537.36 (KHTML, like Gecko) Mobile Safari/537.36 (compatible; PetalBot;+https://webmaster.petalsearch.com/site/petalbot)" "cyberdontic.com"
51.222.253.9 - - [21/Sep/2022:11:51:02 -0700] "GET /history.htm HTTP/1.1" 200 20 "-" "Mozilla/5.0 (compatible; AhrefsBot/7.0; +http://ahrefs.com/robot/)" "www.cyberdontic.com"
114.119.155.142 - - [21/Sep/2022:11:54:04 -0700] "GET /ce/?M=D HTTP/1.1" 200 1260 "http://cyberdontic.com/ce?M=A" "Mozilla/5.0 (Linux; Android 7.0;) AppleWebKit/537.36 (KHTML, like Gecko) Mobile Safari/537.36 (compatible; PetalBot;+https://webmaster.petalsearch.com/site/petalbot)" "cyberdontic.com"
114.119.155.142 - - [21/Sep/2022:11:54:04 -0700] "GET /ce?M=D HTTP/1.1" 301 1408 "http://cyberdontic.com/ce?M=A" "Mozilla/5.0 (Linux; Android 7.0;) AppleWebKit/537.36 (KHTML, like Gecko) Mobile Safari/537.36 (compatible; PetalBot;+https://webmaster.petalsearch.com/site/petalbot)" "cyberdontic.com"
51.222.253.17 - - [21/Sep/2022:11:58:35 -0700] "GET /CBCT_files/ HTTP/1.1" 200 450 "-" "Mozilla/5.0 (compatible; AhrefsBot/7.0; +http://ahrefs.com/robot/)" "www.cyberdontic.com"
114.119.155.118 - - [21/Sep/2022:11:59:45 -0700] "GET /StudyGroups_files HTTP/1.1" 301 1418 "http://www.cyberdontic.com?C=D%3BO%3DA" "Mozilla/5.0 (Linux; Android 7.0;) AppleWebKit/537.36 (KHTML, like Gecko) Mobile Safari/537.36 (compatible; PetalBot;+https://webmaster.petalsearch.com/site/petalbot)" "www.cyberdontic.com"
114.119.155.118 - - [21/Sep/2022:11:59:46 -0700] "GET /StudyGroups_files/ HTTP/1.1" 200 398 "http://www.cyberdontic.com?C=D%3BO%3DA" "Mozilla/5.0 (Linux; Android 7.0;) AppleWebKit/537.36 (KHTML, like Gecko) Mobile Safari/537.36 (compatible; PetalBot;+https://webmaster.petalsearch.com/site/petalbot)" "www.cyberdontic.com"
114.119.155.126 - - [21/Sep/2022:12:11:20 -0700] "GET /orthodiagnosis/images/pages/slideshows_jpg.htm HTTP/1.1" 200 344 "http://cyberdontic.com/orthodiagnosis/index.html" "Mozilla/5.0 (Linux; Android 7.0;) AppleWebKit/537.36 (KHTML, like Gecko) Mobile Safari/537.36 (compatible; PetalBot;+https://webmaster.petalsearch.com/site/petalbot)" "cyberdontic.com"
114.119.155.121 - - [21/Sep/2022:12:17:08 -0700] "GET /BISG_files/?C=D%3BO%3DA HTTP/1.1" 200 446 "http://cyberdontic.com/BISG_files?C=M%3BO%3DA" "Mozilla/5.0 (Linux; Android 7.0;) AppleWebKit/537.36 (KHTML, like Gecko) Mobile Safari/537.36 (compatible; PetalBot;+https://webmaster.petalsearch.com/site/petalbot)" "cyberdontic.com"
114.119.155.122 - - [21/Sep/2022:12:22:59 -0700] "GET /ce/?C=D%3BO%3DA HTTP/1.1" 200 1260 "http://cyberdontic.com/ce?C=M%3BO%3DA" "Mozilla/5.0 (Linux; Android 7.0;) AppleWebKit/537.36 (KHTML, like Gecko) Mobile Safari/537.36 (compatible; PetalBot;+https://webmaster.petalsearch.com/site/petalbot)" "cyberdontic.com"
114.119.155.122 - - [21/Sep/2022:12:28:50 -0700] "GET /ce/Webinars_files HTTP/1.1" 301 1417 "http://www.cyberdontic.com/ce?C=N%3BO%3DD" "Mozilla/5.0 (Linux; Android 7.0;) AppleWebKit/537.36 (KHTML, like Gecko) Mobile Safari/537.36 (compatible; PetalBot;+https://webmaster.petalsearch.com/site/petalbot)" "www.cyberdontic.com"
114.119.155.122 - - [21/Sep/2022:12:28:51 -0700] "GET /ce/Webinars_files/ HTTP/1.1" 200 399 "http://www.cyberdontic.com/ce?C=N%3BO%3DD" "Mozilla/5.0 (Linux; Android 7.0;) AppleWebKit/537.36 (KHTML, like Gecko) Mobile Safari/537.36 (compatible; PetalBot;+https://webmaster.petalsearch.com/site/petalbot)" "www.cyberdontic.com"
216.244.66.245 - - [21/Sep/2022:12:29:14 -0700] "GET /robots.txt HTTP/1.1" 404 73 "-" "Mozilla/5.0 (compatible; DotBot/1.2; +https://opensiteexplorer.org/dotbot; help@moz.com)" "www.cyberdontic.com"
216.244.66.245 - - [21/Sep/2022:12:29:14 -0700] "GET /robots.txt HTTP/1.1" 404 73 "-" "Mozilla/5.0 (compatible; DotBot/1.2; +https://opensiteexplorer.org/dotbot; help@moz.com)" "cyberdontic.com"
114.119.155.142 - - [21/Sep/2022:12:34:43 -0700] "GET /SS/_vti_cnf/trialpaypal.htm HTTP/1.1" 200 469 "http://www.cyberdontic.com/SS/_vti_cnf/?C=D%3BO%3DA" "Mozilla/5.0 (Linux; Android 7.0;) AppleWebKit/537.36 (KHTML, like Gecko) Mobile Safari/537.36 (compatible; PetalBot;+https://webmaster.petalsearch.com/site/petalbot)" "www.cyberdontic.com"
114.119.155.118 - - [21/Sep/2022:12:40:39 -0700] "GET /ce/GuidedSurgery_files/ HTTP/1.1" 200 444 "http://www.cyberdontic.com/ce?C=S%3BO%3DA" "Mozilla/5.0 (Linux; Android 7.0;) AppleWebKit/537.36 (KHTML, like Gecko) Mobile Safari/537.36 (compatible; PetalBot;+https://webmaster.petalsearch.com/site/petalbot)" "www.cyberdontic.com"
114.119.155.122 - - [21/Sep/2022:12:46:26 -0700] "GET /ce/Feb17_2015_files/?C=D%3BO%3DA HTTP/1.1" 200 630 "http://www.cyberdontic.com/ce/Feb17_2015_files/?C=S%3BO%3DA" "Mozilla/5.0 (Linux; Android 7.0;) AppleWebKit/537.36 (KHTML, like Gecko) Mobile Safari/537.36 (compatible; PetalBot;+https://webmaster.petalsearch.com/site/petalbot)" "www.cyberdontic.com"
114.119.155.121 - - [21/Sep/2022:12:52:34 -0700] "GET /OSG/_vti_cnf/OFS.htm HTTP/1.1" 200 517 "http://www.cyberdontic.com/OSG/_vti_cnf/?C=S%3BO%3DA" "Mozilla/5.0 (Linux; Android 7.0;) AppleWebKit/537.36 (KHTML, like Gecko) Mobile Safari/537.36 (compatible; PetalBot;+https://webmaster.petalsearch.com/site/petalbot)" "www.cyberdontic.com"
114.119.155.142 - - [21/Sep/2022:12:58:19 -0700] "GET /ce/MultiPhase_files HTTP/1.1" 301 1418 "http://www.cyberdontic.com/ce?C=N%3BO%3DD" "Mozilla/5.0 (Linux; Android 7.0;) AppleWebKit/537.36 (KHTML, like Gecko) Mobile Safari/537.36 (compatible; PetalBot;+https://webmaster.petalsearch.com/site/petalbot)" "www.cyberdontic.com"
114.119.155.142 - - [21/Sep/2022:12:58:19 -0700] "GET /ce/MultiPhase_files/ HTTP/1.1" 200 434 "http://www.cyberdontic.com/ce?C=N%3BO%3DD" "Mozilla/5.0 (Linux; Android 7.0;) AppleWebKit/537.36 (KHTML, like Gecko) Mobile Safari/537.36 (compatible; PetalBot;+https://webmaster.petalsearch.com/site/petalbot)" "www.cyberdontic.com"
114.119.155.121 - - [21/Sep/2022:13:04:10 -0700] "GET /ce/Feb17_2015_files?C=D%3BO%3DA HTTP/1.1" 301 1432 "http://cyberdontic.com/ce/Feb17_2015_files?N=D" "Mozilla/5.0 (Linux; Android 7.0;) AppleWebKit/537.36 (KHTML, like Gecko) Mobile Safari/537.36 (compatible; PetalBot;+https://webmaster.petalsearch.com/site/petalbot)" "cyberdontic.com"
114.119.155.121 - - [21/Sep/2022:13:04:10 -0700] "GET /ce/Feb17_2015_files/?C=D%3BO%3DA HTTP/1.1" 200 630 "http://cyberdontic.com/ce/Feb17_2015_files?N=D" "Mozilla/5.0 (Linux; Android 7.0;) AppleWebKit/537.36 (KHTML, like Gecko) Mobile Safari/537.36 (compatible; PetalBot;+https://webmaster.petalsearch.com/site/petalbot)" "cyberdontic.com"
114.119.155.142 - - [21/Sep/2022:13:09:51 -0700] "GET /sound/_vti_cnf?C=N%3BO%3DD HTTP/1.1" 301 1431 "http://cyberdontic.com/sound/_vti_cnf" "Mozilla/5.0 (Linux; Android 7.0;) AppleWebKit/537.36 (KHTML, like Gecko) Mobile Safari/537.36 (compatible; PetalBot;+https://webmaster.petalsearch.com/site/petalbot)" "cyberdontic.com"
114.119.155.142 - - [21/Sep/2022:13:09:52 -0700] "GET /sound/_vti_cnf/?C=N%3BO%3DD HTTP/1.1" 200 388 "http://cyberdontic.com/sound/_vti_cnf" "Mozilla/5.0 (Linux; Android 7.0;) AppleWebKit/537.36 (KHTML, like Gecko) Mobile Safari/537.36 (compatible; PetalBot;+https://webmaster.petalsearch.com/site/petalbot)" "cyberdontic.com"
114.119.155.118 - - [21/Sep/2022:13:15:44 -0700] "GET /SS/_vti_cnf?S=A HTTP/1.1" 301 1417 "http://cyberdontic.com/SS/_vti_cnf?N=A" "Mozilla/5.0 (Linux; Android 7.0;) AppleWebKit/537.36 (KHTML, like Gecko) Mobile Safari/537.36 (compatible; PetalBot;+https://webmaster.petalsearch.com/site/petalbot)" "cyberdontic.com"
114.119.155.118 - - [21/Sep/2022:13:15:44 -0700] "GET /SS/_vti_cnf/?S=A HTTP/1.1" 200 465 "http://cyberdontic.com/SS/_vti_cnf?N=A" "Mozilla/5.0 (Linux; Android 7.0;) AppleWebKit/537.36 (KHTML, like Gecko) Mobile Safari/537.36 (compatible; PetalBot;+https://webmaster.petalsearch.com/site/petalbot)" "cyberdontic.com"
40.77.167.44 - - [21/Sep/2022:13:17:59 -0700] "GET /temporarypreviewfile.html HTTP/1.1" 200 1021 "-" "Mozilla/5.0 (compatible; bingbot/2.0; +http://www.bing.com/bingbot.htm)" "cyberdontic.com"
207.46.13.115 - - [21/Sep/2022:13:18:55 -0700] "GET / HTTP/1.1" 200 1104 "-" "Mozilla/5.0 (compatible; bingbot/2.0; +http://www.bing.com/bingbot.htm)" "www.cyberdontic.com"
50.202.38.3 - - [21/Sep/2022:13:20:25 -0700] "GET / HTTP/1.1" 200 6620 "-" "Mozilla/5.0 (X11; Linux x86_64; rv:30.0) Gecko/20100101 Firefox/30.0 Iceweasel/30.0" "www.cyberdontic.com"
114.119.155.126 - - [21/Sep/2022:13:21:40 -0700] "GET /ce/Augmentation_files HTTP/1.1" 301 1418 "http://www.cyberdontic.com/ce?C=N%3BO%3DD" "Mozilla/5.0 (Linux; Android 7.0;) AppleWebKit/537.36 (KHTML, like Gecko) Mobile Safari/537.36 (compatible; PetalBot;+https://webmaster.petalsearch.com/site/petalbot)" "www.cyberdontic.com"
114.119.155.126 - - [21/Sep/2022:13:21:41 -0700] "GET /ce/Augmentation_files/ HTTP/1.1" 200 437 "http://www.cyberdontic.com/ce?C=N%3BO%3DD" "Mozilla/5.0 (Linux; Android 7.0;) AppleWebKit/537.36 (KHTML, like Gecko) Mobile Safari/537.36 (compatible; PetalBot;+https://webmaster.petalsearch.com/site/petalbot)" "www.cyberdontic.com"
114.119.155.126 - - [21/Sep/2022:13:27:28 -0700] "GET /nydds4u?C=D%3BO%3DA HTTP/1.1" 301 1421 "http://cyberdontic.com/nydds4u?C=S%3BO%3DA" "Mozilla/5.0 (Linux; Android 7.0;) AppleWebKit/537.36 (KHTML, like Gecko) Mobile Safari/537.36 (compatible; PetalBot;+https://webmaster.petalsearch.com/site/petalbot)" "cyberdontic.com"
114.119.155.126 - - [21/Sep/2022:13:27:29 -0700] "GET /nydds4u/?C=D%3BO%3DA HTTP/1.1" 200 314 "http://cyberdontic.com/nydds4u?C=S%3BO%3DA" "Mozilla/5.0 (Linux; Android 7.0;) AppleWebKit/537.36 (KHTML, like Gecko) Mobile Safari/537.36 (compatible; PetalBot;+https://webmaster.petalsearch.com/site/petalbot)" "cyberdontic.com"
207.46.13.115 - - [21/Sep/2022:13:31:47 -0700] "GET / HTTP/1.1" 200 1104 "-" "Mozilla/5.0 (compatible; bingbot/2.0; +http://www.bing.com/bingbot.htm)" "cyberdontic.com"
114.119.155.122 - - [21/Sep/2022:13:33:18 -0700] "GET /botox HTTP/1.1" 301 1408 "http://www.cyberdontic.com?C=D%3BO%3DA" "Mozilla/5.0 (Linux; Android 7.0;) AppleWebKit/537.36 (KHTML, like Gecko) Mobile Safari/537.36 (compatible; PetalBot;+https://webmaster.petalsearch.com/site/petalbot)" "www.cyberdontic.com"
114.119.155.122 - - [21/Sep/2022:13:33:19 -0700] "GET /botox/ HTTP/1.1" 200 454 "http://www.cyberdontic.com?C=D%3BO%3DA" "Mozilla/5.0 (Linux; Android 7.0;) AppleWebKit/537.36 (KHTML, like Gecko) Mobile Safari/537.36 (compatible; PetalBot;+https://webmaster.petalsearch.com/site/petalbot)" "www.cyberdontic.com"
114.119.155.121 - - [21/Sep/2022:13:39:04 -0700] "GET /Spanish/_overlay?D=D HTTP/1.1" 301 1423 "https://cyberdontic.com/Spanish/_overlay?D=A" "Mozilla/5.0 (Linux; Android 7.0;) AppleWebKit/537.36 (KHTML, like Gecko) Mobile Safari/537.36 (compatible; PetalBot;+https://webmaster.petalsearch.com/site/petalbot)" "cyberdontic.com"
114.119.155.121 - - [21/Sep/2022:13:39:07 -0700] "GET /Spanish/_overlay/?D=D HTTP/1.1" 200 390 "https://cyberdontic.com/Spanish/_overlay?D=A" "Mozilla/5.0 (Linux; Android 7.0;) AppleWebKit/537.36 (KHTML, like Gecko) Mobile Safari/537.36 (compatible; PetalBot;+https://webmaster.petalsearch.com/site/petalbot)" "cyberdontic.com"
51.222.253.5 - - [21/Sep/2022:13:39:31 -0700] "GET /ewpre.htm HTTP/1.1" 200 20 "-" "Mozilla/5.0 (compatible; AhrefsBot/7.0; +http://ahrefs.com/robot/)" "www.cyberdontic.com"
185.191.171.45 - - [21/Sep/2022:13:40:03 -0700] "GET /robots.txt HTTP/1.1" 404 88 "-" "Mozilla/5.0 (compatible; SemrushBot/7~bl; +http://www.semrush.com/bot.html)" "cyberdontic.com"
185.191.171.42 - - [21/Sep/2022:13:40:03 -0700] "GET /Spanish/_vti_cnf/?C=D%3BO%3DA HTTP/1.1" 200 583 "-" "Mozilla/5.0 (compatible; SemrushBot/7~bl; +http://www.semrush.com/bot.html)" "cyberdontic.com"
51.222.253.9 - - [21/Sep/2022:13:44:50 -0700] "GET /robots.txt HTTP/1.1" 404 88 "-" "Mozilla/5.0 (compatible; AhrefsBot/7.0; +http://ahrefs.com/robot/)" "www.cyberdontic.com"
51.222.253.9 - - [21/Sep/2022:13:44:52 -0700] "GET /Spanish/?C=D;O=D HTTP/1.1" 200 644 "-" "Mozilla/5.0 (compatible; AhrefsBot/7.0; +http://ahrefs.com/robot/)" "www.cyberdontic.com"
114.119.155.142 - - [21/Sep/2022:13:44:55 -0700] "GET /ClinicalOrthodontic.htm HTTP/1.1" 200 3353 "https://cyberdontic.com/?C=S%3BO%3DA" "Mozilla/5.0 (Linux; Android 7.0;) AppleWebKit/537.36 (KHTML, like Gecko) Mobile Safari/537.36 (compatible; PetalBot;+https://webmaster.petalsearch.com/site/petalbot)" "cyberdontic.com"
51.222.253.5 - - [21/Sep/2022:13:50:34 -0700] "GET /guestbooklt.htm HTTP/1.1" 200 20 "-" "Mozilla/5.0 (compatible; AhrefsBot/7.0; +http://ahrefs.com/robot/)" "www.cyberdontic.com"
114.119.155.121 - - [21/Sep/2022:13:50:51 -0700] "GET /ce/BISG.htm HTTP/1.1" 200 4191 "http://cyberdontic.com/ce/StudyGroups.htm" "Mozilla/5.0 (Linux; Android 7.0;) AppleWebKit/537.36 (KHTML, like Gecko) Mobile Safari/537.36 (compatible; PetalBot;+https://webmaster.petalsearch.com/site/petalbot)" "www.cyberdontic.com"
114.119.155.121 - - [21/Sep/2022:13:56:43 -0700] "GET /OSG/?C=M%3BO%3DA HTTP/1.1" 200 429 "http://www.cyberdontic.com/OSG?C=N%3BO%3DD" "Mozilla/5.0 (Linux; Android 7.0;) AppleWebKit/537.36 (KHTML, like Gecko) Mobile Safari/537.36 (compatible; PetalBot;+https://webmaster.petalsearch.com/site/petalbot)" "www.cyberdontic.com"
65.108.79.209 - - [21/Sep/2022:14:02:20 -0700] "GET /robots.txt HTTP/1.1" 404 88 "-" "Mozilla/5.0 (compatible; SEOkicks; +https://www.seokicks.de/robot.html)" "www.cyberdontic.com"
65.108.79.209 - - [21/Sep/2022:14:02:22 -0700] "GET / HTTP/1.1" 200 1104 "-" "Mozilla/5.0 (compatible; SEOkicks; +https://www.seokicks.de/robot.html)" "www.cyberdontic.com"
65.108.79.209 - - [21/Sep/2022:14:02:24 -0700] "GET /?C=N;O=D HTTP/1.1" 200 1101 "http://www.cyberdontic.com/" "Mozilla/5.0 (compatible; SEOkicks; +https://www.seokicks.de/robot.html)" "www.cyberdontic.com"
65.108.79.209 - - [21/Sep/2022:14:02:26 -0700] "GET /?C=M;O=A HTTP/1.1" 200 1079 "http://www.cyberdontic.com/" "Mozilla/5.0 (compatible; SEOkicks; +https://www.seokicks.de/robot.html)" "www.cyberdontic.com"
65.108.79.209 - - [21/Sep/2022:14:02:28 -0700] "GET /?C=S;O=A HTTP/1.1" 200 1069 "http://www.cyberdontic.com/" "Mozilla/5.0 (compatible; SEOkicks; +https://www.seokicks.de/robot.html)" "www.cyberdontic.com"
65.108.79.209 - - [21/Sep/2022:14:02:30 -0700] "GET /?C=D;O=A HTTP/1.1" 200 1104 "http://www.cyberdontic.com/" "Mozilla/5.0 (compatible; SEOkicks; +https://www.seokicks.de/robot.html)" "www.cyberdontic.com"
65.108.79.209 - - [21/Sep/2022:14:02:31 -0700] "GET /4urbraces/ HTTP/1.1" 200 315 "http://www.cyberdontic.com/" "Mozilla/5.0 (compatible; SEOkicks; +https://www.seokicks.de/robot.html)" "www.cyberdontic.com"
114.119.152.56 - - [21/Sep/2022:14:02:32 -0700] "GET /robots.txt HTTP/1.1" 404 88 "-" "Mozilla/5.0 (compatible;PetalBot;+https://webmaster.petalsearch.com/site/petalbot)" "www.cyberdontic.com"
65.108.79.209 - - [21/Sep/2022:14:02:33 -0700] "GET /BISG/ HTTP/1.1" 200 415 "http://www.cyberdontic.com/" "Mozilla/5.0 (compatible; SEOkicks; +https://www.seokicks.de/robot.html)" "www.cyberdontic.com"
114.119.155.121 - - [21/Sep/2022:14:02:34 -0700] "GET /MultiPhase_files HTTP/1.1" 301 1415 "http://cyberdontic.com" "Mozilla/5.0 (Linux; Android 7.0;) AppleWebKit/537.36 (KHTML, like Gecko) Mobile Safari/537.36 (compatible; PetalBot;+https://webmaster.petalsearch.com/site/petalbot)" "cyberdontic.com"
114.119.155.121 - - [21/Sep/2022:14:02:34 -0700] "GET /MultiPhase_files/ HTTP/1.1" 200 429 "http://cyberdontic.com" "Mozilla/5.0 (Linux; Android 7.0;) AppleWebKit/537.36 (KHTML, like Gecko) Mobile Safari/537.36 (compatible; PetalBot;+https://webmaster.petalsearch.com/site/petalbot)" "cyberdontic.com"
65.108.79.209 - - [21/Sep/2022:14:02:34 -0700] "GET /BISG_files/ HTTP/1.1" 200 446 "http://www.cyberdontic.com/" "Mozilla/5.0 (compatible; SEOkicks; +https://www.seokicks.de/robot.html)" "www.cyberdontic.com"
65.108.79.209 - - [21/Sep/2022:14:02:36 -0700] "GET /CBCT_files/ HTTP/1.1" 200 450 "http://www.cyberdontic.com/" "Mozilla/5.0 (compatible; SEOkicks; +https://www.seokicks.de/robot.html)" "www.cyberdontic.com"
51.222.253.10 - - [21/Sep/2022:14:03:21 -0700] "GET /ce/register_files/ HTTP/1.1" 200 451 "-" "Mozilla/5.0 (compatible; AhrefsBot/7.0; +http://ahrefs.com/robot/)" "cyberdontic.com"
185.191.171.3 - - [21/Sep/2022:14:06:35 -0700] "GET /ce/Feb17_2015_files/Thumbs.db HTTP/1.1" 200 40448 "-" "Mozilla/5.0 (compatible; SemrushBot/7~bl; +http://www.semrush.com/bot.html)" "cyberdontic.com"
114.119.155.121 - - [21/Sep/2022:14:08:24 -0700] "GET /SS/_vti_cnf?S=D HTTP/1.1" 301 1421 "http://cyberdontic.com/SS/_vti_cnf?S=A" "Mozilla/5.0 (Linux; Android 7.0;) AppleWebKit/537.36 (KHTML, like Gecko) Mobile Safari/537.36 (compatible; PetalBot;+https://webmaster.petalsearch.com/site/petalbot)" "cyberdontic.com"
114.119.155.121 - - [21/Sep/2022:14:08:30 -0700] "GET /SS/_vti_cnf/?S=D HTTP/1.1" 200 465 "http://cyberdontic.com/SS/_vti_cnf?S=A" "Mozilla/5.0 (Linux; Android 7.0;) AppleWebKit/537.36 (KHTML, like Gecko) Mobile Safari/537.36 (compatible; PetalBot;+https://webmaster.petalsearch.com/site/petalbot)" "cyberdontic.com"
109.70.100.22 - - [21/Sep/2022:14:08:48 -0700] "GET / HTTP/1.1" 200 1104 "http://cyberdontic.com" "Mozilla/5.0 (Macintosh; Intel Mac OS X 10_14_1) AppleWebKit/605.1.15 (KHTML, like Gecko) Version/12.0.1 Safari/605.1.15" "cyberdontic.com"
51.222.253.1 - - [21/Sep/2022:14:11:47 -0700] "GET /StudyGroups_files/ HTTP/1.1" 200 398 "-" "Mozilla/5.0 (compatible; AhrefsBot/7.0; +http://ahrefs.com/robot/)" "www.cyberdontic.com"
114.119.155.118 - - [21/Sep/2022:14:14:24 -0700] "GET /BISG?S=D HTTP/1.1" 301 1412 "http://cyberdontic.com/BISG/?S=A" "Mozilla/5.0 (Linux; Android 7.0;) AppleWebKit/537.36 (KHTML, like Gecko) Mobile Safari/537.36 (compatible; PetalBot;+https://webmaster.petalsearch.com/site/petalbot)" "cyberdontic.com"
114.119.155.118 - - [21/Sep/2022:14:14:25 -0700] "GET /BISG/?S=D HTTP/1.1" 200 415 "http://cyberdontic.com/BISG/?S=A" "Mozilla/5.0 (Linux; Android 7.0;) AppleWebKit/537.36 (KHTML, like Gecko) Mobile Safari/537.36 (compatible; PetalBot;+https://webmaster.petalsearch.com/site/petalbot)" "cyberdontic.com"
114.119.155.122 - - [21/Sep/2022:14:20:13 -0700] "GET /ce/Webinar_Select_files/?C=M%3BO%3DA HTTP/1.1" 200 440 "http://www.cyberdontic.com/ce/Webinar_Select_files/?C=D%3BO%3DA" "Mozilla/5.0 (Linux; Android 7.0;) AppleWebKit/537.36 (KHTML, like Gecko) Mobile Safari/537.36 (compatible; PetalBot;+https://webmaster.petalsearch.com/site/petalbot)" "www.cyberdontic.com"
51.222.253.20 - - [21/Sep/2022:14:20:28 -0700] "GET /education5.htm HTTP/1.1" 200 2661 "-" "Mozilla/5.0 (compatible; AhrefsBot/7.0; +http://ahrefs.com/robot/)" "www.cyberdontic.com"
51.222.253.7 - - [21/Sep/2022:14:20:30 -0700] "GET /CBCT_files/Image_4.jpg HTTP/1.1" 200 18176 "-" "Mozilla/5.0 (compatible; AhrefsBot/7.0; +http://ahrefs.com/robot/)" "www.cyberdontic.com"
51.222.253.17 - - [21/Sep/2022:14:20:31 -0700] "GET /GuidedSurgery_files/Image_2.jpg HTTP/1.1" 404 88 "-" "Mozilla/5.0 (compatible; AhrefsBot/7.0; +http://ahrefs.com/robot/)" "www.cyberdontic.com"
51.222.253.9 - - [21/Sep/2022:14:20:31 -0700] "GET /ImmediatePlacement_files/Image_9.JPG HTTP/1.1" 404 88 "-" "Mozilla/5.0 (compatible; AhrefsBot/7.0; +http://ahrefs.com/robot/)" "www.cyberdontic.com"
51.222.253.3 - - [21/Sep/2022:14:20:32 -0700] "GET /education5_files/2.gif HTTP/1.1" 404 88 "-" "Mozilla/5.0 (compatible; AhrefsBot/7.0; +http://ahrefs.com/robot/)" "www.cyberdontic.com"
114.119.155.142 - - [21/Sep/2022:14:25:38 -0700] "GET /CBCT_files/ HTTP/1.1" 200 450 "https://cyberdontic.com/?C=S%3BO%3DA" "Mozilla/5.0 (Linux; Android 7.0;) AppleWebKit/537.36 (KHTML, like Gecko) Mobile Safari/537.36 (compatible; PetalBot;+https://webmaster.petalsearch.com/site/petalbot)" "cyberdontic.com"
51.222.253.8 - - [21/Sep/2022:14:29:18 -0700] "GET /drorthocd.htm HTTP/1.1" 200 20 "-" "Mozilla/5.0 (compatible; AhrefsBot/7.0; +http://ahrefs.com/robot/)" "www.cyberdontic.com"
114.119.155.121 - - [21/Sep/2022:14:31:18 -0700] "GET /Spanish/_derived/ HTTP/1.1" 200 426 "https://cyberdontic.com/Spanish/_derived/_vti_cnf?S=D" "Mozilla/5.0 (Linux; Android 7.0;) AppleWebKit/537.36 (KHTML, like Gecko) Mobile Safari/537.36 (compatible; PetalBot;+https://webmaster.petalsearch.com/site/petalbot)" "cyberdontic.com"
114.119.155.142 - - [21/Sep/2022:14:37:21 -0700] "GET /OSG/_vti_cnf/?C=S%3BO%3DA HTTP/1.1" 200 388 "http://cyberdontic.com/OSG/_vti_cnf" "Mozilla/5.0 (Linux; Android 7.0;) AppleWebKit/537.36 (KHTML, like Gecko) Mobile Safari/537.36 (compatible; PetalBot;+https://webmaster.petalsearch.com/site/petalbot)" "cyberdontic.com"
51.222.253.3 - - [21/Sep/2022:14:37:38 -0700] "GET /ce/Augmentation_files/ HTTP/1.1" 200 437 "-" "Mozilla/5.0 (compatible; AhrefsBot/7.0; +http://ahrefs.com/robot/)" "cyberdontic.com"
114.119.138.202 - - [21/Sep/2022:14:38:15 -0700] "GET /robots.txt HTTP/1.1" 404 88 "-" "Mozilla/5.0 (compatible;PetalBot;+https://webmaster.petalsearch.com/site/petalbot)" "cyberdontic.com"
207.46.13.115 - - [21/Sep/2022:14:41:25 -0700] "GET /SS/?S=A HTTP/1.1" 200 492 "-" "Mozilla/5.0 (compatible; bingbot/2.0; +http://www.bing.com/bingbot.htm)" "www.cyberdontic.com"
114.119.155.118 - - [21/Sep/2022:14:43:13 -0700] "GET /OrthoCD/ HTTP/1.1" 200 1071 "https://www.cyberdontic.com/?C=M%3BO%3DA" "Mozilla/5.0 (Linux; Android 7.0;) AppleWebKit/537.36 (KHTML, like Gecko) Mobile Safari/537.36 (compatible; PetalBot;+https://webmaster.petalsearch.com/site/petalbot)" "www.cyberdontic.com"
51.222.253.1 - - [21/Sep/2022:14:43:13 -0700] "GET /OrthoCD/ HTTP/1.1" 200 1071 "-" "Mozilla/5.0 (compatible; AhrefsBot/7.0; +http://ahrefs.com/robot/)" "www.cyberdontic.com"
51.222.253.6 - - [21/Sep/2022:14:47:51 -0700] "GET /ce/ClinicalOrthodontic_files/ HTTP/1.1" 200 428 "-" "Mozilla/5.0 (compatible; AhrefsBot/7.0; +http://ahrefs.com/robot/)" "cyberdontic.com"
114.119.155.122 - - [21/Sep/2022:14:49:03 -0700] "GET /?S=A HTTP/1.1" 200 1104 "-" "Mozilla/5.0 (Linux; Android 7.0;) AppleWebKit/537.36 (KHTML, like Gecko) Mobile Safari/537.36 (compatible; PetalBot;+https://webmaster.petalsearch.com/site/petalbot)" "www.cyberdontic.com"
157.55.39.22 - - [21/Sep/2022:14:49:46 -0700] "GET / HTTP/1.1" 200 1104 "-" "Mozilla/5.0 AppleWebKit/537.36 (KHTML, like Gecko; compatible; bingbot/2.0; +http://www.bing.com/bingbot.htm) Chrome/103.0.5060.134 Safari/537.36" "www.cyberdontic.com"
51.222.253.14 - - [21/Sep/2022:14:51:43 -0700] "GET /cdroms.htm HTTP/1.1" 200 20 "-" "Mozilla/5.0 (compatible; AhrefsBot/7.0; +http://ahrefs.com/robot/)" "www.cyberdontic.com"
114.119.155.118 - - [21/Sep/2022:14:54:55 -0700] "GET /orthodiagnosis/images/pages/slideshows_jpg.htm HTTP/1.1" 200 344 "http://www.cyberdontic.com/orthodiagnosis/index_features.html" "Mozilla/5.0 (Linux; Android 7.0;) AppleWebKit/537.36 (KHTML, like Gecko) Mobile Safari/537.36 (compatible; PetalBot;+https://webmaster.petalsearch.com/site/petalbot)" "www.cyberdontic.com"
51.222.253.11 - - [21/Sep/2022:14:56:20 -0700] "GET /OSG/ HTTP/1.1" 200 429 "-" "Mozilla/5.0 (compatible; AhrefsBot/7.0; +http://ahrefs.com/robot/)" "cyberdontic.com"
114.119.155.118 - - [21/Sep/2022:15:00:44 -0700] "GET /Spanish?S=A HTTP/1.1" 301 1416 "https://cyberdontic.com/Spanish" "Mozilla/5.0 (Linux; Android 7.0;) AppleWebKit/537.36 (KHTML, like Gecko) Mobile Safari/537.36 (compatible; PetalBot;+https://webmaster.petalsearch.com/site/petalbot)" "cyberdontic.com"
114.119.155.118 - - [21/Sep/2022:15:00:45 -0700] "GET /Spanish/?S=A HTTP/1.1" 200 642 "https://cyberdontic.com/Spanish" "Mozilla/5.0 (Linux; Android 7.0;) AppleWebKit/537.36 (KHTML, like Gecko) Mobile Safari/537.36 (compatible; PetalBot;+https://webmaster.petalsearch.com/site/petalbot)" "cyberdontic.com"
51.222.253.17 - - [21/Sep/2022:15:01:01 -0700] "GET /ce/Feb17_2015.htm HTTP/1.1" 200 4243 "-" "Mozilla/5.0 (compatible; AhrefsBot/7.0; +http://ahrefs.com/robot/)" "cyberdontic.com"
51.222.253.14 - - [21/Sep/2022:15:01:04 -0700] "GET /ce/Feb17_2015_files/Image_12.jpg HTTP/1.1" 200 3315 "-" "Mozilla/5.0 (compatible; AhrefsBot/7.0; +http://ahrefs.com/robot/)" "cyberdontic.com"
51.222.253.5 - - [21/Sep/2022:15:01:04 -0700] "GET /ce/Feb17_2015_files/Image_20.png HTTP/1.1" 200 622 "-" "Mozilla/5.0 (compatible; AhrefsBot/7.0; +http://ahrefs.com/robot/)" "cyberdontic.com"
51.222.253.17 - - [21/Sep/2022:15:01:04 -0700] "GET /ce/Feb17_2015_files/Image_17.png HTTP/1.1" 200 610 "-" "Mozilla/5.0 (compatible; AhrefsBot/7.0; +http://ahrefs.com/robot/)" "cyberdontic.com"
51.222.253.12 - - [21/Sep/2022:15:01:05 -0700] "GET /ce/Feb17_2015_files/Image_15.png HTTP/1.1" 200 599 "-" "Mozilla/5.0 (compatible; AhrefsBot/7.0; +http://ahrefs.com/robot/)" "cyberdontic.com"
51.222.253.17 - - [21/Sep/2022:15:01:05 -0700] "GET /ce/Feb17_2015_files/Image_5.png HTTP/1.1" 200 724 "-" "Mozilla/5.0 (compatible; AhrefsBot/7.0; +http://ahrefs.com/robot/)" "cyberdontic.com"
51.222.253.4 - - [21/Sep/2022:15:01:05 -0700] "GET /ce/Feb17_2015_files/Image_4.jpg HTTP/1.1" 200 2937 "-" "Mozilla/5.0 (compatible; AhrefsBot/7.0; +http://ahrefs.com/robot/)" "cyberdontic.com"
51.222.253.1 - - [21/Sep/2022:15:01:05 -0700] "GET /ce/Feb17_2015_files/Image_18.png HTTP/1.1" 200 783 "-" "Mozilla/5.0 (compatible; AhrefsBot/7.0; +http://ahrefs.com/robot/)" "cyberdontic.com"
51.222.253.13 - - [21/Sep/2022:15:01:05 -0700] "GET /ce/Feb17_2015_files/Image_10.png HTTP/1.1" 200 35566 "-" "Mozilla/5.0 (compatible; AhrefsBot/7.0; +http://ahrefs.com/robot/)" "cyberdontic.com"
51.222.253.1 - - [21/Sep/2022:15:01:06 -0700] "GET /ce/Feb17_2015_files/Image_8.png HTTP/1.1" 200 689 "-" "Mozilla/5.0 (compatible; AhrefsBot/7.0; +http://ahrefs.com/robot/)" "cyberdontic.com"
51.222.253.5 - - [21/Sep/2022:15:01:06 -0700] "GET /ce/Feb17_2015_files/Image_3.png HTTP/1.1" 200 724 "-" "Mozilla/5.0 (compatible; AhrefsBot/7.0; +http://ahrefs.com/robot/)" "cyberdontic.com"
51.222.253.7 - - [21/Sep/2022:15:01:06 -0700] "GET /ce/Feb17_2015_files/Image_2.JPG HTTP/1.1" 200 3455 "-" "Mozilla/5.0 (compatible; AhrefsBot/7.0; +http://ahrefs.com/robot/)" "cyberdontic.com"
51.222.253.1 - - [21/Sep/2022:15:01:07 -0700] "GET /ce/Feb17_2015_files/Image_16.png HTTP/1.1" 200 772 "-" "Mozilla/5.0 (compatible; AhrefsBot/7.0; +http://ahrefs.com/robot/)" "cyberdontic.com"
51.222.253.10 - - [21/Sep/2022:15:01:07 -0700] "GET /ce/Feb17_2015_files/Image_11.png HTTP/1.1" 200 1015 "-" "Mozilla/5.0 (compatible; AhrefsBot/7.0; +http://ahrefs.com/robot/)" "cyberdontic.com"
51.222.253.3 - - [21/Sep/2022:15:01:07 -0700] "GET /ce/Feb17_2015_files/Image_19.png HTTP/1.1" 200 869 "-" "Mozilla/5.0 (compatible; AhrefsBot/7.0; +http://ahrefs.com/robot/)" "cyberdontic.com"
51.222.253.20 - - [21/Sep/2022:15:01:07 -0700] "GET /ce/Feb17_2015_files/Image_7.png HTTP/1.1" 200 689 "-" "Mozilla/5.0 (compatible; AhrefsBot/7.0; +http://ahrefs.com/robot/)" "cyberdontic.com"
51.222.253.4 - - [21/Sep/2022:15:01:07 -0700] "GET /ce/Feb17_2015_files/Image_9.png HTTP/1.1" 200 591 "-" "Mozilla/5.0 (compatible; AhrefsBot/7.0; +http://ahrefs.com/robot/)" "cyberdontic.com"
51.222.253.9 - - [21/Sep/2022:15:01:08 -0700] "GET /ce/Feb17_2015_files/Image_6.jpg HTTP/1.1" 200 6081 "-" "Mozilla/5.0 (compatible; AhrefsBot/7.0; +http://ahrefs.com/robot/)" "cyberdontic.com"
51.222.253.17 - - [21/Sep/2022:15:01:08 -0700] "GET /ce/Feb17_2015_files/Image_13.png HTTP/1.1" 200 548 "-" "Mozilla/5.0 (compatible; AhrefsBot/7.0; +http://ahrefs.com/robot/)" "cyberdontic.com"
51.222.253.16 - - [21/Sep/2022:15:01:09 -0700] "GET /ce/Feb17_2015_files/Image_14.png HTTP/1.1" 200 517 "-" "Mozilla/5.0 (compatible; AhrefsBot/7.0; +http://ahrefs.com/robot/)" "cyberdontic.com"
51.222.253.9 - - [21/Sep/2022:15:01:09 -0700] "GET /ce/Feb17_2015_files/Image_1.jpg HTTP/1.1" 200 8612 "-" "Mozilla/5.0 (compatible; AhrefsBot/7.0; +http://ahrefs.com/robot/)" "cyberdontic.com"
51.222.253.4 - - [21/Sep/2022:15:05:53 -0700] "GET /ingps.htm HTTP/1.1" 200 20 "-" "Mozilla/5.0 (compatible; AhrefsBot/7.0; +http://ahrefs.com/robot/)" "www.cyberdontic.com"
114.119.155.118 - - [21/Sep/2022:15:06:33 -0700] "GET /ce/?C=N%3BO%3DD HTTP/1.1" 200 1260 "http://cyberdontic.com/ce?C=M%3BO%3DA" "Mozilla/5.0 (Linux; Android 7.0;) AppleWebKit/537.36 (KHTML, like Gecko) Mobile Safari/537.36 (compatible; PetalBot;+https://webmaster.petalsearch.com/site/petalbot)" "cyberdontic.com"
185.191.171.1 - - [21/Sep/2022:15:07:03 -0700] "GET /robots.txt HTTP/1.1" 404 88 "-" "Mozilla/5.0 (compatible; SemrushBot/7~bl; +http://www.semrush.com/bot.html)" "www.cyberdontic.com"
185.191.171.15 - - [21/Sep/2022:15:07:04 -0700] "GET /guestbooklt.htm HTTP/1.1" 200 20 "-" "Mozilla/5.0 (compatible; SemrushBot/7~bl; +http://www.semrush.com/bot.html)" "www.cyberdontic.com"
51.222.253.1 - - [21/Sep/2022:15:10:30 -0700] "GET /Spanish/?C=S;O=A HTTP/1.1" 200 637 "-" "Mozilla/5.0 (compatible; AhrefsBot/7.0; +http://ahrefs.com/robot/)" "cyberdontic.com"
114.119.155.122 - - [21/Sep/2022:15:12:27 -0700] "GET /ce/OSG_files?N=A HTTP/1.1" 301 1418 "http://cyberdontic.com/ce/OSG_files?N=D" "Mozilla/5.0 (Linux; Android 7.0;) AppleWebKit/537.36 (KHTML, like Gecko) Mobile Safari/537.36 (compatible; PetalBot;+https://webmaster.petalsearch.com/site/petalbot)" "cyberdontic.com"
114.119.155.122 - - [21/Sep/2022:15:12:27 -0700] "GET /ce/OSG_files/?N=A HTTP/1.1" 200 624 "http://cyberdontic.com/ce/OSG_files?N=D" "Mozilla/5.0 (Linux; Android 7.0;) AppleWebKit/537.36 (KHTML, like Gecko) Mobile Safari/537.36 (compatible; PetalBot;+https://webmaster.petalsearch.com/site/petalbot)" "cyberdontic.com"
216.244.66.245 - - [21/Sep/2022:15:13:10 -0700] "GET /robots.txt HTTP/1.1" 404 73 "-" "Mozilla/5.0 (compatible; DotBot/1.2; +https://opensiteexplorer.org/dotbot; help@moz.com)" "cyberdontic.com"
216.244.66.245 - - [21/Sep/2022:15:13:10 -0700] "GET /robots.txt HTTP/1.1" 404 73 "-" "Mozilla/5.0 (compatible; DotBot/1.2; +https://opensiteexplorer.org/dotbot; help@moz.com)" "www.cyberdontic.com"
51.222.253.3 - - [21/Sep/2022:15:15:51 -0700] "GET /seminars.htm HTTP/1.1" 200 20 "-" "Mozilla/5.0 (compatible; AhrefsBot/7.0; +http://ahrefs.com/robot/)" "www.cyberdontic.com"
114.119.155.121 - - [21/Sep/2022:15:18:18 -0700] "GET /ce/Webinar_Select_files?D=A HTTP/1.1" 301 1424 "http://cyberdontic.com/ce/Webinar_Select_files?D=D" "Mozilla/5.0 (Linux; Android 7.0;) AppleWebKit/537.36 (KHTML, like Gecko) Mobile Safari/537.36 (compatible; PetalBot;+https://webmaster.petalsearch.com/site/petalbot)" "cyberdontic.com"
114.119.155.121 - - [21/Sep/2022:15:18:19 -0700] "GET /ce/Webinar_Select_files/?D=A HTTP/1.1" 200 440 "http://cyberdontic.com/ce/Webinar_Select_files?D=D" "Mozilla/5.0 (Linux; Android 7.0;) AppleWebKit/537.36 (KHTML, like Gecko) Mobile Safari/537.36 (compatible; PetalBot;+https://webmaster.petalsearch.com/site/petalbot)" "cyberdontic.com"
51.222.253.1 - - [21/Sep/2022:15:21:03 -0700] "GET /orthocd.htm HTTP/1.1" 200 20 "-" "Mozilla/5.0 (compatible; AhrefsBot/7.0; +http://ahrefs.com/robot/)" "www.cyberdontic.com"
114.119.155.142 - - [21/Sep/2022:15:24:12 -0700] "GET /Spanish/_derived/_vti_cnf?C=D%3BO%3DA HTTP/1.1" 301 1437 "http://www.cyberdontic.com/Spanish/_derived/_vti_cnf?C=N%3BO%3DD" "Mozilla/5.0 (Linux; Android 7.0;) AppleWebKit/537.36 (KHTML, like Gecko) Mobile Safari/537.36 (compatible; PetalBot;+https://webmaster.petalsearch.com/site/petalbot)" "www.cyberdontic.com"
114.119.155.142 - - [21/Sep/2022:15:24:13 -0700] "GET /Spanish/_derived/_vti_cnf/?C=D%3BO%3DA HTTP/1.1" 200 402 "http://www.cyberdontic.com/Spanish/_derived/_vti_cnf?C=N%3BO%3DD" "Mozilla/5.0 (Linux; Android 7.0;) AppleWebKit/537.36 (KHTML, like Gecko) Mobile Safari/537.36 (compatible; PetalBot;+https://webmaster.petalsearch.com/site/petalbot)" "www.cyberdontic.com"
51.222.253.11 - - [21/Sep/2022:15:25:56 -0700] "GET /OSG_files/ HTTP/1.1" 200 465 "-" "Mozilla/5.0 (compatible; AhrefsBot/7.0; +http://ahrefs.com/robot/)" "www.cyberdontic.com"
114.119.155.118 - - [21/Sep/2022:15:30:04 -0700] "GET /ce/FamilyDentistryImplantsandOrthodontics_files?C=S%3BO%3DA HTTP/1.1" 301 1447 "http://cyberdontic.com/ce/FamilyDentistryImplantsandOrthodontics_files?C=D%3BO%3DA" "Mozilla/5.0 (Linux; Android 7.0;) AppleWebKit/537.36 (KHTML, like Gecko) Mobile Safari/537.36 (compatible; PetalBot;+https://webmaster.petalsearch.com/site/petalbot)" "cyberdontic.com"
114.119.155.118 - - [21/Sep/2022:15:30:06 -0700] "GET /ce/FamilyDentistryImplantsandOrthodontics_files/?C=S%3BO%3DA HTTP/1.1" 200 619 "http://cyberdontic.com/ce/FamilyDentistryImplantsandOrthodontics_files?C=D%3BO%3DA" "Mozilla/5.0 (Linux; Android 7.0;) AppleWebKit/537.36 (KHTML, like Gecko) Mobile Safari/537.36 (compatible; PetalBot;+https://webmaster.petalsearch.com/site/petalbot)" "cyberdontic.com"
51.222.253.2 - - [21/Sep/2022:15:30:58 -0700] "GET /index1.htm HTTP/1.1" 200 20 "-" "Mozilla/5.0 (compatible; AhrefsBot/7.0; +http://ahrefs.com/robot/)" "www.cyberdontic.com"
114.119.155.126 - - [21/Sep/2022:15:35:35 -0700] "GET /Spanish/_derived?M=D HTTP/1.1" 301 1423 "https://cyberdontic.com/Spanish/_derived?M=A" "Mozilla/5.0 (Linux; Android 7.0;) AppleWebKit/537.36 (KHTML, like Gecko) Mobile Safari/537.36 (compatible; PetalBot;+https://webmaster.petalsearch.com/site/petalbot)" "cyberdontic.com"
114.119.155.126 - - [21/Sep/2022:15:35:36 -0700] "GET /Spanish/_derived/?M=D HTTP/1.1" 200 426 "https://cyberdontic.com/Spanish/_derived?M=A" "Mozilla/5.0 (Linux; Android 7.0;) AppleWebKit/537.36 (KHTML, like Gecko) Mobile Safari/537.36 (compatible; PetalBot;+https://webmaster.petalsearch.com/site/petalbot)" "cyberdontic.com"
51.222.253.5 - - [21/Sep/2022:15:36:33 -0700] "GET /Spanish/ HTTP/1.1" 200 642 "-" "Mozilla/5.0 (compatible; AhrefsBot/7.0; +http://ahrefs.com/robot/)" "www.cyberdontic.com"
59.36.163.204 - - [21/Sep/2022:15:37:09 -0700] "GET / HTTP/1.1" 200 1104 "-" "Mozilla/5.0 (iPhone; CPU iPhone OS 13_2_3 like Mac OS X) AppleWebKit/605.1.15 (KHTML, like Gecko) Version/13.0.3 Mobile/15E148 Safari/604.1" "cyberdontic.com"
51.222.253.20 - - [21/Sep/2022:15:40:46 -0700] "GET /nydds4u/ HTTP/1.1" 200 314 "-" "Mozilla/5.0 (compatible; AhrefsBot/7.0; +http://ahrefs.com/robot/)" "www.cyberdontic.com"
114.119.155.118 - - [21/Sep/2022:15:40:57 -0700] "GET /ce/register_files/?C=N%3BO%3DD HTTP/1.1" 200 451 "http://cyberdontic.com/ce/register_files/?C=M%3BO%3DA" "Mozilla/5.0 (Linux; Android 7.0;) AppleWebKit/537.36 (KHTML, like Gecko) Mobile Safari/537.36 (compatible; PetalBot;+https://webmaster.petalsearch.com/site/petalbot)" "cyberdontic.com"
185.191.171.18 - - [21/Sep/2022:15:45:58 -0700] "GET /BISG/nyu.html HTTP/1.1" 200 300 "-" "Mozilla/5.0 (compatible; SemrushBot/7~bl; +http://www.semrush.com/bot.html)" "www.cyberdontic.com"
114.119.155.122 - - [21/Sep/2022:15:46:24 -0700] "GET /StudyGroups_files?M=D HTTP/1.1" 301 1425 "http://cyberdontic.com/StudyGroups_files?M=A" "Mozilla/5.0 (Linux; Android 7.0;) AppleWebKit/537.36 (KHTML, like Gecko) Mobile Safari/537.36 (compatible; PetalBot;+https://webmaster.petalsearch.com/site/petalbot)" "cyberdontic.com"
114.119.155.122 - - [21/Sep/2022:15:46:24 -0700] "GET /StudyGroups_files/?M=D HTTP/1.1" 200 398 "http://cyberdontic.com/StudyGroups_files?M=A" "Mozilla/5.0 (Linux; Android 7.0;) AppleWebKit/537.36 (KHTML, like Gecko) Mobile Safari/537.36 (compatible; PetalBot;+https://webmaster.petalsearch.com/site/petalbot)" "cyberdontic.com"
114.119.155.118 - - [21/Sep/2022:15:51:50 -0700] "GET /SS/price15.htm HTTP/1.1" 200 963 "https://cyberdontic.com/SS?N=A" "Mozilla/5.0 (Linux; Android 7.0;) AppleWebKit/537.36 (KHTML, like Gecko) Mobile Safari/537.36 (compatible; PetalBot;+https://webmaster.petalsearch.com/site/petalbot)" "cyberdontic.com"
51.222.253.20 - - [21/Sep/2022:15:56:20 -0700] "GET /ce/ClinicalOrthodontic_files/?C=N;O=D HTTP/1.1" 200 426 "-" "Mozilla/5.0 (compatible; AhrefsBot/7.0; +http://ahrefs.com/robot/)" "cyberdontic.com"
114.119.155.126 - - [21/Sep/2022:15:57:17 -0700] "GET /OSG?C=M%3BO%3DA HTTP/1.1" 301 1421 "http://www.cyberdontic.com/OSG" "Mozilla/5.0 (Linux; Android 7.0;) AppleWebKit/537.36 (KHTML, like Gecko) Mobile Safari/537.36 (compatible; PetalBot;+https://webmaster.petalsearch.com/site/petalbot)" "www.cyberdontic.com"
114.119.155.126 - - [21/Sep/2022:15:57:19 -0700] "GET /OSG/?C=M%3BO%3DA HTTP/1.1" 200 429 "http://www.cyberdontic.com/OSG" "Mozilla/5.0 (Linux; Android 7.0;) AppleWebKit/537.36 (KHTML, like Gecko) Mobile Safari/537.36 (compatible; PetalBot;+https://webmaster.petalsearch.com/site/petalbot)" "www.cyberdontic.com"
114.119.155.118 - - [21/Sep/2022:16:02:43 -0700] "GET /OSG/_vti_cnf/?C=M%3BO%3DA HTTP/1.1" 200 388 "http://www.cyberdontic.com/OSG/_vti_cnf/?C=S%3BO%3DA" "Mozilla/5.0 (Linux; Android 7.0;) AppleWebKit/537.36 (KHTML, like Gecko) Mobile Safari/537.36 (compatible; PetalBot;+https://webmaster.petalsearch.com/site/petalbot)" "www.cyberdontic.com"
114.119.155.142 - - [21/Sep/2022:16:08:06 -0700] "GET /OSG/?C=N%3BO%3DD HTTP/1.1" 200 429 "http://cyberdontic.com/OSG/?D=A" "Mozilla/5.0 (Linux; Android 7.0;) AppleWebKit/537.36 (KHTML, like Gecko) Mobile Safari/537.36 (compatible; PetalBot;+https://webmaster.petalsearch.com/site/petalbot)" "cyberdontic.com"
34.77.159.57 - - [21/Sep/2022:16:08:21 -0700] "GET / HTTP/1.1" 200 6620 "-" "Mozilla/5.0 (Windows NT 10.0; Win64; x64) AppleWebKit/537.36 (KHTML, like Gecko) Chrome/84.0.4147.105 Safari/537.36" "www.cyberdontic.com"
51.222.253.6 - - [21/Sep/2022:16:10:32 -0700] "GET /ce/Augmentation_files/?C=N;O=D HTTP/1.1" 200 434 "-" "Mozilla/5.0 (compatible; AhrefsBot/7.0; +http://ahrefs.com/robot/)" "cyberdontic.com"
114.119.155.122 - - [21/Sep/2022:16:13:34 -0700] "GET /Spanish/_overlay?S=A HTTP/1.1" 301 1419 "https://cyberdontic.com/Spanish/_overlay?D=A" "Mozilla/5.0 (Linux; Android 7.0;) AppleWebKit/537.36 (KHTML, like Gecko) Mobile Safari/537.36 (compatible; PetalBot;+https://webmaster.petalsearch.com/site/petalbot)" "cyberdontic.com"
114.119.155.122 - - [21/Sep/2022:16:13:34 -0700] "GET /Spanish/_overlay/?S=A HTTP/1.1" 200 390 "https://cyberdontic.com/Spanish/_overlay?D=A" "Mozilla/5.0 (Linux; Android 7.0;) AppleWebKit/537.36 (KHTML, like Gecko) Mobile Safari/537.36 (compatible; PetalBot;+https://webmaster.petalsearch.com/site/petalbot)" "cyberdontic.com"
185.191.171.44 - - [21/Sep/2022:16:17:33 -0700] "GET /robots.txt HTTP/1.1" 404 88 "-" "Mozilla/5.0 (compatible; SemrushBot/7~bl; +http://www.semrush.com/bot.html)" "www.cyberdontic.com"
185.191.171.43 - - [21/Sep/2022:16:17:34 -0700] "GET /orthocd.htm HTTP/1.1" 200 20 "-" "Mozilla/5.0 (compatible; SemrushBot/7~bl; +http://www.semrush.com/bot.html)" "www.cyberdontic.com"
114.119.155.118 - - [21/Sep/2022:16:18:56 -0700] "GET /cyberdonticnav.gif HTTP/1.1" 200 - "-" "Mozilla/5.0 (Linux; Android 7.0;) AppleWebKit/537.36 (KHTML, like Gecko) Mobile Safari/537.36 (compatible; PetalBot;+https://webmaster.petalsearch.com/site/petalbot)" "cyberdontic.com"
114.119.155.118 - - [21/Sep/2022:16:24:27 -0700] "GET /Spanish/ HTTP/1.1" 200 642 "http://www.cyberdontic.com/Spanish/_derived?C=N%3BO%3DD" "Mozilla/5.0 (Linux; Android 7.0;) AppleWebKit/537.36 (KHTML, like Gecko) Mobile Safari/537.36 (compatible; PetalBot;+https://webmaster.petalsearch.com/site/petalbot)" "www.cyberdontic.com"
51.222.253.1 - - [21/Sep/2022:16:25:40 -0700] "GET /StudyGroups_files/?C=S;O=D HTTP/1.1" 200 397 "-" "Mozilla/5.0 (compatible; AhrefsBot/7.0; +http://ahrefs.com/robot/)" "cyberdontic.com"
114.119.155.118 - - [21/Sep/2022:16:29:54 -0700] "GET /SS?M=A HTTP/1.1" 301 1409 "http://cyberdontic.com/SS?M=D" "Mozilla/5.0 (Linux; Android 7.0;) AppleWebKit/537.36 (KHTML, like Gecko) Mobile Safari/537.36 (compatible; PetalBot;+https://webmaster.petalsearch.com/site/petalbot)" "cyberdontic.com"
114.119.155.118 - - [21/Sep/2022:16:29:55 -0700] "GET /SS/?M=A HTTP/1.1" 200 492 "http://cyberdontic.com/SS?M=D" "Mozilla/5.0 (Linux; Android 7.0;) AppleWebKit/537.36 (KHTML, like Gecko) Mobile Safari/537.36 (compatible; PetalBot;+https://webmaster.petalsearch.com/site/petalbot)" "cyberdontic.com"
114.119.155.126 - - [21/Sep/2022:16:35:05 -0700] "GET /nydds4u/?C=S%3BO%3DA HTTP/1.1" 200 314 "http://www.cyberdontic.com/nydds4u?C=S%3BO%3DA" "Mozilla/5.0 (Linux; Android 7.0;) AppleWebKit/537.36 (KHTML, like Gecko) Mobile Safari/537.36 (compatible; PetalBot;+https://webmaster.petalsearch.com/site/petalbot)" "www.cyberdontic.com"
114.119.155.118 - - [21/Sep/2022:16:40:08 -0700] "GET /BISG_files?D=D HTTP/1.1" 301 1422 "http://cyberdontic.com/BISG_files?D=A" "Mozilla/5.0 (Linux; Android 7.0;) AppleWebKit/537.36 (KHTML, like Gecko) Mobile Safari/537.36 (compatible; PetalBot;+https://webmaster.petalsearch.com/site/petalbot)" "cyberdontic.com"
114.119.155.118 - - [21/Sep/2022:16:40:09 -0700] "GET /BISG_files/?D=D HTTP/1.1" 200 446 "http://cyberdontic.com/BISG_files?D=A" "Mozilla/5.0 (Linux; Android 7.0;) AppleWebKit/537.36 (KHTML, like Gecko) Mobile Safari/537.36 (compatible; PetalBot;+https://webmaster.petalsearch.com/site/petalbot)" "cyberdontic.com"
51.222.253.13 - - [21/Sep/2022:16:42:00 -0700] "GET /Spanish/_vti_cnf/?C=M;O=A HTTP/1.1" 200 593 "-" "Mozilla/5.0 (compatible; AhrefsBot/7.0; +http://ahrefs.com/robot/)" "www.cyberdontic.com"
114.119.155.126 - - [21/Sep/2022:16:45:13 -0700] "GET /4urbraces/?C=S%3BO%3DA HTTP/1.1" 200 315 "https://cyberdontic.com/4urbraces?D=A" "Mozilla/5.0 (Linux; Android 7.0;) AppleWebKit/537.36 (KHTML, like Gecko) Mobile Safari/537.36 (compatible; PetalBot;+https://webmaster.petalsearch.com/site/petalbot)" "cyberdontic.com"
5.102.173.71 - - [21/Sep/2022:16:49:21 -0700] "GET /robots.txt HTTP/1.1" 404 88 "-" "Mozilla/5.0 (compatible; MojeekBot/0.11; +https://www.mojeek.com/bot.html)" "www.cyberdontic.com"
5.102.173.71 - - [21/Sep/2022:16:49:21 -0700] "GET /ce/ImmediatePlacement_files/?C=S;O=A HTTP/1.1" 200 559 "-" "Mozilla/5.0 (compatible; MojeekBot/0.11; +https://www.mojeek.com/bot.html)" "www.cyberdontic.com"
114.119.155.126 - - [21/Sep/2022:16:50:17 -0700] "GET /OSG_files?M=D HTTP/1.1" 301 1416 "https://cyberdontic.com/OSG_files?M=A" "Mozilla/5.0 (Linux; Android 7.0;) AppleWebKit/537.36 (KHTML, like Gecko) Mobile Safari/537.36 (compatible; PetalBot;+https://webmaster.petalsearch.com/site/petalbot)" "cyberdontic.com"
114.119.155.126 - - [21/Sep/2022:16:50:17 -0700] "GET /OSG_files/?M=D HTTP/1.1" 200 465 "https://cyberdontic.com/OSG_files?M=A" "Mozilla/5.0 (Linux; Android 7.0;) AppleWebKit/537.36 (KHTML, like Gecko) Mobile Safari/537.36 (compatible; PetalBot;+https://webmaster.petalsearch.com/site/petalbot)" "cyberdontic.com"
114.119.155.126 - - [21/Sep/2022:16:55:21 -0700] "GET /CBCT_files/?C=N%3BO%3DD HTTP/1.1" 200 450 "https://cyberdontic.com/CBCT_files?M=A" "Mozilla/5.0 (Linux; Android 7.0;) AppleWebKit/537.36 (KHTML, like Gecko) Mobile Safari/537.36 (compatible; PetalBot;+https://webmaster.petalsearch.com/site/petalbot)" "cyberdontic.com"
