51.222.253.5 - - [21/Sep/2022:06:17:13 -0700] "GET /orthodiagnosis/ HTTP/1.1" 200 4058 "-" "Mozilla/5.0 (compatible; AhrefsBot/7.0; +http://ahrefs.com/robot/)" "www.cyberdontic.com"
216.244.66.245 - - [21/Sep/2022:06:17:39 -0700] "GET /robots.txt HTTP/1.1" 404 73 "-" "Mozilla/5.0 (compatible; DotBot/1.2; +https://opensiteexplorer.org/dotbot; help@moz.com)" "www.cyberdontic.com"
216.244.66.245 - - [21/Sep/2022:06:17:39 -0700] "GET /robots.txt HTTP/1.1" 404 73 "-" "Mozilla/5.0 (compatible; DotBot/1.2; +https://opensiteexplorer.org/dotbot; help@moz.com)" "cyberdontic.com"
207.46.13.232 - - [21/Sep/2022:06:20:48 -0700] "GET /robots.txt HTTP/1.1" 404 88 "-" "Mozilla/5.0 (compatible; bingbot/2.0; +http://www.bing.com/bingbot.htm)" "cyberdontic.com"
157.55.39.22 - - [21/Sep/2022:06:20:57 -0700] "GET /ce/OSG_files/ HTTP/1.1" 200 624 "-" "Mozilla/5.0 (compatible; bingbot/2.0; +http://www.bing.com/bingbot.htm)" "cyberdontic.com"
114.119.155.142 - - [21/Sep/2022:06:22:05 -0700] "GET /Spanish HTTP/1.1" 301 1409 "http://www.cyberdontic.com/Spanish/_overlay?C=M%3BO%3DA" "Mozilla/5.0 (Linux; Android 7.0;) AppleWebKit/537.36 (KHTML, like Gecko) Mobile Safari/537.36 (compatible; PetalBot;+https://webmaster.petalsearch.com/site/petalbot)" "www.cyberdontic.com"
114.119.155.142 - - [21/Sep/2022:06:22:06 -0700] "GET /Spanish/ HTTP/1.1" 200 642 "http://www.cyberdontic.com/Spanish/_overlay?C=M%3BO%3DA" "Mozilla/5.0 (Linux; Android 7.0;) AppleWebKit/537.36 (KHTML, like Gecko) Mobile Safari/537.36 (compatible; PetalBot;+https://webmaster.petalsearch.com/site/petalbot)" "www.cyberdontic.com"
51.222.253.14 - - [21/Sep/2022:06:27:02 -0700] "GET /?C=D;O=A HTTP/1.1" 200 1104 "-" "Mozilla/5.0 (compatible; AhrefsBot/7.0; +http://ahrefs.com/robot/)" "www.cyberdontic.com"
114.119.155.126 - - [21/Sep/2022:06:27:36 -0700] "GET /OSG/?C=S%3BO%3DA HTTP/1.1" 200 429 "http://www.cyberdontic.com/OSG" "Mozilla/5.0 (Linux; Android 7.0;) AppleWebKit/537.36 (KHTML, like Gecko) Mobile Safari/537.36 (compatible; PetalBot;+https://webmaster.petalsearch.com/site/petalbot)" "www.cyberdontic.com"
185.191.171.36 - - [21/Sep/2022:06:28:51 -0700] "GET /ingps.htm HTTP/1.1" 200 20 "-" "Mozilla/5.0 (compatible; SemrushBot/7~bl; +http://www.semrush.com/bot.html)" "www.cyberdontic.com"
185.191.171.43 - - [21/Sep/2022:06:29:33 -0700] "GET /robots.txt HTTP/1.1" 404 88 "-" "Mozilla/5.0 (compatible; SemrushBot/7~bl; +http://www.semrush.com/bot.html)" "cyberdontic.com"
185.191.171.43 - - [21/Sep/2022:06:29:33 -0700] "GET /ce/MultiPhase_files/?C=N%3BO%3DD HTTP/1.1" 200 434 "-" "Mozilla/5.0 (compatible; SemrushBot/7~bl; +http://www.semrush.com/bot.html)" "cyberdontic.com"
62.171.129.212 - - [21/Sep/2022:06:30:07 -0700] "GET / HTTP/1.1" 200 1104 "-" "Mozilla/5.0 (X11; Linux x86_64) AppleWebKit/537.36 (KHTML, like Gecko) HeadlessChrome/105.0.5195.102 Safari/537.36" "cyberdontic.com"
114.119.155.142 - - [21/Sep/2022:06:33:02 -0700] "GET /BISG/?C=D%3BO%3DA HTTP/1.1" 200 415 "https://cyberdontic.com/BISG/?C=M%3BO%3DA" "Mozilla/5.0 (Linux; Android 7.0;) AppleWebKit/537.36 (KHTML, like Gecko) Mobile Safari/537.36 (compatible; PetalBot;+https://webmaster.petalsearch.com/site/petalbot)" "cyberdontic.com"
51.222.253.2 - - [21/Sep/2022:06:36:52 -0700] "GET /BISG_files/?C=M;O=D HTTP/1.1" 200 443 "-" "Mozilla/5.0 (compatible; AhrefsBot/7.0; +http://ahrefs.com/robot/)" "www.cyberdontic.com"
114.119.155.121 - - [21/Sep/2022:06:38:30 -0700] "GET /ce/StudyGroups_files?N=A HTTP/1.1" 301 1422 "http://cyberdontic.com/ce/StudyGroups_files?M=A" "Mozilla/5.0 (Linux; Android 7.0;) AppleWebKit/537.36 (KHTML, like Gecko) Mobile Safari/537.36 (compatible; PetalBot;+https://webmaster.petalsearch.com/site/petalbot)" "cyberdontic.com"
114.119.155.121 - - [21/Sep/2022:06:38:30 -0700] "GET /ce/StudyGroups_files/?N=A HTTP/1.1" 200 403 "http://cyberdontic.com/ce/StudyGroups_files?M=A" "Mozilla/5.0 (Linux; Android 7.0;) AppleWebKit/537.36 (KHTML, like Gecko) Mobile Safari/537.36 (compatible; PetalBot;+https://webmaster.petalsearch.com/site/petalbot)" "cyberdontic.com"
185.191.171.8 - - [21/Sep/2022:06:43:05 -0700] "GET /ce/Augmentation_files/?C=N%3BO%3DD HTTP/1.1" 200 437 "-" "Mozilla/5.0 (compatible; SemrushBot/7~bl; +http://www.semrush.com/bot.html)" "cyberdontic.com"
114.119.155.142 - - [21/Sep/2022:06:43:54 -0700] "GET /Spanish/_derived?S=D HTTP/1.1" 301 1423 "https://cyberdontic.com/Spanish/_derived?S=A" "Mozilla/5.0 (Linux; Android 7.0;) AppleWebKit/537.36 (KHTML, like Gecko) Mobile Safari/537.36 (compatible; PetalBot;+https://webmaster.petalsearch.com/site/petalbot)" "cyberdontic.com"
114.119.155.142 - - [21/Sep/2022:06:43:55 -0700] "GET /Spanish/_derived/?S=D HTTP/1.1" 200 426 "https://cyberdontic.com/Spanish/_derived?S=A" "Mozilla/5.0 (Linux; Android 7.0;) AppleWebKit/537.36 (KHTML, like Gecko) Mobile Safari/537.36 (compatible; PetalBot;+https://webmaster.petalsearch.com/site/petalbot)" "cyberdontic.com"
51.222.253.4 - - [21/Sep/2022:06:46:45 -0700] "GET /temporarypreviewfile.html HTTP/1.1" 200 1021 "-" "Mozilla/5.0 (compatible; AhrefsBot/7.0; +http://ahrefs.com/robot/)" "cyberdontic.com"
114.119.155.142 - - [21/Sep/2022:06:49:25 -0700] "GET /OSG/ HTTP/1.1" 200 429 "http://www.cyberdontic.com/OSG/_vti_cnf/?C=S%3BO%3DA" "Mozilla/5.0 (Linux; Android 7.0;) AppleWebKit/537.36 (KHTML, like Gecko) Mobile Safari/537.36 (compatible; PetalBot;+https://webmaster.petalsearch.com/site/petalbot)" "www.cyberdontic.com"
114.119.155.122 - - [21/Sep/2022:06:54:45 -0700] "GET /framelink.htm HTTP/1.1" 200 20 "https://cyberdontic.com/?C=S%3BO%3DA" "Mozilla/5.0 (Linux; Android 7.0;) AppleWebKit/537.36 (KHTML, like Gecko) Mobile Safari/537.36 (compatible; PetalBot;+https://webmaster.petalsearch.com/site/petalbot)" "cyberdontic.com"
114.119.155.126 - - [21/Sep/2022:07:00:15 -0700] "GET /ce/StudyGroups_files/?C=N%3BO%3DD HTTP/1.1" 200 403 "http://cyberdontic.com/ce/StudyGroups_files?C=S%3BO%3DA" "Mozilla/5.0 (Linux; Android 7.0;) AppleWebKit/537.36 (KHTML, like Gecko) Mobile Safari/537.36 (compatible; PetalBot;+https://webmaster.petalsearch.com/site/petalbot)" "cyberdontic.com"
51.222.253.8 - - [21/Sep/2022:07:04:19 -0700] "GET /orthodiagnosis/index_registration.html HTTP/1.1" 200 3173 "-" "Mozilla/5.0 (compatible; AhrefsBot/7.0; +http://ahrefs.com/robot/)" "cyberdontic.com"
114.119.155.122 - - [21/Sep/2022:07:05:50 -0700] "GET /ce/FamilyDentistryImplantsandOrthodontics_files/?C=S%3BO%3DA HTTP/1.1" 200 619 "http://www.cyberdontic.com/ce/FamilyDentistryImplantsandOrthodontics_files" "Mozilla/5.0 (Linux; Android 7.0;) AppleWebKit/537.36 (KHTML, like Gecko) Mobile Safari/537.36 (compatible; PetalBot;+https://webmaster.petalsearch.com/site/petalbot)" "www.cyberdontic.com"
185.191.171.17 - - [21/Sep/2022:07:07:34 -0700] "GET /ce/Webinar_Select_files/?C=S%3BO%3DA HTTP/1.1" 200 440 "-" "Mozilla/5.0 (compatible; SemrushBot/7~bl; +http://www.semrush.com/bot.html)" "cyberdontic.com"
216.244.66.245 - - [21/Sep/2022:07:08:30 -0700] "GET /robots.txt HTTP/1.1" 404 73 "-" "Mozilla/5.0 (compatible; DotBot/1.2; +https://opensiteexplorer.org/dotbot; help@moz.com)" "cyberdontic.com"
114.119.155.122 - - [21/Sep/2022:07:11:22 -0700] "GET /ce/OSG_files/?C=D%3BO%3DA HTTP/1.1" 200 624 "http://cyberdontic.com/ce/OSG_files/?C=S%3BO%3DA" "Mozilla/5.0 (Linux; Android 7.0;) AppleWebKit/537.36 (KHTML, like Gecko) Mobile Safari/537.36 (compatible; PetalBot;+https://webmaster.petalsearch.com/site/petalbot)" "cyberdontic.com"
185.191.171.33 - - [21/Sep/2022:07:11:42 -0700] "GET /ce/register_files/Thumbs.db HTTP/1.1" 200 8704 "-" "Mozilla/5.0 (compatible; SemrushBot/7~bl; +http://www.semrush.com/bot.html)" "cyberdontic.com"
114.119.155.121 - - [21/Sep/2022:07:16:57 -0700] "GET /ce/register_files/?C=S%3BO%3DA HTTP/1.1" 200 451 "http://cyberdontic.com/ce/register_files?N=D" "Mozilla/5.0 (Linux; Android 7.0;) AppleWebKit/537.36 (KHTML, like Gecko) Mobile Safari/537.36 (compatible; PetalBot;+https://webmaster.petalsearch.com/site/petalbot)" "cyberdontic.com"
216.244.66.245 - - [21/Sep/2022:07:18:50 -0700] "GET /available_formats.htm HTTP/1.1" 200 - "-" "Mozilla/5.0 (compatible; DotBot/1.2; +https://opensiteexplorer.org/dotbot; help@moz.com)" "cyberdontic.com"
51.222.253.16 - - [21/Sep/2022:07:19:25 -0700] "GET /OSG/_vti_cnf/?C=M;O=A HTTP/1.1" 200 387 "-" "Mozilla/5.0 (compatible; AhrefsBot/7.0; +http://ahrefs.com/robot/)" "cyberdontic.com"
114.119.155.126 - - [21/Sep/2022:07:22:34 -0700] "GET /ce/GuidedSurgery_files?M=A HTTP/1.1" 301 1425 "http://cyberdontic.com/ce/GuidedSurgery_files" "Mozilla/5.0 (Linux; Android 7.0;) AppleWebKit/537.36 (KHTML, like Gecko) Mobile Safari/537.36 (compatible; PetalBot;+https://webmaster.petalsearch.com/site/petalbot)" "cyberdontic.com"
114.119.155.126 - - [21/Sep/2022:07:22:35 -0700] "GET /ce/GuidedSurgery_files/?M=A HTTP/1.1" 200 444 "http://cyberdontic.com/ce/GuidedSurgery_files" "Mozilla/5.0 (Linux; Android 7.0;) AppleWebKit/537.36 (KHTML, like Gecko) Mobile Safari/537.36 (compatible; PetalBot;+https://webmaster.petalsearch.com/site/petalbot)" "cyberdontic.com"
185.191.171.19 - - [21/Sep/2022:07:28:04 -0700] "GET /Spanish/_vti_cnf/page3.htm HTTP/1.1" 200 621 "-" "Mozilla/5.0 (compatible; SemrushBot/7~bl; +http://www.semrush.com/bot.html)" "cyberdontic.com"
114.119.155.121 - - [21/Sep/2022:07:28:08 -0700] "GET /MultiPhase_files?C=N%3BO%3DD HTTP/1.1" 301 1430 "http://www.cyberdontic.com/MultiPhase_files?C=S%3BO%3DA" "Mozilla/5.0 (Linux; Android 7.0;) AppleWebKit/537.36 (KHTML, like Gecko) Mobile Safari/537.36 (compatible; PetalBot;+https://webmaster.petalsearch.com/site/petalbot)" "www.cyberdontic.com"
114.119.155.121 - - [21/Sep/2022:07:28:09 -0700] "GET /MultiPhase_files/?C=N%3BO%3DD HTTP/1.1" 200 429 "http://www.cyberdontic.com/MultiPhase_files?C=S%3BO%3DA" "Mozilla/5.0 (Linux; Android 7.0;) AppleWebKit/537.36 (KHTML, like Gecko) Mobile Safari/537.36 (compatible; PetalBot;+https://webmaster.petalsearch.com/site/petalbot)" "www.cyberdontic.com"
51.222.253.3 - - [21/Sep/2022:07:33:33 -0700] "GET /Spanish/_derived/?C=N;O=D HTTP/1.1" 200 424 "-" "Mozilla/5.0 (compatible; AhrefsBot/7.0; +http://ahrefs.com/robot/)" "cyberdontic.com"
114.119.155.142 - - [21/Sep/2022:07:33:38 -0700] "GET /OSG/_vti_cnf/?C=N%3BO%3DD HTTP/1.1" 200 388 "http://www.cyberdontic.com/OSG/_vti_cnf/?C=S%3BO%3DA" "Mozilla/5.0 (Linux; Android 7.0;) AppleWebKit/537.36 (KHTML, like Gecko) Mobile Safari/537.36 (compatible; PetalBot;+https://webmaster.petalsearch.com/site/petalbot)" "www.cyberdontic.com"
114.119.155.122 - - [21/Sep/2022:07:39:13 -0700] "GET /ce/ImmediatePlacement_files?S=A HTTP/1.1" 301 1425 "http://cyberdontic.com/ce/ImmediatePlacement_files?M=A" "Mozilla/5.0 (Linux; Android 7.0;) AppleWebKit/537.36 (KHTML, like Gecko) Mobile Safari/537.36 (compatible; PetalBot;+https://webmaster.petalsearch.com/site/petalbot)" "cyberdontic.com"
114.119.155.122 - - [21/Sep/2022:07:39:14 -0700] "GET /ce/ImmediatePlacement_files/?S=A HTTP/1.1" 200 566 "http://cyberdontic.com/ce/ImmediatePlacement_files?M=A" "Mozilla/5.0 (Linux; Android 7.0;) AppleWebKit/537.36 (KHTML, like Gecko) Mobile Safari/537.36 (compatible; PetalBot;+https://webmaster.petalsearch.com/site/petalbot)" "cyberdontic.com"
114.119.155.118 - - [21/Sep/2022:07:44:53 -0700] "GET /ClinicalOrthodontic.htm HTTP/1.1" 200 3353 "https://www.cyberdontic.com/?C=M%3BO%3DA" "Mozilla/5.0 (Linux; Android 7.0;) AppleWebKit/537.36 (KHTML, like Gecko) Mobile Safari/537.36 (compatible; PetalBot;+https://webmaster.petalsearch.com/site/petalbot)" "www.cyberdontic.com"
51.222.253.8 - - [21/Sep/2022:07:46:28 -0700] "GET /ce/ImmediatePlacement_files/?C=M;O=D HTTP/1.1" 200 562 "-" "Mozilla/5.0 (compatible; AhrefsBot/7.0; +http://ahrefs.com/robot/)" "cyberdontic.com"
114.119.155.121 - - [21/Sep/2022:07:50:29 -0700] "GET /BISG_files?M=A HTTP/1.1" 301 1417 "http://cyberdontic.com/BISG_files?S=A" "Mozilla/5.0 (Linux; Android 7.0;) AppleWebKit/537.36 (KHTML, like Gecko) Mobile Safari/537.36 (compatible; PetalBot;+https://webmaster.petalsearch.com/site/petalbot)" "cyberdontic.com"
114.119.155.121 - - [21/Sep/2022:07:50:29 -0700] "GET /BISG_files/?M=A HTTP/1.1" 200 446 "http://cyberdontic.com/BISG_files?S=A" "Mozilla/5.0 (Linux; Android 7.0;) AppleWebKit/537.36 (KHTML, like Gecko) Mobile Safari/537.36 (compatible; PetalBot;+https://webmaster.petalsearch.com/site/petalbot)" "cyberdontic.com"
114.119.155.121 - - [21/Sep/2022:07:56:09 -0700] "GET /ce/GuidedSurgery_files?S=D HTTP/1.1" 301 1424 "http://cyberdontic.com/ce/GuidedSurgery_files?S=A" "Mozilla/5.0 (Linux; Android 7.0;) AppleWebKit/537.36 (KHTML, like Gecko) Mobile Safari/537.36 (compatible; PetalBot;+https://webmaster.petalsearch.com/site/petalbot)" "cyberdontic.com"
114.119.155.121 - - [21/Sep/2022:07:56:10 -0700] "GET /ce/GuidedSurgery_files/?S=D HTTP/1.1" 200 444 "http://cyberdontic.com/ce/GuidedSurgery_files?S=A" "Mozilla/5.0 (Linux; Android 7.0;) AppleWebKit/537.36 (KHTML, like Gecko) Mobile Safari/537.36 (compatible; PetalBot;+https://webmaster.petalsearch.com/site/petalbot)" "cyberdontic.com"
51.222.253.10 - - [21/Sep/2022:08:00:07 -0700] "GET /BISG_files/ HTTP/1.1" 200 446 "-" "Mozilla/5.0 (compatible; AhrefsBot/7.0; +http://ahrefs.com/robot/)" "www.cyberdontic.com"
114.119.155.121 - - [21/Sep/2022:08:01:48 -0700] "GET /BISG?C=N%3BO%3DD HTTP/1.1" 301 1423 "http://www.cyberdontic.com/BISG?C=D%3BO%3DA" "Mozilla/5.0 (Linux; Android 7.0;) AppleWebKit/537.36 (KHTML, like Gecko) Mobile Safari/537.36 (compatible; PetalBot;+https://webmaster.petalsearch.com/site/petalbot)" "www.cyberdontic.com"
114.119.155.121 - - [21/Sep/2022:08:01:48 -0700] "GET /BISG/?C=N%3BO%3DD HTTP/1.1" 200 415 "http://www.cyberdontic.com/BISG?C=D%3BO%3DA" "Mozilla/5.0 (Linux; Android 7.0;) AppleWebKit/537.36 (KHTML, like Gecko) Mobile Safari/537.36 (compatible; PetalBot;+https://webmaster.petalsearch.com/site/petalbot)" "www.cyberdontic.com"
185.191.171.5 - - [21/Sep/2022:08:03:37 -0700] "GET /robots.txt HTTP/1.1" 404 88 "-" "Mozilla/5.0 (compatible; SemrushBot/7~bl; +http://www.semrush.com/bot.html)" "cyberdontic.com"
185.191.171.41 - - [21/Sep/2022:08:03:37 -0700] "GET /ce/ClinicalOrthodontic_files/?C=N%3BO%3DD HTTP/1.1" 200 428 "-" "Mozilla/5.0 (compatible; SemrushBot/7~bl; +http://www.semrush.com/bot.html)" "cyberdontic.com"
114.119.155.121 - - [21/Sep/2022:08:07:25 -0700] "GET /ce?M=A HTTP/1.1" 301 1408 "http://cyberdontic.com/ce?N=D" "Mozilla/5.0 (Linux; Android 7.0;) AppleWebKit/537.36 (KHTML, like Gecko) Mobile Safari/537.36 (compatible; PetalBot;+https://webmaster.petalsearch.com/site/petalbot)" "cyberdontic.com"
114.119.155.121 - - [21/Sep/2022:08:07:25 -0700] "GET /ce/?M=A HTTP/1.1" 200 1260 "http://cyberdontic.com/ce?N=D" "Mozilla/5.0 (Linux; Android 7.0;) AppleWebKit/537.36 (KHTML, like Gecko) Mobile Safari/537.36 (compatible; PetalBot;+https://webmaster.petalsearch.com/site/petalbot)" "cyberdontic.com"
114.119.155.118 - - [21/Sep/2022:08:13:03 -0700] "GET /ce/Webinar_Select_files?S=A HTTP/1.1" 301 1424 "http://cyberdontic.com/ce/Webinar_Select_files?D=D" "Mozilla/5.0 (Linux; Android 7.0;) AppleWebKit/537.36 (KHTML, like Gecko) Mobile Safari/537.36 (compatible; PetalBot;+https://webmaster.petalsearch.com/site/petalbot)" "cyberdontic.com"
114.119.155.118 - - [21/Sep/2022:08:13:03 -0700] "GET /ce/Webinar_Select_files/?S=A HTTP/1.1" 200 440 "http://cyberdontic.com/ce/Webinar_Select_files?D=D" "Mozilla/5.0 (Linux; Android 7.0;) AppleWebKit/537.36 (KHTML, like Gecko) Mobile Safari/537.36 (compatible; PetalBot;+https://webmaster.petalsearch.com/site/petalbot)" "cyberdontic.com"
185.191.171.21 - - [21/Sep/2022:08:13:50 -0700] "GET /robots.txt HTTP/1.1" 404 88 "-" "Mozilla/5.0 (compatible; SemrushBot/7~bl; +http://www.semrush.com/bot.html)" "www.cyberdontic.com"
185.191.171.4 - - [21/Sep/2022:08:13:50 -0700] "GET /MultiPhase_files/ HTTP/1.1" 200 429 "-" "Mozilla/5.0 (compatible; SemrushBot/7~bl; +http://www.semrush.com/bot.html)" "www.cyberdontic.com"
51.222.253.10 - - [21/Sep/2022:08:14:42 -0700] "GET /OSG/_vti_cnf/OSGPay.htm HTTP/1.1" 200 590 "-" "Mozilla/5.0 (compatible; AhrefsBot/7.0; +http://ahrefs.com/robot/)" "cyberdontic.com"
114.119.155.126 - - [21/Sep/2022:08:18:41 -0700] "GET /ce/GuidedSurgery_files?C=N%3BO%3DD HTTP/1.1" 301 1436 "http://www.cyberdontic.com/ce/GuidedSurgery_files?C=S%3BO%3DA" "Mozilla/5.0 (Linux; Android 7.0;) AppleWebKit/537.36 (KHTML, like Gecko) Mobile Safari/537.36 (compatible; PetalBot;+https://webmaster.petalsearch.com/site/petalbot)" "www.cyberdontic.com"
114.119.155.126 - - [21/Sep/2022:08:18:42 -0700] "GET /ce/GuidedSurgery_files/?C=N%3BO%3DD HTTP/1.1" 200 444 "http://www.cyberdontic.com/ce/GuidedSurgery_files?C=S%3BO%3DA" "Mozilla/5.0 (Linux; Android 7.0;) AppleWebKit/537.36 (KHTML, like Gecko) Mobile Safari/537.36 (compatible; PetalBot;+https://webmaster.petalsearch.com/site/petalbot)" "www.cyberdontic.com"
51.222.253.2 - - [21/Sep/2022:08:20:46 -0700] "GET /OSG/_vti_cnf/OFS.htm HTTP/1.1" 200 517 "-" "Mozilla/5.0 (compatible; AhrefsBot/7.0; +http://ahrefs.com/robot/)" "cyberdontic.com"
185.191.171.8 - - [21/Sep/2022:08:21:04 -0700] "GET /orthodiagnosis/index_support.html HTTP/1.1" 200 3665 "-" "Mozilla/5.0 (compatible; SemrushBot/7~bl; +http://www.semrush.com/bot.html)" "cyberdontic.com"
157.55.39.22 - - [21/Sep/2022:08:23:58 -0700] "GET / HTTP/1.1" 200 1104 "-" "Mozilla/5.0 (compatible; bingbot/2.0; +http://www.bing.com/bingbot.htm)" "cyberdontic.com"
114.119.155.122 - - [21/Sep/2022:08:24:24 -0700] "GET /4urbraces?N=D HTTP/1.1" 301 1418 "http://cyberdontic.com/4urbraces" "Mozilla/5.0 (Linux; Android 7.0;) AppleWebKit/537.36 (KHTML, like Gecko) Mobile Safari/537.36 (compatible; PetalBot;+https://webmaster.petalsearch.com/site/petalbot)" "cyberdontic.com"
114.119.155.122 - - [21/Sep/2022:08:24:25 -0700] "GET /4urbraces/?N=D HTTP/1.1" 200 315 "http://cyberdontic.com/4urbraces" "Mozilla/5.0 (Linux; Android 7.0;) AppleWebKit/537.36 (KHTML, like Gecko) Mobile Safari/537.36 (compatible; PetalBot;+https://webmaster.petalsearch.com/site/petalbot)" "cyberdontic.com"
51.222.253.6 - - [21/Sep/2022:08:28:00 -0700] "GET /ce/education5_files/?C=S;O=A HTTP/1.1" 200 440 "-" "Mozilla/5.0 (compatible; AhrefsBot/7.0; +http://ahrefs.com/robot/)" "www.cyberdontic.com"
114.119.155.142 - - [21/Sep/2022:08:30:04 -0700] "GET /ce/StudyGroups_files/ HTTP/1.1" 200 403 "http://cyberdontic.com/ce?S=D" "Mozilla/5.0 (Linux; Android 7.0;) AppleWebKit/537.36 (KHTML, like Gecko) Mobile Safari/537.36 (compatible; PetalBot;+https://webmaster.petalsearch.com/site/petalbot)" "cyberdontic.com"
51.222.253.20 - - [21/Sep/2022:08:34:57 -0700] "GET /MultiPhase_files/?C=D;O=A HTTP/1.1" 200 429 "-" "Mozilla/5.0 (compatible; AhrefsBot/7.0; +http://ahrefs.com/robot/)" "www.cyberdontic.com"
114.119.155.122 - - [21/Sep/2022:08:35:44 -0700] "GET /ce/Augmentation.htm HTTP/1.1" 200 2806 "http://cyberdontic.com/ce?S=D" "Mozilla/5.0 (Linux; Android 7.0;) AppleWebKit/537.36 (KHTML, like Gecko) Mobile Safari/537.36 (compatible; PetalBot;+https://webmaster.petalsearch.com/site/petalbot)" "cyberdontic.com"
114.119.155.122 - - [21/Sep/2022:08:41:23 -0700] "GET /ce/ClinicalOrthodontic_files/?C=S%3BO%3DA HTTP/1.1" 200 428 "http://cyberdontic.com/ce/ClinicalOrthodontic_files?D=D" "Mozilla/5.0 (Linux; Android 7.0;) AppleWebKit/537.36 (KHTML, like Gecko) Mobile Safari/537.36 (compatible; PetalBot;+https://webmaster.petalsearch.com/site/petalbot)" "cyberdontic.com"
114.119.155.118 - - [21/Sep/2022:08:47:12 -0700] "GET /ce/ImplantResidency_files?C=D%3BO%3DA HTTP/1.1" 301 1437 "http://www.cyberdontic.com/ce/ImplantResidency_files" "Mozilla/5.0 (Linux; Android 7.0;) AppleWebKit/537.36 (KHTML, like Gecko) Mobile Safari/537.36 (compatible; PetalBot;+https://webmaster.petalsearch.com/site/petalbot)" "www.cyberdontic.com"
114.119.155.118 - - [21/Sep/2022:08:47:13 -0700] "GET /ce/ImplantResidency_files/?C=D%3BO%3DA HTTP/1.1" 200 380 "http://www.cyberdontic.com/ce/ImplantResidency_files" "Mozilla/5.0 (Linux; Android 7.0;) AppleWebKit/537.36 (KHTML, like Gecko) Mobile Safari/537.36 (compatible; PetalBot;+https://webmaster.petalsearch.com/site/petalbot)" "www.cyberdontic.com"
51.222.253.6 - - [21/Sep/2022:08:48:58 -0700] "GET /toc.htm HTTP/1.1" 200 20 "-" "Mozilla/5.0 (compatible; AhrefsBot/7.0; +http://ahrefs.com/robot/)" "www.cyberdontic.com"
114.119.155.121 - - [21/Sep/2022:08:52:44 -0700] "GET /SS/?S=A HTTP/1.1" 200 492 "http://cyberdontic.com/SS/" "Mozilla/5.0 (Linux; Android 7.0;) AppleWebKit/537.36 (KHTML, like Gecko) Mobile Safari/537.36 (compatible; PetalBot;+https://webmaster.petalsearch.com/site/petalbot)" "cyberdontic.com"
216.244.66.245 - - [21/Sep/2022:08:55:31 -0700] "GET /robots.txt HTTP/1.1" 404 73 "-" "Mozilla/5.0 (compatible; DotBot/1.2; +https://opensiteexplorer.org/dotbot; help@moz.com)" "cyberdontic.com"
216.244.66.245 - - [21/Sep/2022:08:55:31 -0700] "GET /robots.txt HTTP/1.1" 404 73 "-" "Mozilla/5.0 (compatible; DotBot/1.2; +https://opensiteexplorer.org/dotbot; help@moz.com)" "www.cyberdontic.com"
114.119.155.142 - - [21/Sep/2022:08:58:29 -0700] "GET /ce/ir_pay.htm HTTP/1.1" 200 687 "http://cyberdontic.com/ce?D=A" "Mozilla/5.0 (Linux; Android 7.0;) AppleWebKit/537.36 (KHTML, like Gecko) Mobile Safari/537.36 (compatible; PetalBot;+https://webmaster.petalsearch.com/site/petalbot)" "cyberdontic.com"
114.119.155.118 - - [21/Sep/2022:09:04:09 -0700] "GET /sound?M=D HTTP/1.1" 301 1409 "http://cyberdontic.com/sound/?M=A" "Mozilla/5.0 (Linux; Android 7.0;) AppleWebKit/537.36 (KHTML, like Gecko) Mobile Safari/537.36 (compatible; PetalBot;+https://webmaster.petalsearch.com/site/petalbot)" "cyberdontic.com"
114.119.155.118 - - [21/Sep/2022:09:04:09 -0700] "GET /sound/?M=D HTTP/1.1" 200 444 "http://cyberdontic.com/sound/?M=A" "Mozilla/5.0 (Linux; Android 7.0;) AppleWebKit/537.36 (KHTML, like Gecko) Mobile Safari/537.36 (compatible; PetalBot;+https://webmaster.petalsearch.com/site/petalbot)" "cyberdontic.com"
54.36.148.148 - - [21/Sep/2022:09:04:18 -0700] "GET /robots.txt HTTP/1.1" 404 88 "-" "Mozilla/5.0 (compatible; AhrefsBot/7.0; +http://ahrefs.com/robot/)" "www.cyberdontic.com"
51.222.253.15 - - [21/Sep/2022:09:04:18 -0700] "GET /available_formats.htm HTTP/1.1" 200 20 "-" "Mozilla/5.0 (compatible; AhrefsBot/7.0; +http://ahrefs.com/robot/)" "www.cyberdontic.com"
114.119.155.118 - - [21/Sep/2022:09:09:46 -0700] "GET /SS/_vti_cnf/?C=S%3BO%3DA HTTP/1.1" 200 465 "http://cyberdontic.com/SS/_vti_cnf/?C=D%3BO%3DA" "Mozilla/5.0 (Linux; Android 7.0;) AppleWebKit/537.36 (KHTML, like Gecko) Mobile Safari/537.36 (compatible; PetalBot;+https://webmaster.petalsearch.com/site/petalbot)" "cyberdontic.com"
51.222.253.8 - - [21/Sep/2022:09:14:22 -0700] "GET /framelink.htm HTTP/1.1" 200 20 "-" "Mozilla/5.0 (compatible; AhrefsBot/7.0; +http://ahrefs.com/robot/)" "www.cyberdontic.com"
114.119.155.118 - - [21/Sep/2022:09:15:25 -0700] "GET /ce/BISG_files?C=S%3BO%3DA HTTP/1.1" 301 1428 "http://cyberdontic.com/ce/BISG_files?N=A" "Mozilla/5.0 (Linux; Android 7.0;) AppleWebKit/537.36 (KHTML, like Gecko) Mobile Safari/537.36 (compatible; PetalBot;+https://webmaster.petalsearch.com/site/petalbot)" "cyberdontic.com"
114.119.155.118 - - [21/Sep/2022:09:15:27 -0700] "GET /ce/BISG_files/?C=S%3BO%3DA HTTP/1.1" 200 649 "http://cyberdontic.com/ce/BISG_files?N=A" "Mozilla/5.0 (Linux; Android 7.0;) AppleWebKit/537.36 (KHTML, like Gecko) Mobile Safari/537.36 (compatible; PetalBot;+https://webmaster.petalsearch.com/site/petalbot)" "cyberdontic.com"
114.119.155.118 - - [21/Sep/2022:09:20:59 -0700] "GET /StudyGroups_files?M=A HTTP/1.1" 301 1421 "http://cyberdontic.com/StudyGroups_files" "Mozilla/5.0 (Linux; Android 7.0;) AppleWebKit/537.36 (KHTML, like Gecko) Mobile Safari/537.36 (compatible; PetalBot;+https://webmaster.petalsearch.com/site/petalbot)" "cyberdontic.com"
114.119.155.118 - - [21/Sep/2022:09:20:59 -0700] "GET /StudyGroups_files/?M=A HTTP/1.1" 200 398 "http://cyberdontic.com/StudyGroups_files" "Mozilla/5.0 (Linux; Android 7.0;) AppleWebKit/537.36 (KHTML, like Gecko) Mobile Safari/537.36 (compatible; PetalBot;+https://webmaster.petalsearch.com/site/petalbot)" "cyberdontic.com"
137.226.113.44 - - [21/Sep/2022:09:22:47 -0700] "GET / HTTP/1.1" 200 1104 "-" "Mozilla/5.0 zgrab/0.x (compatible; Researchscan/http; +http://researchscan.comsys.rwth-aachen.de)" "www.cyberdontic.com"
114.119.155.142 - - [21/Sep/2022:09:26:45 -0700] "GET /ce/MultiPhase_files?D=D HTTP/1.1" 301 1421 "http://cyberdontic.com/ce/MultiPhase_files?D=A" "Mozilla/5.0 (Linux; Android 7.0;) AppleWebKit/537.36 (KHTML, like Gecko) Mobile Safari/537.36 (compatible; PetalBot;+https://webmaster.petalsearch.com/site/petalbot)" "cyberdontic.com"
114.119.155.142 - - [21/Sep/2022:09:26:45 -0700] "GET /ce/MultiPhase_files/?D=D HTTP/1.1" 200 434 "http://cyberdontic.com/ce/MultiPhase_files?D=A" "Mozilla/5.0 (Linux; Android 7.0;) AppleWebKit/537.36 (KHTML, like Gecko) Mobile Safari/537.36 (compatible; PetalBot;+https://webmaster.petalsearch.com/site/petalbot)" "cyberdontic.com"
51.222.253.1 - - [21/Sep/2022:09:27:34 -0700] "GET /lcpre.htm HTTP/1.1" 200 20 "-" "Mozilla/5.0 (compatible; AhrefsBot/7.0; +http://ahrefs.com/robot/)" "www.cyberdontic.com"
114.119.155.118 - - [21/Sep/2022:09:32:32 -0700] "GET /StudyGroups_files/?D=A HTTP/1.1" 200 398 "http://cyberdontic.com/StudyGroups_files/" "Mozilla/5.0 (Linux; Android 7.0;) AppleWebKit/537.36 (KHTML, like Gecko) Mobile Safari/537.36 (compatible; PetalBot;+https://webmaster.petalsearch.com/site/petalbot)" "cyberdontic.com"
114.119.155.122 - - [21/Sep/2022:09:38:14 -0700] "GET /ce/Feb17_2015_files?S=D HTTP/1.1" 301 1423 "http://cyberdontic.com/ce/Feb17_2015_files?S=A" "Mozilla/5.0 (Linux; Android 7.0;) AppleWebKit/537.36 (KHTML, like Gecko) Mobile Safari/537.36 (compatible; PetalBot;+https://webmaster.petalsearch.com/site/petalbot)" "cyberdontic.com"
114.119.155.122 - - [21/Sep/2022:09:38:14 -0700] "GET /ce/Feb17_2015_files/?S=D HTTP/1.1" 200 630 "http://cyberdontic.com/ce/Feb17_2015_files?S=A" "Mozilla/5.0 (Linux; Android 7.0;) AppleWebKit/537.36 (KHTML, like Gecko) Mobile Safari/537.36 (compatible; PetalBot;+https://webmaster.petalsearch.com/site/petalbot)" "cyberdontic.com"
185.191.171.34 - - [21/Sep/2022:09:38:26 -0700] "GET /robots.txt HTTP/1.1" 404 88 "-" "Mozilla/5.0 (compatible; SemrushBot/7~bl; +http://www.semrush.com/bot.html)" "cyberdontic.com"
185.191.171.19 - - [21/Sep/2022:09:38:26 -0700] "GET /SS/_vti_cnf/price15plus.htm HTTP/1.1" 200 471 "-" "Mozilla/5.0 (compatible; SemrushBot/7~bl; +http://www.semrush.com/bot.html)" "cyberdontic.com"
185.191.171.36 - - [21/Sep/2022:09:41:28 -0700] "GET /robots.txt HTTP/1.1" 404 88 "-" "Mozilla/5.0 (compatible; SemrushBot/7~bl; +http://www.semrush.com/bot.html)" "www.cyberdontic.com"
185.191.171.34 - - [21/Sep/2022:09:41:28 -0700] "GET /botox/ HTTP/1.1" 200 454 "-" "Mozilla/5.0 (compatible; SemrushBot/7~bl; +http://www.semrush.com/bot.html)" "www.cyberdontic.com"
185.191.171.2 - - [21/Sep/2022:09:42:44 -0700] "GET /ce/education5_files/?C=N%3BO%3DD HTTP/1.1" 200 442 "-" "Mozilla/5.0 (compatible; SemrushBot/7~bl; +http://www.semrush.com/bot.html)" "cyberdontic.com"
114.119.155.126 - - [21/Sep/2022:09:43:57 -0700] "GET /StudyGroups_files?D=D HTTP/1.1" 301 1420 "http://cyberdontic.com/StudyGroups_files/?D=A" "Mozilla/5.0 (Linux; Android 7.0;) AppleWebKit/537.36 (KHTML, like Gecko) Mobile Safari/537.36 (compatible; PetalBot;+https://webmaster.petalsearch.com/site/petalbot)" "cyberdontic.com"
114.119.155.126 - - [21/Sep/2022:09:43:57 -0700] "GET /StudyGroups_files/?D=D HTTP/1.1" 200 398 "http://cyberdontic.com/StudyGroups_files/?D=A" "Mozilla/5.0 (Linux; Android 7.0;) AppleWebKit/537.36 (KHTML, like Gecko) Mobile Safari/537.36 (compatible; PetalBot;+https://webmaster.petalsearch.com/site/petalbot)" "cyberdontic.com"
51.222.253.17 - - [21/Sep/2022:09:44:15 -0700] "GET /disc1_toc.htm HTTP/1.1" 200 20 "-" "Mozilla/5.0 (compatible; AhrefsBot/7.0; +http://ahrefs.com/robot/)" "www.cyberdontic.com"
64.62.252.163 - - [21/Sep/2022:09:45:19 -0700] "GET /robots.txt HTTP/1.1" 404 88 "-" "The Knowledge AI" "www.cyberdontic.com"
64.62.252.163 - - [21/Sep/2022:09:45:19 -0700] "GET /?C=N;O=A HTTP/1.1" 200 1104 "-" "The Knowledge AI" "www.cyberdontic.com"
216.244.66.245 - - [21/Sep/2022:09:49:20 -0700] "GET /robots.txt HTTP/1.1" 404 73 "-" "Mozilla/5.0 (compatible; DotBot/1.2; +https://opensiteexplorer.org/dotbot; help@moz.com)" "cyberdontic.com"
216.244.66.245 - - [21/Sep/2022:09:49:20 -0700] "GET /robots.txt HTTP/1.1" 404 73 "-" "Mozilla/5.0 (compatible; DotBot/1.2; +https://opensiteexplorer.org/dotbot; help@moz.com)" "www.cyberdontic.com"
114.119.155.121 - - [21/Sep/2022:09:49:36 -0700] "GET /tmp/ HTTP/1.1" 403 170 "http://cyberdontic.com/" "Mozilla/5.0 (Linux; Android 7.0;) AppleWebKit/537.36 (KHTML, like Gecko) Mobile Safari/537.36 (compatible; PetalBot;+https://webmaster.petalsearch.com/site/petalbot)" "cyberdontic.com"
114.119.155.118 - - [21/Sep/2022:09:55:15 -0700] "GET /BISG?C=M%3BO%3DA HTTP/1.1" 301 1423 "http://www.cyberdontic.com/BISG?C=D%3BO%3DA" "Mozilla/5.0 (Linux; Android 7.0;) AppleWebKit/537.36 (KHTML, like Gecko) Mobile Safari/537.36 (compatible; PetalBot;+https://webmaster.petalsearch.com/site/petalbot)" "www.cyberdontic.com"
114.119.155.118 - - [21/Sep/2022:09:55:15 -0700] "GET /BISG/?C=M%3BO%3DA HTTP/1.1" 200 415 "http://www.cyberdontic.com/BISG?C=D%3BO%3DA" "Mozilla/5.0 (Linux; Android 7.0;) AppleWebKit/537.36 (KHTML, like Gecko) Mobile Safari/537.36 (compatible; PetalBot;+https://webmaster.petalsearch.com/site/petalbot)" "www.cyberdontic.com"
114.119.155.142 - - [21/Sep/2022:10:00:52 -0700] "GET /ce/register_files?D=D HTTP/1.1" 301 1419 "http://cyberdontic.com/ce/register_files?D=A" "Mozilla/5.0 (Linux; Android 7.0;) AppleWebKit/537.36 (KHTML, like Gecko) Mobile Safari/537.36 (compatible; PetalBot;+https://webmaster.petalsearch.com/site/petalbot)" "cyberdontic.com"
114.119.155.142 - - [21/Sep/2022:10:00:53 -0700] "GET /ce/register_files/?D=D HTTP/1.1" 200 451 "http://cyberdontic.com/ce/register_files?D=A" "Mozilla/5.0 (Linux; Android 7.0;) AppleWebKit/537.36 (KHTML, like Gecko) Mobile Safari/537.36 (compatible; PetalBot;+https://webmaster.petalsearch.com/site/petalbot)" "cyberdontic.com"
51.222.253.19 - - [21/Sep/2022:10:01:36 -0700] "GET /guestbook.htm HTTP/1.1" 200 20 "-" "Mozilla/5.0 (compatible; AhrefsBot/7.0; +http://ahrefs.com/robot/)" "www.cyberdontic.com"
185.191.171.16 - - [21/Sep/2022:10:02:40 -0700] "GET /ce/ImplantResidency_files/?C=S%3BO%3DA HTTP/1.1" 200 380 "-" "Mozilla/5.0 (compatible; SemrushBot/7~bl; +http://www.semrush.com/bot.html)" "cyberdontic.com"
114.119.155.142 - - [21/Sep/2022:10:06:27 -0700] "GET /Spanish/_vti_cnf?C=D%3BO%3DA HTTP/1.1" 301 1434 "https://cyberdontic.com/Spanish/_vti_cnf?M=D" "Mozilla/5.0 (Linux; Android 7.0;) AppleWebKit/537.36 (KHTML, like Gecko) Mobile Safari/537.36 (compatible; PetalBot;+https://webmaster.petalsearch.com/site/petalbot)" "cyberdontic.com"
114.119.155.142 - - [21/Sep/2022:10:06:28 -0700] "GET /Spanish/_vti_cnf/?C=D%3BO%3DA HTTP/1.1" 200 583 "https://cyberdontic.com/Spanish/_vti_cnf?M=D" "Mozilla/5.0 (Linux; Android 7.0;) AppleWebKit/537.36 (KHTML, like Gecko) Mobile Safari/537.36 (compatible; PetalBot;+https://webmaster.petalsearch.com/site/petalbot)" "cyberdontic.com"
51.15.183.168 - - [21/Sep/2022:10:07:24 -0700] "GET /includes/fckeditor/editor/filemanager/browser/default/connectors/php/connector.php?Command=GetFoldersAndFiles&Type=File&CurrentFolder=%2F HTTP/1.1" 404 73 "-" "Mozilla/5.0 (Windows NT 6.3; Win64; x64) AppleWebKit/537.36 (KHTML, like Gecko) Chrome/75.0.3770.100 Safari/537.36" "cyberdontic.com"
114.119.155.126 - - [21/Sep/2022:10:11:59 -0700] "GET /ce/OSG_files/?C=S%3BO%3DA HTTP/1.1" 200 624 "http://www.cyberdontic.com/ce/OSG_files?C=N%3BO%3DD" "Mozilla/5.0 (Linux; Android 7.0;) AppleWebKit/537.36 (KHTML, like Gecko) Mobile Safari/537.36 (compatible; PetalBot;+https://webmaster.petalsearch.com/site/petalbot)" "www.cyberdontic.com"
51.222.253.20 - - [21/Sep/2022:10:15:29 -0700] "GET /robots.txt HTTP/1.1" 404 88 "-" "Mozilla/5.0 (compatible; AhrefsBot/7.0; +http://ahrefs.com/robot/)" "cyberdontic.com"
51.222.253.8 - - [21/Sep/2022:10:15:30 -0700] "GET /ce/Webinars_files/?C=D;O=D HTTP/1.1" 200 397 "-" "Mozilla/5.0 (compatible; AhrefsBot/7.0; +http://ahrefs.com/robot/)" "cyberdontic.com"
114.119.155.121 - - [21/Sep/2022:10:17:37 -0700] "GET /4urbraces HTTP/1.1" 301 1411 "http://www.cyberdontic.com?C=D%3BO%3DA" "Mozilla/5.0 (Linux; Android 7.0;) AppleWebKit/537.36 (KHTML, like Gecko) Mobile Safari/537.36 (compatible; PetalBot;+https://webmaster.petalsearch.com/site/petalbot)" "www.cyberdontic.com"
114.119.155.121 - - [21/Sep/2022:10:17:37 -0700] "GET /4urbraces/ HTTP/1.1" 200 315 "http://www.cyberdontic.com?C=D%3BO%3DA" "Mozilla/5.0 (Linux; Android 7.0;) AppleWebKit/537.36 (KHTML, like Gecko) Mobile Safari/537.36 (compatible; PetalBot;+https://webmaster.petalsearch.com/site/petalbot)" "www.cyberdontic.com"
114.119.155.122 - - [21/Sep/2022:10:23:17 -0700] "GET /MultiPhase_files/?C=D%3BO%3DA HTTP/1.1" 200 429 "http://www.cyberdontic.com/MultiPhase_files/?C=S%3BO%3DA" "Mozilla/5.0 (Linux; Android 7.0;) AppleWebKit/537.36 (KHTML, like Gecko) Mobile Safari/537.36 (compatible; PetalBot;+https://webmaster.petalsearch.com/site/petalbot)" "www.cyberdontic.com"
114.119.155.122 - - [21/Sep/2022:10:29:00 -0700] "GET /StudyGroups_files?N=A HTTP/1.1" 301 1421 "http://cyberdontic.com/StudyGroups_files/?D=A" "Mozilla/5.0 (Linux; Android 7.0;) AppleWebKit/537.36 (KHTML, like Gecko) Mobile Safari/537.36 (compatible; PetalBot;+https://webmaster.petalsearch.com/site/petalbot)" "cyberdontic.com"
114.119.155.122 - - [21/Sep/2022:10:29:01 -0700] "GET /StudyGroups_files/?N=A HTTP/1.1" 200 398 "http://cyberdontic.com/StudyGroups_files/?D=A" "Mozilla/5.0 (Linux; Android 7.0;) AppleWebKit/537.36 (KHTML, like Gecko) Mobile Safari/537.36 (compatible; PetalBot;+https://webmaster.petalsearch.com/site/petalbot)" "cyberdontic.com"
51.222.253.4 - - [21/Sep/2022:10:29:38 -0700] "GET /Spanish/_derived/?C=S;O=D HTTP/1.1" 200 424 "-" "Mozilla/5.0 (compatible; AhrefsBot/7.0; +http://ahrefs.com/robot/)" "www.cyberdontic.com"
114.119.155.118 - - [21/Sep/2022:10:34:39 -0700] "GET /ce/ImmediatePlacement_files?N=A HTTP/1.1" 301 1426 "http://cyberdontic.com/ce/ImmediatePlacement_files?M=A" "Mozilla/5.0 (Linux; Android 7.0;) AppleWebKit/537.36 (KHTML, like Gecko) Mobile Safari/537.36 (compatible; PetalBot;+https://webmaster.petalsearch.com/site/petalbot)" "cyberdontic.com"
114.119.155.118 - - [21/Sep/2022:10:34:40 -0700] "GET /ce/ImmediatePlacement_files/?N=A HTTP/1.1" 200 566 "http://cyberdontic.com/ce/ImmediatePlacement_files?M=A" "Mozilla/5.0 (Linux; Android 7.0;) AppleWebKit/537.36 (KHTML, like Gecko) Mobile Safari/537.36 (compatible; PetalBot;+https://webmaster.petalsearch.com/site/petalbot)" "cyberdontic.com"
114.119.155.118 - - [21/Sep/2022:10:40:17 -0700] "GET /OSG/?S=A HTTP/1.1" 200 429 "http://cyberdontic.com/OSG/" "Mozilla/5.0 (Linux; Android 7.0;) AppleWebKit/537.36 (KHTML, like Gecko) Mobile Safari/537.36 (compatible; PetalBot;+https://webmaster.petalsearch.com/site/petalbot)" "cyberdontic.com"
216.244.66.245 - - [21/Sep/2022:10:43:18 -0700] "GET /robots.txt HTTP/1.1" 404 73 "-" "Mozilla/5.0 (compatible; DotBot/1.2; +https://opensiteexplorer.org/dotbot; help@moz.com)" "cyberdontic.com"
216.244.66.245 - - [21/Sep/2022:10:43:18 -0700] "GET /robots.txt HTTP/1.1" 404 73 "-" "Mozilla/5.0 (compatible; DotBot/1.2; +https://opensiteexplorer.org/dotbot; help@moz.com)" "www.cyberdontic.com"
114.119.155.126 - - [21/Sep/2022:10:45:58 -0700] "GET /ce/Webinars_files/?C=D%3BO%3DA HTTP/1.1" 200 399 "http://cyberdontic.com/ce/Webinars_files?D=D" "Mozilla/5.0 (Linux; Android 7.0;) AppleWebKit/537.36 (KHTML, like Gecko) Mobile Safari/537.36 (compatible; PetalBot;+https://webmaster.petalsearch.com/site/petalbot)" "cyberdontic.com"
51.222.253.1 - - [21/Sep/2022:10:49:06 -0700] "GET /sound/?C=D;O=A HTTP/1.1" 200 444 "-" "Mozilla/5.0 (compatible; AhrefsBot/7.0; +http://ahrefs.com/robot/)" "cyberdontic.com"
114.119.155.126 - - [21/Sep/2022:10:51:39 -0700] "GET /StudyGroups_files?C=N%3BO%3DD HTTP/1.1" 301 1429 "http://cyberdontic.com/StudyGroups_files?C=M%3BO%3DA" "Mozilla/5.0 (Linux; Android 7.0;) AppleWebKit/537.36 (KHTML, like Gecko) Mobile Safari/537.36 (compatible; PetalBot;+https://webmaster.petalsearch.com/site/petalbot)" "cyberdontic.com"
114.119.155.126 - - [21/Sep/2022:10:51:39 -0700] "GET /StudyGroups_files/?C=N%3BO%3DD HTTP/1.1" 200 398 "http://cyberdontic.com/StudyGroups_files?C=M%3BO%3DA" "Mozilla/5.0 (Linux; Android 7.0;) AppleWebKit/537.36 (KHTML, like Gecko) Mobile Safari/537.36 (compatible; PetalBot;+https://webmaster.petalsearch.com/site/petalbot)" "cyberdontic.com"
114.119.155.142 - - [21/Sep/2022:10:57:19 -0700] "GET /ce/Feb17_2015_files/ HTTP/1.1" 200 630 "http://cyberdontic.com/ce?S=D" "Mozilla/5.0 (Linux; Android 7.0;) AppleWebKit/537.36 (KHTML, like Gecko) Mobile Safari/537.36 (compatible; PetalBot;+https://webmaster.petalsearch.com/site/petalbot)" "cyberdontic.com"
114.119.155.122 - - [21/Sep/2022:11:08:38 -0700] "GET /?C=D%3BO%3DA HTTP/1.1" 200 1104 "http://cyberdontic.com?C=N%3BO%3DD" "Mozilla/5.0 (Linux; Android 7.0;) AppleWebKit/537.36 (KHTML, like Gecko) Mobile Safari/537.36 (compatible; PetalBot;+https://webmaster.petalsearch.com/site/petalbot)" "cyberdontic.com"
51.222.253.6 - - [21/Sep/2022:11:10:33 -0700] "GET /education5.htm HTTP/1.1" 200 2661 "-" "Mozilla/5.0 (compatible; AhrefsBot/7.0; +http://ahrefs.com/robot/)" "cyberdontic.com"
185.191.171.9 - - [21/Sep/2022:11:11:04 -0700] "GET /robots.txt HTTP/1.1" 404 88 "-" "Mozilla/5.0 (compatible; SemrushBot/7~bl; +http://www.semrush.com/bot.html)" "www.cyberdontic.com"
185.191.171.4 - - [21/Sep/2022:11:11:04 -0700] "GET /search.htm HTTP/1.1" 200 20 "-" "Mozilla/5.0 (compatible; SemrushBot/7~bl; +http://www.semrush.com/bot.html)" "www.cyberdontic.com"
66.249.66.213 - - [21/Sep/2022:11:14:18 -0700] "GET /robots.txt HTTP/1.1" 404 88 "-" "Mozilla/5.0 (compatible; Googlebot/2.1; +http://www.google.com/bot.html)" "cyberdontic.com"
114.119.155.118 - - [21/Sep/2022:11:14:18 -0700] "GET /sound/_vti_cnf HTTP/1.1" 301 1415 "http://www.cyberdontic.com/sound?C=M%3BO%3DA" "Mozilla/5.0 (Linux; Android 7.0;) AppleWebKit/537.36 (KHTML, like Gecko) Mobile Safari/537.36 (compatible; PetalBot;+https://webmaster.petalsearch.com/site/petalbot)" "www.cyberdontic.com"
114.119.155.118 - - [21/Sep/2022:11:14:23 -0700] "GET /sound/_vti_cnf/ HTTP/1.1" 200 388 "http://www.cyberdontic.com/sound?C=M%3BO%3DA" "Mozilla/5.0 (Linux; Android 7.0;) AppleWebKit/537.36 (KHTML, like Gecko) Mobile Safari/537.36 (compatible; PetalBot;+https://webmaster.petalsearch.com/site/petalbot)" "www.cyberdontic.com"
66.249.66.95 - - [21/Sep/2022:11:14:31 -0700] "GET /ads.txt HTTP/1.1" 404 88 "-" "Mozilla/5.0 (compatible; Googlebot/2.1; +http://www.google.com/bot.html)" "cyberdontic.com"
51.222.253.1 - - [21/Sep/2022:11:16:39 -0700] "GET /OSG/OSGPay.htm HTTP/1.1" 200 653 "-" "Mozilla/5.0 (compatible; AhrefsBot/7.0; +http://ahrefs.com/robot/)" "www.cyberdontic.com"
157.90.209.78 - - [21/Sep/2022:11:16:45 -0700] "GET /robots.txt HTTP/1.1" 404 88 "-" "Mozilla/5.0 (compatible; BLEXBot/1.0; +http://webmeup-crawler.com/)" "cyberdontic.com"
157.90.209.78 - - [21/Sep/2022:11:16:45 -0700] "GET /sitemap HTTP/1.1" 404 88 "-" "Mozilla/5.0 (compatible; BLEXBot/1.0; +http://webmeup-crawler.com/)" "cyberdontic.com"
157.90.209.78 - - [21/Sep/2022:11:17:11 -0700] "GET /sitemap.txt HTTP/1.1" 404 88 "-" "Mozilla/5.0 (compatible; BLEXBot/1.0; +http://webmeup-crawler.com/)" "cyberdontic.com"
157.90.209.78 - - [21/Sep/2022:11:17:37 -0700] "GET /4urbraces/ HTTP/1.1" 200 315 "-" "Mozilla/5.0 (compatible; BLEXBot/1.0; +http://webmeup-crawler.com/)" "cyberdontic.com"
157.90.209.78 - - [21/Sep/2022:11:18:04 -0700] "GET /?C=D;O=A HTTP/1.1" 200 1104 "-" "Mozilla/5.0 (compatible; BLEXBot/1.0; +http://webmeup-crawler.com/)" "cyberdontic.com"
157.90.209.78 - - [21/Sep/2022:11:18:29 -0700] "GET /?C=M;O=A HTTP/1.1" 200 1079 "-" "Mozilla/5.0 (compatible; BLEXBot/1.0; +http://webmeup-crawler.com/)" "cyberdontic.com"
101.67.49.67 - - [21/Sep/2022:11:18:53 -0700] "GET /robots.txt HTTP/1.1" 404 88 "-" "YisouSpider" "cyberdontic.com"
157.90.209.78 - - [21/Sep/2022:11:18:55 -0700] "GET /?C=N;O=D HTTP/1.1" 200 1101 "-" "Mozilla/5.0 (compatible; BLEXBot/1.0; +http://webmeup-crawler.com/)" "cyberdontic.com"
60.188.9.133 - - [21/Sep/2022:11:18:58 -0700] "GET /sound/ HTTP/1.1" 200 444 "-" "Mozilla/5.0 (Windows NT 6.1; Win64; x64) AppleWebKit/537.36 (KHTML, like Gecko) Chrome/69.0.3497.81 YisouSpider/5.0 Safari/537.36" "cyberdontic.com"
157.90.209.78 - - [21/Sep/2022:11:19:22 -0700] "GET /?C=S;O=A HTTP/1.1" 200 1069 "-" "Mozilla/5.0 (compatible; BLEXBot/1.0; +http://webmeup-crawler.com/)" "cyberdontic.com"
157.90.209.78 - - [21/Sep/2022:11:19:48 -0700] "GET /BISG/ HTTP/1.1" 200 415 "-" "Mozilla/5.0 (compatible; BLEXBot/1.0; +http://webmeup-crawler.com/)" "cyberdontic.com"
114.119.155.142 - - [21/Sep/2022:11:19:52 -0700] "GET /CBCT_files?S=A HTTP/1.1" 301 1417 "https://cyberdontic.com/CBCT_files?N=D" "Mozilla/5.0 (Linux; Android 7.0;) AppleWebKit/537.36 (KHTML, like Gecko) Mobile Safari/537.36 (compatible; PetalBot;+https://webmaster.petalsearch.com/site/petalbot)" "cyberdontic.com"
114.119.155.142 - - [21/Sep/2022:11:19:53 -0700] "GET /CBCT_files/?S=A HTTP/1.1" 200 450 "https://cyberdontic.com/CBCT_files?N=D" "Mozilla/5.0 (Linux; Android 7.0;) AppleWebKit/537.36 (KHTML, like Gecko) Mobile Safari/537.36 (compatible; PetalBot;+https://webmaster.petalsearch.com/site/petalbot)" "cyberdontic.com"
157.90.209.78 - - [21/Sep/2022:11:20:16 -0700] "GET /BISG_files/ HTTP/1.1" 200 446 "-" "Mozilla/5.0 (compatible; BLEXBot/1.0; +http://webmeup-crawler.com/)" "cyberdontic.com"
157.90.209.78 - - [21/Sep/2022:11:20:43 -0700] "GET /CBCT_files/ HTTP/1.1" 200 450 "-" "Mozilla/5.0 (compatible; BLEXBot/1.0; +http://webmeup-crawler.com/)" "cyberdontic.com"
51.222.253.15 - - [21/Sep/2022:11:20:47 -0700] "GET /SS/_vti_cnf/price15plus.htm HTTP/1.1" 200 471 "-" "Mozilla/5.0 (compatible; AhrefsBot/7.0; +http://ahrefs.com/robot/)" "cyberdontic.com"
157.90.209.78 - - [21/Sep/2022:11:21:08 -0700] "GET /ClinicalOrthodontic.htm HTTP/1.1" 200 3353 "-" "Mozilla/5.0 (compatible; BLEXBot/1.0; +http://webmeup-crawler.com/)" "cyberdontic.com"
157.55.39.22 - - [21/Sep/2022:11:21:15 -0700] "GET /?S=D HTTP/1.1" 200 1104 "-" "Mozilla/5.0 (compatible; bingbot/2.0; +http://www.bing.com/bingbot.htm)" "cyberdontic.com"
157.90.209.78 - - [21/Sep/2022:11:21:34 -0700] "GET /MultiPhase_files/ HTTP/1.1" 200 429 "-" "Mozilla/5.0 (compatible; BLEXBot/1.0; +http://webmeup-crawler.com/)" "cyberdontic.com"
157.90.209.78 - - [21/Sep/2022:11:22:00 -0700] "GET /OSG/ HTTP/1.1" 200 429 "-" "Mozilla/5.0 (compatible; BLEXBot/1.0; +http://webmeup-crawler.com/)" "cyberdontic.com"
157.90.209.78 - - [21/Sep/2022:11:22:25 -0700] "GET /OSG_files/ HTTP/1.1" 200 465 "-" "Mozilla/5.0 (compatible; BLEXBot/1.0; +http://webmeup-crawler.com/)" "cyberdontic.com"
157.90.209.78 - - [21/Sep/2022:11:22:51 -0700] "GET /OrthoCD/ HTTP/1.1" 200 1071 "-" "Mozilla/5.0 (compatible; BLEXBot/1.0; +http://webmeup-crawler.com/)" "cyberdontic.com"
157.90.209.78 - - [21/Sep/2022:11:23:16 -0700] "GET /SS/ HTTP/1.1" 200 492 "-" "Mozilla/5.0 (compatible; BLEXBot/1.0; +http://webmeup-crawler.com/)" "cyberdontic.com"
157.90.209.78 - - [21/Sep/2022:11:23:42 -0700] "GET /Spanish/ HTTP/1.1" 200 642 "-" "Mozilla/5.0 (compatible; BLEXBot/1.0; +http://webmeup-crawler.com/)" "cyberdontic.com"
157.90.209.78 - - [21/Sep/2022:11:24:07 -0700] "GET /StudyGroups_files/ HTTP/1.1" 200 398 "-" "Mozilla/5.0 (compatible; BLEXBot/1.0; +http://webmeup-crawler.com/)" "cyberdontic.com"
157.90.209.78 - - [21/Sep/2022:11:24:33 -0700] "GET /Webinar_Select.htm HTTP/1.1" 200 2642 "-" "Mozilla/5.0 (compatible; BLEXBot/1.0; +http://webmeup-crawler.com/)" "cyberdontic.com"
157.90.209.78 - - [21/Sep/2022:11:24:58 -0700] "GET /available_formats.htm HTTP/1.1" 200 20 "-" "Mozilla/5.0 (compatible; BLEXBot/1.0; +http://webmeup-crawler.com/)" "cyberdontic.com"
157.90.209.78 - - [21/Sep/2022:11:25:24 -0700] "GET /botox/ HTTP/1.1" 200 454 "-" "Mozilla/5.0 (compatible; BLEXBot/1.0; +http://webmeup-crawler.com/)" "cyberdontic.com"
114.119.155.121 - - [21/Sep/2022:11:25:35 -0700] "GET /OSG/?C=N%3BO%3DD HTTP/1.1" 200 429 "http://www.cyberdontic.com/OSG" "Mozilla/5.0 (Linux; Android 7.0;) AppleWebKit/537.36 (KHTML, like Gecko) Mobile Safari/537.36 (compatible; PetalBot;+https://webmaster.petalsearch.com/site/petalbot)" "www.cyberdontic.com"
157.90.209.78 - - [21/Sep/2022:11:25:49 -0700] "GET /cdroms.htm HTTP/1.1" 200 20 "-" "Mozilla/5.0 (compatible; BLEXBot/1.0; +http://webmeup-crawler.com/)" "cyberdontic.com"
157.90.209.78 - - [21/Sep/2022:11:26:15 -0700] "GET /ce/ HTTP/1.1" 200 1260 "-" "Mozilla/5.0 (compatible; BLEXBot/1.0; +http://webmeup-crawler.com/)" "cyberdontic.com"
157.90.209.78 - - [21/Sep/2022:11:26:40 -0700] "GET /disc1_toc.htm HTTP/1.1" 200 20 "-" "Mozilla/5.0 (compatible; BLEXBot/1.0; +http://webmeup-crawler.com/)" "cyberdontic.com"
157.90.209.78 - - [21/Sep/2022:11:27:05 -0700] "GET /drorthocd.htm HTTP/1.1" 200 20 "-" "Mozilla/5.0 (compatible; BLEXBot/1.0; +http://webmeup-crawler.com/)" "cyberdontic.com"
157.90.209.78 - - [21/Sep/2022:11:27:31 -0700] "GET /education5.htm HTTP/1.1" 200 2661 "-" "Mozilla/5.0 (compatible; BLEXBot/1.0; +http://webmeup-crawler.com/)" "cyberdontic.com"
51.222.253.9 - - [21/Sep/2022:11:27:56 -0700] "GET /MultiPhase_files/ HTTP/1.1" 200 429 "-" "Mozilla/5.0 (compatible; AhrefsBot/7.0; +http://ahrefs.com/robot/)" "cyberdontic.com"
157.90.209.78 - - [21/Sep/2022:11:27:57 -0700] "GET /ewpre.htm HTTP/1.1" 200 20 "-" "Mozilla/5.0 (compatible; BLEXBot/1.0; +http://webmeup-crawler.com/)" "cyberdontic.com"
157.90.209.78 - - [21/Sep/2022:11:28:22 -0700] "GET /framelink.htm HTTP/1.1" 200 20 "-" "Mozilla/5.0 (compatible; BLEXBot/1.0; +http://webmeup-crawler.com/)" "cyberdontic.com"
157.90.209.78 - - [21/Sep/2022:11:28:47 -0700] "GET /guestbook.htm HTTP/1.1" 200 20 "-" "Mozilla/5.0 (compatible; BLEXBot/1.0; +http://webmeup-crawler.com/)" "cyberdontic.com"
157.90.209.78 - - [21/Sep/2022:11:29:13 -0700] "GET /guestbooklt.htm HTTP/1.1" 200 20 "-" "Mozilla/5.0 (compatible; BLEXBot/1.0; +http://webmeup-crawler.com/)" "cyberdontic.com"
157.90.209.78 - - [21/Sep/2022:11:29:38 -0700] "GET /history.htm HTTP/1.1" 200 20 "-" "Mozilla/5.0 (compatible; BLEXBot/1.0; +http://webmeup-crawler.com/)" "cyberdontic.com"
157.90.209.78 - - [21/Sep/2022:11:30:03 -0700] "GET /index1.htm HTTP/1.1" 200 20 "-" "Mozilla/5.0 (compatible; BLEXBot/1.0; +http://webmeup-crawler.com/)" "cyberdontic.com"
157.90.209.78 - - [21/Sep/2022:11:30:29 -0700] "GET /ingps.htm HTTP/1.1" 200 20 "-" "Mozilla/5.0 (compatible; BLEXBot/1.0; +http://webmeup-crawler.com/)" "cyberdontic.com"
157.90.209.78 - - [21/Sep/2022:11:30:55 -0700] "GET /lcpre.htm HTTP/1.1" 200 20 "-" "Mozilla/5.0 (compatible; BLEXBot/1.0; +http://webmeup-crawler.com/)" "cyberdontic.com"
114.119.155.126 - - [21/Sep/2022:11:31:20 -0700] "GET /ce/ImmediatePlacement_files?C=S%3BO%3DA HTTP/1.1" 301 1437 "http://www.cyberdontic.com/ce/ImmediatePlacement_files?C=M%3BO%3DA" "Mozilla/5.0 (Linux; Android 7.0;) AppleWebKit/537.36 (KHTML, like Gecko) Mobile Safari/537.36 (compatible; PetalBot;+https://webmaster.petalsearch.com/site/petalbot)" "www.cyberdontic.com"
157.90.209.78 - - [21/Sep/2022:11:31:20 -0700] "GET /newpage13.htm HTTP/1.1" 200 20 "-" "Mozilla/5.0 (compatible; BLEXBot/1.0; +http://webmeup-crawler.com/)" "cyberdontic.com"
114.119.155.126 - - [21/Sep/2022:11:31:21 -0700] "GET /ce/ImmediatePlacement_files/?C=S%3BO%3DA HTTP/1.1" 200 566 "http://www.cyberdontic.com/ce/ImmediatePlacement_files?C=M%3BO%3DA" "Mozilla/5.0 (Linux; Android 7.0;) AppleWebKit/537.36 (KHTML, like Gecko) Mobile Safari/537.36 (compatible; PetalBot;+https://webmaster.petalsearch.com/site/petalbot)" "www.cyberdontic.com"
157.90.209.78 - - [21/Sep/2022:11:31:45 -0700] "GET /nydds4u/ HTTP/1.1" 200 314 "-" "Mozilla/5.0 (compatible; BLEXBot/1.0; +http://webmeup-crawler.com/)" "cyberdontic.com"
157.90.209.78 - - [21/Sep/2022:11:32:11 -0700] "GET /orthocd.htm HTTP/1.1" 200 20 "-" "Mozilla/5.0 (compatible; BLEXBot/1.0; +http://webmeup-crawler.com/)" "cyberdontic.com"
157.90.209.78 - - [21/Sep/2022:11:32:36 -0700] "GET /orthodiagnosis/ HTTP/1.1" 200 4058 "-" "Mozilla/5.0 (compatible; BLEXBot/1.0; +http://webmeup-crawler.com/)" "cyberdontic.com"
157.90.209.78 - - [21/Sep/2022:11:33:01 -0700] "GET /search.htm HTTP/1.1" 200 20 "-" "Mozilla/5.0 (compatible; BLEXBot/1.0; +http://webmeup-crawler.com/)" "cyberdontic.com"
157.90.209.78 - - [21/Sep/2022:11:33:27 -0700] "GET /seminars.htm HTTP/1.1" 200 20 "-" "Mozilla/5.0 (compatible; BLEXBot/1.0; +http://webmeup-crawler.com/)" "cyberdontic.com"
157.90.209.78 - - [21/Sep/2022:11:33:52 -0700] "GET /sound/ HTTP/1.1" 200 444 "-" "Mozilla/5.0 (compatible; BLEXBot/1.0; +http://webmeup-crawler.com/)" "cyberdontic.com"
157.90.209.78 - - [21/Sep/2022:11:34:18 -0700] "GET /temporarypreviewfile.html HTTP/1.1" 200 1021 "-" "Mozilla/5.0 (compatible; BLEXBot/1.0; +http://webmeup-crawler.com/)" "cyberdontic.com"
157.90.209.78 - - [21/Sep/2022:11:34:43 -0700] "GET /toc.htm HTTP/1.1" 200 20 "-" "Mozilla/5.0 (compatible; BLEXBot/1.0; +http://webmeup-crawler.com/)" "cyberdontic.com"
157.90.209.78 - - [21/Sep/2022:11:35:09 -0700] "GET /videoconference.htm HTTP/1.1" 200 20 "-" "Mozilla/5.0 (compatible; BLEXBot/1.0; +http://webmeup-crawler.com/)" "cyberdontic.com"
51.222.253.5 - - [21/Sep/2022:11:35:37 -0700] "GET /nydds4u/?C=D;O=A HTTP/1.1" 200 314 "-" "Mozilla/5.0 (compatible; AhrefsBot/7.0; +http://ahrefs.com/robot/)" "cyberdontic.com"
216.244.66.245 - - [21/Sep/2022:11:36:41 -0700] "GET /robots.txt HTTP/1.1" 404 73 "-" "Mozilla/5.0 (compatible; DotBot/1.2; +https://opensiteexplorer.org/dotbot; help@moz.com)" "www.cyberdontic.com"
216.244.66.245 - - [21/Sep/2022:11:36:41 -0700] "GET /robots.txt HTTP/1.1" 404 73 "-" "Mozilla/5.0 (compatible; DotBot/1.2; +https://opensiteexplorer.org/dotbot; help@moz.com)" "cyberdontic.com"
