114.119.155.13 - - [15/Sep/2022:20:33:58 -0700] "GET /Spanish/_derived/?D=A HTTP/1.1" 200 426 "https://cyberdontic.com/Spanish/_derived?S=A" "Mozilla/5.0 (Linux; Android 7.0;) AppleWebKit/537.36 (KHTML, like Gecko) Mobile Safari/537.36 (compatible; PetalBot;+https://webmaster.petalsearch.com/site/petalbot)" "cyberdontic.com"
114.119.155.121 - - [15/Sep/2022:20:39:45 -0700] "GET /ce/StudyGroups_files?C=D%3BO%3DA HTTP/1.1" 301 1431 "http://cyberdontic.com/ce/StudyGroups_files?S=D" "Mozilla/5.0 (Linux; Android 7.0;) AppleWebKit/537.36 (KHTML, like Gecko) Mobile Safari/537.36 (compatible; PetalBot;+https://webmaster.petalsearch.com/site/petalbot)" "cyberdontic.com"
114.119.155.121 - - [15/Sep/2022:20:39:48 -0700] "GET /ce/StudyGroups_files/?C=D%3BO%3DA HTTP/1.1" 200 403 "http://cyberdontic.com/ce/StudyGroups_files?S=D" "Mozilla/5.0 (Linux; Android 7.0;) AppleWebKit/537.36 (KHTML, like Gecko) Mobile Safari/537.36 (compatible; PetalBot;+https://webmaster.petalsearch.com/site/petalbot)" "cyberdontic.com"
51.222.253.3 - - [15/Sep/2022:20:40:57 -0700] "GET /Spanish/_derived/?C=S;O=A HTTP/1.1" 200 426 "-" "Mozilla/5.0 (compatible; AhrefsBot/7.0; +http://ahrefs.com/robot/)" "cyberdontic.com"
114.119.155.122 - - [15/Sep/2022:20:46:12 -0700] "GET /botox HTTP/1.1" 301 1408 "http://www.cyberdontic.com?C=D%3BO%3DA" "Mozilla/5.0 (Linux; Android 7.0;) AppleWebKit/537.36 (KHTML, like Gecko) Mobile Safari/537.36 (compatible; PetalBot;+https://webmaster.petalsearch.com/site/petalbot)" "www.cyberdontic.com"
65.108.78.33 - - [15/Sep/2022:20:47:12 -0700] "GET /robots.txt HTTP/1.1" 404 73 "-" "Mozilla/5.0 (compatible; MJ12bot/v1.4.8; http://mj12bot.com/)" "cyberdontic.com"
65.108.78.33 - - [15/Sep/2022:20:47:14 -0700] "GET /BISG_files/?S=A/ HTTP/1.1" 200 446 "-" "Mozilla/5.0 (compatible; MJ12bot/v1.4.8; http://mj12bot.com/)" "cyberdontic.com"
114.119.155.13 - - [15/Sep/2022:20:52:42 -0700] "GET / HTTP/1.1" 200 1104 "http://www.cyberdontic.com/StudyGroups_files?C=S%3BO%3DA" "Mozilla/5.0 (Linux; Android 7.0;) AppleWebKit/537.36 (KHTML, like Gecko) Mobile Safari/537.36 (compatible; PetalBot;+https://webmaster.petalsearch.com/site/petalbot)" "www.cyberdontic.com"
65.109.26.42 - - [15/Sep/2022:20:58:28 -0700] "GET /robots.txt HTTP/1.1" 404 73 "-" "Mozilla/5.0 (compatible; MJ12bot/v1.4.8; http://mj12bot.com/)" "cyberdontic.com"
114.119.155.13 - - [15/Sep/2022:20:59:08 -0700] "GET /Spanish/_overlay/?C=D%3BO%3DA HTTP/1.1" 200 390 "http://cyberdontic.com/Spanish/_overlay?N=D" "Mozilla/5.0 (Linux; Android 7.0;) AppleWebKit/537.36 (KHTML, like Gecko) Mobile Safari/537.36 (compatible; PetalBot;+https://webmaster.petalsearch.com/site/petalbot)" "cyberdontic.com"
216.244.66.245 - - [15/Sep/2022:21:01:03 -0700] "GET /robots.txt HTTP/1.1" 404 73 "-" "Mozilla/5.0 (compatible; DotBot/1.2; +https://opensiteexplorer.org/dotbot; help@moz.com)" "cyberdontic.com"
216.244.66.245 - - [15/Sep/2022:21:01:03 -0700] "GET /robots.txt HTTP/1.1" 404 73 "-" "Mozilla/5.0 (compatible; DotBot/1.2; +https://opensiteexplorer.org/dotbot; help@moz.com)" "www.cyberdontic.com"
65.109.26.42 - - [15/Sep/2022:21:02:27 -0700] "GET /ce/register_files/?M=A HTTP/1.1" 200 451 "-" "Mozilla/5.0 (compatible; MJ12bot/v1.4.8; http://mj12bot.com/)" "cyberdontic.com"
65.109.26.42 - - [15/Sep/2022:21:02:29 -0700] "GET /ce/register_files/?M=D HTTP/1.1" 200 451 "-" "Mozilla/5.0 (compatible; MJ12bot/v1.4.8; http://mj12bot.com/)" "cyberdontic.com"
65.109.26.42 - - [15/Sep/2022:21:02:31 -0700] "GET /ce/register_files/?N=A HTTP/1.1" 200 451 "-" "Mozilla/5.0 (compatible; MJ12bot/v1.4.8; http://mj12bot.com/)" "cyberdontic.com"
65.109.26.42 - - [15/Sep/2022:21:02:33 -0700] "GET /ce/register_files/?N=D HTTP/1.1" 200 451 "-" "Mozilla/5.0 (compatible; MJ12bot/v1.4.8; http://mj12bot.com/)" "cyberdontic.com"
65.109.26.42 - - [15/Sep/2022:21:02:35 -0700] "GET /ce/register_files/?S=A HTTP/1.1" 200 451 "-" "Mozilla/5.0 (compatible; MJ12bot/v1.4.8; http://mj12bot.com/)" "cyberdontic.com"
65.109.26.42 - - [15/Sep/2022:21:02:37 -0700] "GET /ce/register_files/?S=D HTTP/1.1" 200 451 "-" "Mozilla/5.0 (compatible; MJ12bot/v1.4.8; http://mj12bot.com/)" "cyberdontic.com"
65.109.26.42 - - [15/Sep/2022:21:02:38 -0700] "GET /nydds4u/?C=D;O=A HTTP/1.1" 200 314 "-" "Mozilla/5.0 (compatible; MJ12bot/v1.4.8; http://mj12bot.com/)" "cyberdontic.com"
65.109.26.42 - - [15/Sep/2022:21:02:40 -0700] "GET /nydds4u/?C=D;O=A/ HTTP/1.1" 200 314 "-" "Mozilla/5.0 (compatible; MJ12bot/v1.4.8; http://mj12bot.com/)" "cyberdontic.com"
65.109.26.42 - - [15/Sep/2022:21:02:42 -0700] "GET /nydds4u/?C=D;O=D HTTP/1.1" 200 312 "-" "Mozilla/5.0 (compatible; MJ12bot/v1.4.8; http://mj12bot.com/)" "cyberdontic.com"
65.109.26.42 - - [15/Sep/2022:21:02:44 -0700] "GET /nydds4u/?C=M;O=A HTTP/1.1" 200 314 "-" "Mozilla/5.0 (compatible; MJ12bot/v1.4.8; http://mj12bot.com/)" "cyberdontic.com"
65.109.26.42 - - [15/Sep/2022:21:02:46 -0700] "GET /nydds4u/?C=M;O=A/ HTTP/1.1" 200 314 "-" "Mozilla/5.0 (compatible; MJ12bot/v1.4.8; http://mj12bot.com/)" "cyberdontic.com"
65.109.26.42 - - [15/Sep/2022:21:02:49 -0700] "GET /nydds4u/?C=M;O=D HTTP/1.1" 200 312 "-" "Mozilla/5.0 (compatible; MJ12bot/v1.4.8; http://mj12bot.com/)" "cyberdontic.com"
65.109.26.42 - - [15/Sep/2022:21:02:51 -0700] "GET /nydds4u/?C=N;O=A HTTP/1.1" 200 314 "-" "Mozilla/5.0 (compatible; MJ12bot/v1.4.8; http://mj12bot.com/)" "cyberdontic.com"
65.109.26.42 - - [15/Sep/2022:21:02:53 -0700] "GET /nydds4u/?C=N;O=D HTTP/1.1" 200 312 "-" "Mozilla/5.0 (compatible; MJ12bot/v1.4.8; http://mj12bot.com/)" "cyberdontic.com"
65.109.26.42 - - [15/Sep/2022:21:02:55 -0700] "GET /nydds4u/?C=N;O=D/ HTTP/1.1" 200 314 "-" "Mozilla/5.0 (compatible; MJ12bot/v1.4.8; http://mj12bot.com/)" "cyberdontic.com"
65.109.26.42 - - [15/Sep/2022:21:02:57 -0700] "GET /nydds4u/?C=S;O=A HTTP/1.1" 200 314 "-" "Mozilla/5.0 (compatible; MJ12bot/v1.4.8; http://mj12bot.com/)" "cyberdontic.com"
65.109.26.42 - - [15/Sep/2022:21:03:00 -0700] "GET /nydds4u/?C=S;O=A/ HTTP/1.1" 200 314 "-" "Mozilla/5.0 (compatible; MJ12bot/v1.4.8; http://mj12bot.com/)" "cyberdontic.com"
65.109.26.42 - - [15/Sep/2022:21:03:03 -0700] "GET /nydds4u/?C=S;O=D HTTP/1.1" 200 312 "-" "Mozilla/5.0 (compatible; MJ12bot/v1.4.8; http://mj12bot.com/)" "cyberdontic.com"
65.109.26.42 - - [15/Sep/2022:21:03:05 -0700] "GET /nydds4u/?D=D// HTTP/1.1" 200 314 "-" "Mozilla/5.0 (compatible; MJ12bot/v1.4.8; http://mj12bot.com/)" "cyberdontic.com"
65.109.26.42 - - [15/Sep/2022:21:03:08 -0700] "GET /nydds4u/?M=D// HTTP/1.1" 200 314 "-" "Mozilla/5.0 (compatible; MJ12bot/v1.4.8; http://mj12bot.com/)" "cyberdontic.com"
65.109.26.42 - - [15/Sep/2022:21:03:11 -0700] "GET /nydds4u/?N=A// HTTP/1.1" 200 314 "-" "Mozilla/5.0 (compatible; MJ12bot/v1.4.8; http://mj12bot.com/)" "cyberdontic.com"
65.109.26.42 - - [15/Sep/2022:21:03:14 -0700] "GET /nydds4u/?S=D// HTTP/1.1" 200 314 "-" "Mozilla/5.0 (compatible; MJ12bot/v1.4.8; http://mj12bot.com/)" "cyberdontic.com"
65.109.26.42 - - [15/Sep/2022:21:03:18 -0700] "GET /orthodiagnosis/images/index.htm HTTP/1.1" 200 676 "-" "Mozilla/5.0 (compatible; MJ12bot/v1.4.8; http://mj12bot.com/)" "cyberdontic.com"
65.109.26.42 - - [15/Sep/2022:21:03:20 -0700] "GET /orthodiagnosis/images/pages/slideshows_jpg.htm HTTP/1.1" 200 344 "-" "Mozilla/5.0 (compatible; MJ12bot/v1.4.8; http://mj12bot.com/)" "cyberdontic.com"
65.109.26.42 - - [15/Sep/2022:21:03:23 -0700] "GET /orthodiagnosis/index.html HTTP/1.1" 200 4058 "-" "Mozilla/5.0 (compatible; MJ12bot/v1.4.8; http://mj12bot.com/)" "cyberdontic.com"
65.109.26.42 - - [15/Sep/2022:21:03:25 -0700] "GET /orthodiagnosis/index_chat.htm HTTP/1.1" 200 1658 "-" "Mozilla/5.0 (compatible; MJ12bot/v1.4.8; http://mj12bot.com/)" "cyberdontic.com"
65.109.26.42 - - [15/Sep/2022:21:03:28 -0700] "GET /orthodiagnosis/index_features.html HTTP/1.1" 200 4235 "-" "Mozilla/5.0 (compatible; MJ12bot/v1.4.8; http://mj12bot.com/)" "cyberdontic.com"
65.109.26.42 - - [15/Sep/2022:21:03:32 -0700] "GET /orthodiagnosis/index_order.html HTTP/1.1" 200 8998 "-" "Mozilla/5.0 (compatible; MJ12bot/v1.4.8; http://mj12bot.com/)" "cyberdontic.com"
65.109.26.42 - - [15/Sep/2022:21:03:35 -0700] "GET /orthodiagnosis/index_preview.htm HTTP/1.1" 200 1423 "-" "Mozilla/5.0 (compatible; MJ12bot/v1.4.8; http://mj12bot.com/)" "cyberdontic.com"
65.109.26.42 - - [15/Sep/2022:21:03:38 -0700] "GET /orthodiagnosis/index_registration.html HTTP/1.1" 200 3173 "-" "Mozilla/5.0 (compatible; MJ12bot/v1.4.8; http://mj12bot.com/)" "cyberdontic.com"
65.109.26.42 - - [15/Sep/2022:21:03:42 -0700] "GET /orthodiagnosis/index_support.html HTTP/1.1" 200 3665 "-" "Mozilla/5.0 (compatible; MJ12bot/v1.4.8; http://mj12bot.com/)" "cyberdontic.com"
65.109.26.42 - - [15/Sep/2022:21:03:45 -0700] "GET /orthodiagnosis/index_testimonials.html HTTP/1.1" 200 2846 "-" "Mozilla/5.0 (compatible; MJ12bot/v1.4.8; http://mj12bot.com/)" "cyberdontic.com"
65.109.26.42 - - [15/Sep/2022:21:03:51 -0700] "GET /sound/?C=D;O=A HTTP/1.1" 200 444 "-" "Mozilla/5.0 (compatible; MJ12bot/v1.4.8; http://mj12bot.com/)" "cyberdontic.com"
65.109.26.42 - - [15/Sep/2022:21:03:56 -0700] "GET /sound/?C=D;O=A/ HTTP/1.1" 200 444 "-" "Mozilla/5.0 (compatible; MJ12bot/v1.4.8; http://mj12bot.com/)" "cyberdontic.com"
65.109.26.42 - - [15/Sep/2022:21:03:59 -0700] "GET /sound/?C=D;O=D HTTP/1.1" 200 441 "-" "Mozilla/5.0 (compatible; MJ12bot/v1.4.8; http://mj12bot.com/)" "cyberdontic.com"
65.109.26.42 - - [15/Sep/2022:21:04:05 -0700] "GET /sound/?C=M;O=A HTTP/1.1" 200 443 "-" "Mozilla/5.0 (compatible; MJ12bot/v1.4.8; http://mj12bot.com/)" "cyberdontic.com"
65.109.26.42 - - [15/Sep/2022:21:04:12 -0700] "GET /sound/?C=M;O=A/ HTTP/1.1" 200 443 "-" "Mozilla/5.0 (compatible; MJ12bot/v1.4.8; http://mj12bot.com/)" "cyberdontic.com"
65.109.26.42 - - [15/Sep/2022:21:04:20 -0700] "GET /sound/?C=M;O=D HTTP/1.1" 200 444 "-" "Mozilla/5.0 (compatible; MJ12bot/v1.4.8; http://mj12bot.com/)" "cyberdontic.com"
114.119.155.13 - - [15/Sep/2022:21:04:45 -0700] "GET /robots.txt HTTP/1.1" 404 88 "-" "Mozilla/5.0 (Linux; Android 7.0;) AppleWebKit/537.36 (KHTML, like Gecko) Mobile Safari/537.36 (compatible; PetalBot;+https://webmaster.petalsearch.com/site/petalbot)" "cyberdontic.com"
114.119.155.118 - - [15/Sep/2022:21:10:05 -0700] "GET /BISG_files/Thumbs.db HTTP/1.1" 200 28672 "http://www.cyberdontic.com/BISG_files/?C=M%3BO%3DA" "Mozilla/5.0 (Linux; Android 7.0;) AppleWebKit/537.36 (KHTML, like Gecko) Mobile Safari/537.36 (compatible; PetalBot;+https://webmaster.petalsearch.com/site/petalbot)" "www.cyberdontic.com"
114.119.155.13 - - [15/Sep/2022:21:15:15 -0700] "GET /MultiPhase_files?C=N%3BO%3DD HTTP/1.1" 301 1432 "http://cyberdontic.com/MultiPhase_files?N=D" "Mozilla/5.0 (Linux; Android 7.0;) AppleWebKit/537.36 (KHTML, like Gecko) Mobile Safari/537.36 (compatible; PetalBot;+https://webmaster.petalsearch.com/site/petalbot)" "cyberdontic.com"
114.119.155.13 - - [15/Sep/2022:21:15:16 -0700] "GET /MultiPhase_files/?C=N%3BO%3DD HTTP/1.1" 200 429 "http://cyberdontic.com/MultiPhase_files?N=D" "Mozilla/5.0 (Linux; Android 7.0;) AppleWebKit/537.36 (KHTML, like Gecko) Mobile Safari/537.36 (compatible; PetalBot;+https://webmaster.petalsearch.com/site/petalbot)" "cyberdontic.com"
51.222.253.8 - - [15/Sep/2022:21:17:03 -0700] "GET /Spanish/_derived/?C=N;O=A HTTP/1.1" 200 426 "-" "Mozilla/5.0 (compatible; AhrefsBot/7.0; +http://ahrefs.com/robot/)" "cyberdontic.com"
40.77.167.37 - - [15/Sep/2022:21:18:24 -0700] "GET /ce/Webinar_Ortho.htm HTTP/1.1" 200 1851 "-" "Mozilla/5.0 (compatible; bingbot/2.0; +http://www.bing.com/bingbot.htm)" "cyberdontic.com"
114.119.155.13 - - [15/Sep/2022:21:20:29 -0700] "GET /SS/_vti_cnf/?C=M%3BO%3DA HTTP/1.1" 200 465 "http://www.cyberdontic.com/SS/_vti_cnf/" "Mozilla/5.0 (Linux; Android 7.0;) AppleWebKit/537.36 (KHTML, like Gecko) Mobile Safari/537.36 (compatible; PetalBot;+https://webmaster.petalsearch.com/site/petalbot)" "www.cyberdontic.com"
114.119.155.13 - - [15/Sep/2022:21:25:39 -0700] "GET /ce/StudyGroups_files?M=A HTTP/1.1" 301 1422 "http://cyberdontic.com/ce/StudyGroups_files?M=D" "Mozilla/5.0 (Linux; Android 7.0;) AppleWebKit/537.36 (KHTML, like Gecko) Mobile Safari/537.36 (compatible; PetalBot;+https://webmaster.petalsearch.com/site/petalbot)" "cyberdontic.com"
114.119.155.13 - - [15/Sep/2022:21:25:40 -0700] "GET /ce/StudyGroups_files/?M=A HTTP/1.1" 200 403 "http://cyberdontic.com/ce/StudyGroups_files?M=D" "Mozilla/5.0 (Linux; Android 7.0;) AppleWebKit/537.36 (KHTML, like Gecko) Mobile Safari/537.36 (compatible; PetalBot;+https://webmaster.petalsearch.com/site/petalbot)" "cyberdontic.com"
51.222.253.2 - - [15/Sep/2022:21:27:00 -0700] "GET /ce/Feb17_2015_files/?C=N;O=A HTTP/1.1" 200 630 "-" "Mozilla/5.0 (compatible; AhrefsBot/7.0; +http://ahrefs.com/robot/)" "cyberdontic.com"
114.119.155.118 - - [15/Sep/2022:21:30:49 -0700] "GET /orthodiagnosis/index_preview.htm HTTP/1.1" 200 1423 "http://cyberdontic.com/orthodiagnosis/index.html" "Mozilla/5.0 (Linux; Android 7.0;) AppleWebKit/537.36 (KHTML, like Gecko) Mobile Safari/537.36 (compatible; PetalBot;+https://webmaster.petalsearch.com/site/petalbot)" "cyberdontic.com"
114.119.155.122 - - [15/Sep/2022:21:35:52 -0700] "GET /ce/ImplantResidency_files/?C=M%3BO%3DA HTTP/1.1" 200 380 "http://cyberdontic.com/ce/ImplantResidency_files/?C=N%3BO%3DD" "Mozilla/5.0 (Linux; Android 7.0;) AppleWebKit/537.36 (KHTML, like Gecko) Mobile Safari/537.36 (compatible; PetalBot;+https://webmaster.petalsearch.com/site/petalbot)" "cyberdontic.com"
51.222.253.14 - - [15/Sep/2022:21:37:11 -0700] "GET /Spanish/_derived/_vti_cnf/ HTTP/1.1" 200 402 "-" "Mozilla/5.0 (compatible; AhrefsBot/7.0; +http://ahrefs.com/robot/)" "cyberdontic.com"
114.119.155.13 - - [15/Sep/2022:21:41:01 -0700] "GET /cyberdonticnav.gif HTTP/1.1" 200 - "-" "Mozilla/5.0 (Linux; Android 7.0;) AppleWebKit/537.36 (KHTML, like Gecko) Mobile Safari/537.36 (compatible; PetalBot;+https://webmaster.petalsearch.com/site/petalbot)" "cyberdontic.com"
51.222.253.6 - - [15/Sep/2022:21:47:02 -0700] "GET /ce/GuidedSurgery_files/?C=N;O=A HTTP/1.1" 200 444 "-" "Mozilla/5.0 (compatible; AhrefsBot/7.0; +http://ahrefs.com/robot/)" "cyberdontic.com"
65.108.206.155 - - [15/Sep/2022:21:48:15 -0700] "GET /robots.txt HTTP/1.1" 404 73 "-" "Mozilla/5.0 (compatible; MJ12bot/v1.4.8; http://mj12bot.com/)" "cyberdontic.com"
65.108.206.155 - - [15/Sep/2022:21:48:29 -0700] "GET /SS/?C=D;O=D/ HTTP/1.1" 200 492 "-" "Mozilla/5.0 (compatible; MJ12bot/v1.4.8; http://mj12bot.com/)" "cyberdontic.com"
65.108.206.155 - - [15/Sep/2022:21:48:38 -0700] "GET /SS/?C=M;O=D/ HTTP/1.1" 200 492 "-" "Mozilla/5.0 (compatible; MJ12bot/v1.4.8; http://mj12bot.com/)" "cyberdontic.com"
65.108.206.155 - - [15/Sep/2022:21:48:44 -0700] "GET /Spanish/?C=D;O=A/ HTTP/1.1" 200 642 "-" "Mozilla/5.0 (compatible; MJ12bot/v1.4.8; http://mj12bot.com/)" "cyberdontic.com"
65.108.206.155 - - [15/Sep/2022:21:48:53 -0700] "GET /Spanish/?C=D;O=D/ HTTP/1.1" 200 642 "-" "Mozilla/5.0 (compatible; MJ12bot/v1.4.8; http://mj12bot.com/)" "cyberdontic.com"
65.108.206.155 - - [15/Sep/2022:21:49:03 -0700] "GET /Spanish/?C=M;O=A/ HTTP/1.1" 200 636 "-" "Mozilla/5.0 (compatible; MJ12bot/v1.4.8; http://mj12bot.com/)" "cyberdontic.com"
65.108.206.155 - - [15/Sep/2022:21:49:14 -0700] "GET /Spanish/?C=M;O=D/ HTTP/1.1" 200 636 "-" "Mozilla/5.0 (compatible; MJ12bot/v1.4.8; http://mj12bot.com/)" "cyberdontic.com"
65.108.206.155 - - [15/Sep/2022:21:49:27 -0700] "GET /Spanish/?C=N;O=A/ HTTP/1.1" 200 642 "-" "Mozilla/5.0 (compatible; MJ12bot/v1.4.8; http://mj12bot.com/)" "cyberdontic.com"
65.108.206.155 - - [15/Sep/2022:21:49:33 -0700] "GET /Spanish/?C=N;O=D/ HTTP/1.1" 200 642 "-" "Mozilla/5.0 (compatible; MJ12bot/v1.4.8; http://mj12bot.com/)" "cyberdontic.com"
65.108.206.155 - - [15/Sep/2022:21:49:47 -0700] "GET /Spanish/?C=S;O=A/ HTTP/1.1" 200 637 "-" "Mozilla/5.0 (compatible; MJ12bot/v1.4.8; http://mj12bot.com/)" "cyberdontic.com"
65.108.206.155 - - [15/Sep/2022:21:49:52 -0700] "GET /Spanish/?C=S;O=D/ HTTP/1.1" 200 637 "-" "Mozilla/5.0 (compatible; MJ12bot/v1.4.8; http://mj12bot.com/)" "cyberdontic.com"
65.108.206.155 - - [15/Sep/2022:21:50:00 -0700] "GET /sound/_vti_cnf/?C=D;O=A/ HTTP/1.1" 200 388 "-" "Mozilla/5.0 (compatible; MJ12bot/v1.4.8; http://mj12bot.com/)" "cyberdontic.com"
65.108.206.155 - - [15/Sep/2022:21:50:08 -0700] "GET /sound/_vti_cnf/?C=D;O=D/ HTTP/1.1" 200 388 "-" "Mozilla/5.0 (compatible; MJ12bot/v1.4.8; http://mj12bot.com/)" "cyberdontic.com"
65.108.206.155 - - [15/Sep/2022:21:50:20 -0700] "GET /sound/_vti_cnf/?C=M;O=A/ HTTP/1.1" 200 388 "-" "Mozilla/5.0 (compatible; MJ12bot/v1.4.8; http://mj12bot.com/)" "cyberdontic.com"
65.108.206.155 - - [15/Sep/2022:21:50:29 -0700] "GET /sound/_vti_cnf/?C=M;O=D/ HTTP/1.1" 200 388 "-" "Mozilla/5.0 (compatible; MJ12bot/v1.4.8; http://mj12bot.com/)" "cyberdontic.com"
65.108.206.155 - - [15/Sep/2022:21:50:40 -0700] "GET /sound/_vti_cnf/?C=N;O=A/ HTTP/1.1" 200 388 "-" "Mozilla/5.0 (compatible; MJ12bot/v1.4.8; http://mj12bot.com/)" "cyberdontic.com"
65.108.206.155 - - [15/Sep/2022:21:50:49 -0700] "GET /sound/_vti_cnf/?C=N;O=D/ HTTP/1.1" 200 388 "-" "Mozilla/5.0 (compatible; MJ12bot/v1.4.8; http://mj12bot.com/)" "cyberdontic.com"
65.108.206.155 - - [15/Sep/2022:21:50:59 -0700] "GET /sound/_vti_cnf/?C=S;O=A/ HTTP/1.1" 200 388 "-" "Mozilla/5.0 (compatible; MJ12bot/v1.4.8; http://mj12bot.com/)" "cyberdontic.com"
65.108.206.155 - - [15/Sep/2022:21:51:07 -0700] "GET /sound/_vti_cnf/?C=S;O=D/ HTTP/1.1" 200 388 "-" "Mozilla/5.0 (compatible; MJ12bot/v1.4.8; http://mj12bot.com/)" "cyberdontic.com"
207.46.13.232 - - [15/Sep/2022:21:51:18 -0700] "GET /robots.txt HTTP/1.1" 404 88 "-" "Mozilla/5.0 AppleWebKit/537.36 (KHTML, like Gecko; compatible; bingbot/2.0; +http://www.bing.com/bingbot.htm) Chrome/103.0.5060.134 Safari/537.36" "www.cyberdontic.com"
65.108.206.155 - - [15/Sep/2022:21:51:26 -0700] "GET /robots.txt HTTP/1.1" 404 73 "-" "Mozilla/5.0 (compatible; MJ12bot/v1.4.8; http://mj12bot.com/)" "www.cyberdontic.com"
40.77.167.41 - - [15/Sep/2022:21:51:26 -0700] "GET / HTTP/1.1" 200 1104 "-" "Mozilla/5.0 (compatible; bingbot/2.0; +http://www.bing.com/bingbot.htm)" "www.cyberdontic.com"
65.108.206.155 - - [15/Sep/2022:21:51:30 -0700] "GET /BISG/?C=D;O=A/ HTTP/1.1" 200 415 "-" "Mozilla/5.0 (compatible; MJ12bot/v1.4.8; http://mj12bot.com/)" "www.cyberdontic.com"
65.108.206.155 - - [15/Sep/2022:21:51:37 -0700] "GET /BISG/?C=M;O=A/ HTTP/1.1" 200 415 "-" "Mozilla/5.0 (compatible; MJ12bot/v1.4.8; http://mj12bot.com/)" "www.cyberdontic.com"
65.108.206.155 - - [15/Sep/2022:21:51:41 -0700] "GET /BISG/?C=N;O=D/ HTTP/1.1" 200 415 "-" "Mozilla/5.0 (compatible; MJ12bot/v1.4.8; http://mj12bot.com/)" "www.cyberdontic.com"
65.108.206.155 - - [15/Sep/2022:21:51:49 -0700] "GET /BISG/?C=S;O=A/ HTTP/1.1" 200 414 "-" "Mozilla/5.0 (compatible; MJ12bot/v1.4.8; http://mj12bot.com/)" "www.cyberdontic.com"
65.108.206.155 - - [15/Sep/2022:21:51:53 -0700] "GET /SS/?C=D;O=A/ HTTP/1.1" 200 492 "-" "Mozilla/5.0 (compatible; MJ12bot/v1.4.8; http://mj12bot.com/)" "www.cyberdontic.com"
65.108.206.155 - - [15/Sep/2022:21:52:00 -0700] "GET /SS/?C=M;O=A/ HTTP/1.1" 200 492 "-" "Mozilla/5.0 (compatible; MJ12bot/v1.4.8; http://mj12bot.com/)" "www.cyberdontic.com"
65.108.206.155 - - [15/Sep/2022:21:52:08 -0700] "GET /SS/?C=N;O=D/ HTTP/1.1" 200 492 "-" "Mozilla/5.0 (compatible; MJ12bot/v1.4.8; http://mj12bot.com/)" "www.cyberdontic.com"
65.108.206.155 - - [15/Sep/2022:21:52:13 -0700] "GET /SS/?C=S;O=A/ HTTP/1.1" 200 488 "-" "Mozilla/5.0 (compatible; MJ12bot/v1.4.8; http://mj12bot.com/)" "www.cyberdontic.com"
65.108.206.155 - - [15/Sep/2022:21:52:20 -0700] "GET /SS/_vti_cnf/?C=D;O=A/ HTTP/1.1" 200 465 "-" "Mozilla/5.0 (compatible; MJ12bot/v1.4.8; http://mj12bot.com/)" "www.cyberdontic.com"
51.222.253.15 - - [15/Sep/2022:21:52:21 -0700] "GET /ce/ClinicalOrthodontic_files/?C=S;O=D HTTP/1.1" 200 426 "-" "Mozilla/5.0 (compatible; AhrefsBot/7.0; +http://ahrefs.com/robot/)" "cyberdontic.com"
65.108.206.155 - - [15/Sep/2022:21:52:26 -0700] "GET /SS/_vti_cnf/?C=D;O=D/ HTTP/1.1" 200 465 "-" "Mozilla/5.0 (compatible; MJ12bot/v1.4.8; http://mj12bot.com/)" "www.cyberdontic.com"
65.108.206.155 - - [15/Sep/2022:21:52:31 -0700] "GET /SS/_vti_cnf/?C=M;O=A/ HTTP/1.1" 200 469 "-" "Mozilla/5.0 (compatible; MJ12bot/v1.4.8; http://mj12bot.com/)" "www.cyberdontic.com"
65.108.206.155 - - [15/Sep/2022:21:52:37 -0700] "GET /SS/_vti_cnf/?C=M;O=D/ HTTP/1.1" 200 469 "-" "Mozilla/5.0 (compatible; MJ12bot/v1.4.8; http://mj12bot.com/)" "www.cyberdontic.com"
65.108.206.155 - - [15/Sep/2022:21:52:43 -0700] "GET /SS/_vti_cnf/?C=N;O=A/ HTTP/1.1" 200 465 "-" "Mozilla/5.0 (compatible; MJ12bot/v1.4.8; http://mj12bot.com/)" "www.cyberdontic.com"
65.108.206.155 - - [15/Sep/2022:21:52:49 -0700] "GET /SS/_vti_cnf/?C=N;O=D/ HTTP/1.1" 200 465 "-" "Mozilla/5.0 (compatible; MJ12bot/v1.4.8; http://mj12bot.com/)" "www.cyberdontic.com"
65.108.206.155 - - [15/Sep/2022:21:52:56 -0700] "GET /SS/_vti_cnf/?C=S;O=A/ HTTP/1.1" 200 462 "-" "Mozilla/5.0 (compatible; MJ12bot/v1.4.8; http://mj12bot.com/)" "www.cyberdontic.com"
65.108.206.155 - - [15/Sep/2022:21:53:03 -0700] "GET /SS/_vti_cnf/?C=S;O=D/ HTTP/1.1" 200 462 "-" "Mozilla/5.0 (compatible; MJ12bot/v1.4.8; http://mj12bot.com/)" "www.cyberdontic.com"
51.222.253.2 - - [15/Sep/2022:21:57:35 -0700] "GET /ce/BISG_files/?C=N;O=D HTTP/1.1" 200 645 "-" "Mozilla/5.0 (compatible; AhrefsBot/7.0; +http://ahrefs.com/robot/)" "cyberdontic.com"
143.244.54.146 - - [15/Sep/2022:22:00:01 -0700] "GET /eve/forums/a/frm/f/6516008412 HTTP/1.1" 404 88 "http://cyberdontic.com" "Mozilla/5.0 (Windows NT 10.0; Win64; x64) AppleWebKit/537.36 (KHTML, like Gecko) Chrome/62.0.3202.94 Safari/537.36" "cyberdontic.com"
143.244.54.146 - - [15/Sep/2022:22:00:04 -0700] "GET /eve/forums/a/frm/f/6516008412 HTTP/1.1" 404 88 "http://cyberdontic.com" "Mozilla/5.0 (Windows NT 10.0; Win64; x64) AppleWebKit/537.36 (KHTML, like Gecko) Chrome/62.0.3202.94 Safari/537.36" "cyberdontic.com"
143.244.54.146 - - [15/Sep/2022:22:00:06 -0700] "GET /eve/forums/a/frm/f/6516008412 HTTP/1.1" 404 88 "http://cyberdontic.com" "Mozilla/5.0 (Windows NT 10.0; Win64; x64) AppleWebKit/537.36 (KHTML, like Gecko) Chrome/62.0.3202.94 Safari/537.36" "cyberdontic.com"
143.244.54.146 - - [15/Sep/2022:22:00:08 -0700] "GET /eve/forums/a/frm/f/6516008412 HTTP/1.1" 404 88 "http://cyberdontic.com" "Mozilla/5.0 (Windows NT 10.0; Win64; x64) AppleWebKit/537.36 (KHTML, like Gecko) Chrome/62.0.3202.94 Safari/537.36" "cyberdontic.com"
51.222.253.15 - - [15/Sep/2022:22:00:44 -0700] "GET /ce/GuidedSurgery_files/?C=D;O=A HTTP/1.1" 200 444 "-" "Mozilla/5.0 (compatible; AhrefsBot/7.0; +http://ahrefs.com/robot/)" "cyberdontic.com"
193.235.141.178 - - [15/Sep/2022:22:01:57 -0700] "GET / HTTP/1.1" 200 1104 "-" "Mozilla/5.0 (Windows NT 10.0; Win64; x64) AppleWebKit/537.36 (KHTML, like Gecko) Chrome/105.0.0.0 Safari/537.36" "cyberdontic.com"
193.235.141.178 - - [15/Sep/2022:22:01:57 -0700] "GET /favicon.ico HTTP/1.1" 404 88 "-" "Mozilla/5.0 (Windows NT 10.0; Win64; x64) AppleWebKit/537.36 (KHTML, like Gecko) Chrome/105.0.0.0 Safari/537.36" "cyberdontic.com"
51.222.253.4 - - [15/Sep/2022:22:02:03 -0700] "GET /ce/GuidedSurgery_files/?C=S;O=A HTTP/1.1" 200 443 "-" "Mozilla/5.0 (compatible; AhrefsBot/7.0; +http://ahrefs.com/robot/)" "cyberdontic.com"
51.222.253.11 - - [15/Sep/2022:22:03:15 -0700] "GET /seminars.htm HTTP/1.1" 200 20 "-" "Mozilla/5.0 (compatible; AhrefsBot/7.0; +http://ahrefs.com/robot/)" "cyberdontic.com"
51.222.253.4 - - [15/Sep/2022:22:03:41 -0700] "GET /search.htm HTTP/1.1" 200 20 "-" "Mozilla/5.0 (compatible; AhrefsBot/7.0; +http://ahrefs.com/robot/)" "cyberdontic.com"
114.119.155.122 - - [15/Sep/2022:22:09:57 -0700] "GET /sound?M=A HTTP/1.1" 301 1409 "http://cyberdontic.com/sound/?S=A" "Mozilla/5.0 (Linux; Android 7.0;) AppleWebKit/537.36 (KHTML, like Gecko) Mobile Safari/537.36 (compatible; PetalBot;+https://webmaster.petalsearch.com/site/petalbot)" "cyberdontic.com"
114.119.155.13 - - [15/Sep/2022:22:15:06 -0700] "GET /CBCT_files/Thumbs.db HTTP/1.1" 200 31744 "https://cyberdontic.com/CBCT_files?N=A" "Mozilla/5.0 (Linux; Android 7.0;) AppleWebKit/537.36 (KHTML, like Gecko) Mobile Safari/537.36 (compatible; PetalBot;+https://webmaster.petalsearch.com/site/petalbot)" "cyberdontic.com"
114.119.155.13 - - [15/Sep/2022:22:20:11 -0700] "GET /ce/ HTTP/1.1" 200 1260 "http://cyberdontic.com/ce/Webinar_Select_files?C=D%3BO%3DA" "Mozilla/5.0 (Linux; Android 7.0;) AppleWebKit/537.36 (KHTML, like Gecko) Mobile Safari/537.36 (compatible; PetalBot;+https://webmaster.petalsearch.com/site/petalbot)" "cyberdontic.com"
114.119.155.13 - - [15/Sep/2022:22:25:19 -0700] "GET /ce/Augmentation_files?S=D HTTP/1.1" 301 1420 "http://cyberdontic.com/ce/Augmentation_files?S=A" "Mozilla/5.0 (Linux; Android 7.0;) AppleWebKit/537.36 (KHTML, like Gecko) Mobile Safari/537.36 (compatible; PetalBot;+https://webmaster.petalsearch.com/site/petalbot)" "cyberdontic.com"
114.119.155.13 - - [15/Sep/2022:22:25:20 -0700] "GET /ce/Augmentation_files/?S=D HTTP/1.1" 200 437 "http://cyberdontic.com/ce/Augmentation_files?S=A" "Mozilla/5.0 (Linux; Android 7.0;) AppleWebKit/537.36 (KHTML, like Gecko) Mobile Safari/537.36 (compatible; PetalBot;+https://webmaster.petalsearch.com/site/petalbot)" "cyberdontic.com"
114.119.155.121 - - [15/Sep/2022:22:30:30 -0700] "GET /OSG_files?N=A HTTP/1.1" 301 1416 "https://cyberdontic.com/OSG_files?S=D" "Mozilla/5.0 (Linux; Android 7.0;) AppleWebKit/537.36 (KHTML, like Gecko) Mobile Safari/537.36 (compatible; PetalBot;+https://webmaster.petalsearch.com/site/petalbot)" "cyberdontic.com"
114.119.155.121 - - [15/Sep/2022:22:30:31 -0700] "GET /OSG_files/?N=A HTTP/1.1" 200 465 "https://cyberdontic.com/OSG_files?S=D" "Mozilla/5.0 (Linux; Android 7.0;) AppleWebKit/537.36 (KHTML, like Gecko) Mobile Safari/537.36 (compatible; PetalBot;+https://webmaster.petalsearch.com/site/petalbot)" "cyberdontic.com"
114.119.155.121 - - [15/Sep/2022:22:35:36 -0700] "GET /ClinicalOrthodontic.htm HTTP/1.1" 200 3353 "https://cyberdontic.com?C=S%3BO%3DA" "Mozilla/5.0 (Linux; Android 7.0;) AppleWebKit/537.36 (KHTML, like Gecko) Mobile Safari/537.36 (compatible; PetalBot;+https://webmaster.petalsearch.com/site/petalbot)" "cyberdontic.com"
51.222.253.3 - - [15/Sep/2022:22:37:03 -0700] "GET /toc.htm HTTP/1.1" 200 20 "-" "Mozilla/5.0 (compatible; AhrefsBot/7.0; +http://ahrefs.com/robot/)" "cyberdontic.com"
185.191.171.13 - - [15/Sep/2022:22:37:48 -0700] "GET /robots.txt HTTP/1.1" 404 88 "-" "Mozilla/5.0 (compatible; SemrushBot/7~bl; +http://www.semrush.com/bot.html)" "www.cyberdontic.com"
185.191.171.12 - - [15/Sep/2022:22:37:51 -0700] "GET / HTTP/1.1" 200 1104 "-" "Mozilla/5.0 (compatible; SemrushBot/7~bl; +http://www.semrush.com/bot.html)" "www.cyberdontic.com"
114.119.155.13 - - [15/Sep/2022:22:40:44 -0700] "GET /BISG_files?C=S%3BO%3DA HTTP/1.1" 301 1430 "http://cyberdontic.com/BISG_files?D=D" "Mozilla/5.0 (Linux; Android 7.0;) AppleWebKit/537.36 (KHTML, like Gecko) Mobile Safari/537.36 (compatible; PetalBot;+https://webmaster.petalsearch.com/site/petalbot)" "cyberdontic.com"
114.119.155.13 - - [15/Sep/2022:22:40:45 -0700] "GET /BISG_files/?C=S%3BO%3DA HTTP/1.1" 200 446 "http://cyberdontic.com/BISG_files?D=D" "Mozilla/5.0 (Linux; Android 7.0;) AppleWebKit/537.36 (KHTML, like Gecko) Mobile Safari/537.36 (compatible; PetalBot;+https://webmaster.petalsearch.com/site/petalbot)" "cyberdontic.com"
216.244.66.245 - - [15/Sep/2022:22:44:30 -0700] "GET /robots.txt HTTP/1.1" 404 73 "-" "Mozilla/5.0 (compatible; DotBot/1.2; +https://opensiteexplorer.org/dotbot; help@moz.com)" "www.cyberdontic.com"
216.244.66.245 - - [15/Sep/2022:22:44:30 -0700] "GET /robots.txt HTTP/1.1" 404 73 "-" "Mozilla/5.0 (compatible; DotBot/1.2; +https://opensiteexplorer.org/dotbot; help@moz.com)" "cyberdontic.com"
114.119.155.13 - - [15/Sep/2022:22:45:55 -0700] "GET /SS/_vti_cnf?C=D%3BO%3DA HTTP/1.1" 301 1431 "http://cyberdontic.com/SS/_vti_cnf?N=D" "Mozilla/5.0 (Linux; Android 7.0;) AppleWebKit/537.36 (KHTML, like Gecko) Mobile Safari/537.36 (compatible; PetalBot;+https://webmaster.petalsearch.com/site/petalbot)" "cyberdontic.com"
114.119.155.13 - - [15/Sep/2022:22:45:58 -0700] "GET /SS/_vti_cnf/?C=D%3BO%3DA HTTP/1.1" 200 465 "http://cyberdontic.com/SS/_vti_cnf?N=D" "Mozilla/5.0 (Linux; Android 7.0;) AppleWebKit/537.36 (KHTML, like Gecko) Mobile Safari/537.36 (compatible; PetalBot;+https://webmaster.petalsearch.com/site/petalbot)" "cyberdontic.com"
114.119.155.122 - - [15/Sep/2022:22:51:02 -0700] "GET /sound/?C=N%3BO%3DD HTTP/1.1" 200 444 "https://cyberdontic.com/sound/?C=M%3BO%3DA" "Mozilla/5.0 (Linux; Android 7.0;) AppleWebKit/537.36 (KHTML, like Gecko) Mobile Safari/537.36 (compatible; PetalBot;+https://webmaster.petalsearch.com/site/petalbot)" "cyberdontic.com"
51.222.253.16 - - [15/Sep/2022:22:51:56 -0700] "GET /available_formats.htm HTTP/1.1" 200 20 "-" "Mozilla/5.0 (compatible; AhrefsBot/7.0; +http://ahrefs.com/robot/)" "cyberdontic.com"
114.119.155.121 - - [15/Sep/2022:22:56:25 -0700] "GET /OrthoCD/ HTTP/1.1" 200 1071 "https://www.cyberdontic.com?C=D%3BO%3DA" "Mozilla/5.0 (Linux; Android 7.0;) AppleWebKit/537.36 (KHTML, like Gecko) Mobile Safari/537.36 (compatible; PetalBot;+https://webmaster.petalsearch.com/site/petalbot)" "www.cyberdontic.com"
114.119.155.13 - - [15/Sep/2022:23:01:10 -0700] "GET /logs HTTP/1.1" 403 170 "http://cyberdontic.com/" "Mozilla/5.0 (Linux; Android 7.0;) AppleWebKit/537.36 (KHTML, like Gecko) Mobile Safari/537.36 (compatible; PetalBot;+https://webmaster.petalsearch.com/site/petalbot)" "cyberdontic.com"
114.119.155.13 - - [15/Sep/2022:23:06:16 -0700] "GET /ce/ClinicalOrthodontic_files/?C=M%3BO%3DA HTTP/1.1" 200 428 "http://www.cyberdontic.com/ce/ClinicalOrthodontic_files?C=M%3BO%3DA" "Mozilla/5.0 (Linux; Android 7.0;) AppleWebKit/537.36 (KHTML, like Gecko) Mobile Safari/537.36 (compatible; PetalBot;+https://webmaster.petalsearch.com/site/petalbot)" "www.cyberdontic.com"
51.222.253.12 - - [15/Sep/2022:23:08:22 -0700] "GET /?C=D;O=A HTTP/1.1" 200 1104 "-" "Mozilla/5.0 (compatible; AhrefsBot/7.0; +http://ahrefs.com/robot/)" "cyberdontic.com"
114.119.155.118 - - [15/Sep/2022:23:11:27 -0700] "GET /ce/BISG_files/ HTTP/1.1" 200 649 "http://www.cyberdontic.com/ce/" "Mozilla/5.0 (Linux; Android 7.0;) AppleWebKit/537.36 (KHTML, like Gecko) Mobile Safari/537.36 (compatible; PetalBot;+https://webmaster.petalsearch.com/site/petalbot)" "www.cyberdontic.com"
114.119.155.122 - - [15/Sep/2022:23:16:33 -0700] "GET /ce/ImmediatePlacement_files/ HTTP/1.1" 200 566 "https://cyberdontic.com/ce" "Mozilla/5.0 (Linux; Android 7.0;) AppleWebKit/537.36 (KHTML, like Gecko) Mobile Safari/537.36 (compatible; PetalBot;+https://webmaster.petalsearch.com/site/petalbot)" "cyberdontic.com"
114.119.155.13 - - [15/Sep/2022:23:21:42 -0700] "GET /OSG_files?M=D HTTP/1.1" 301 1416 "https://cyberdontic.com/OSG_files?M=A" "Mozilla/5.0 (Linux; Android 7.0;) AppleWebKit/537.36 (KHTML, like Gecko) Mobile Safari/537.36 (compatible; PetalBot;+https://webmaster.petalsearch.com/site/petalbot)" "cyberdontic.com"
114.119.155.13 - - [15/Sep/2022:23:21:42 -0700] "GET /OSG_files/?M=D HTTP/1.1" 200 465 "https://cyberdontic.com/OSG_files?M=A" "Mozilla/5.0 (Linux; Android 7.0;) AppleWebKit/537.36 (KHTML, like Gecko) Mobile Safari/537.36 (compatible; PetalBot;+https://webmaster.petalsearch.com/site/petalbot)" "cyberdontic.com"
51.222.253.2 - - [15/Sep/2022:23:23:11 -0700] "GET /?C=M;O=A HTTP/1.1" 200 1079 "-" "Mozilla/5.0 (compatible; AhrefsBot/7.0; +http://ahrefs.com/robot/)" "cyberdontic.com"
114.119.155.13 - - [15/Sep/2022:23:26:52 -0700] "GET /BISG_files/?C=N%3BO%3DD HTTP/1.1" 200 446 "https://cyberdontic.com/BISG_files/?C=M%3BO%3DA" "Mozilla/5.0 (Linux; Android 7.0;) AppleWebKit/537.36 (KHTML, like Gecko) Mobile Safari/537.36 (compatible; PetalBot;+https://webmaster.petalsearch.com/site/petalbot)" "cyberdontic.com"
114.119.155.118 - - [15/Sep/2022:23:32:02 -0700] "GET /ce/Augmentation_files?C=S%3BO%3DA HTTP/1.1" 301 1431 "http://www.cyberdontic.com/ce/Augmentation_files?C=N%3BO%3DD" "Mozilla/5.0 (Linux; Android 7.0;) AppleWebKit/537.36 (KHTML, like Gecko) Mobile Safari/537.36 (compatible; PetalBot;+https://webmaster.petalsearch.com/site/petalbot)" "www.cyberdontic.com"
114.119.155.118 - - [15/Sep/2022:23:32:02 -0700] "GET /ce/Augmentation_files/?C=S%3BO%3DA HTTP/1.1" 200 437 "http://www.cyberdontic.com/ce/Augmentation_files?C=N%3BO%3DD" "Mozilla/5.0 (Linux; Android 7.0;) AppleWebKit/537.36 (KHTML, like Gecko) Mobile Safari/537.36 (compatible; PetalBot;+https://webmaster.petalsearch.com/site/petalbot)" "www.cyberdontic.com"
65.109.26.42 - - [15/Sep/2022:23:35:25 -0700] "GET /robots.txt HTTP/1.1" 404 73 "-" "Mozilla/5.0 (compatible; MJ12bot/v1.4.8; http://mj12bot.com/)" "cyberdontic.com"
65.109.26.42 - - [15/Sep/2022:23:35:27 -0700] "GET /sound/?C=N;O=A HTTP/1.1" 200 444 "-" "Mozilla/5.0 (compatible; MJ12bot/v1.4.8; http://mj12bot.com/)" "cyberdontic.com"
65.109.26.42 - - [15/Sep/2022:23:35:29 -0700] "GET /sound/?C=N;O=D HTTP/1.1" 200 441 "-" "Mozilla/5.0 (compatible; MJ12bot/v1.4.8; http://mj12bot.com/)" "cyberdontic.com"
65.109.26.42 - - [15/Sep/2022:23:35:30 -0700] "GET /sound/?C=N;O=D/ HTTP/1.1" 200 444 "-" "Mozilla/5.0 (compatible; MJ12bot/v1.4.8; http://mj12bot.com/)" "cyberdontic.com"
65.109.26.42 - - [15/Sep/2022:23:35:32 -0700] "GET /sound/?C=S;O=A HTTP/1.1" 200 444 "-" "Mozilla/5.0 (compatible; MJ12bot/v1.4.8; http://mj12bot.com/)" "cyberdontic.com"
65.109.26.42 - - [15/Sep/2022:23:35:34 -0700] "GET /sound/?C=S;O=A/ HTTP/1.1" 200 444 "-" "Mozilla/5.0 (compatible; MJ12bot/v1.4.8; http://mj12bot.com/)" "cyberdontic.com"
65.109.26.42 - - [15/Sep/2022:23:35:37 -0700] "GET /sound/?C=S;O=D HTTP/1.1" 200 443 "-" "Mozilla/5.0 (compatible; MJ12bot/v1.4.8; http://mj12bot.com/)" "cyberdontic.com"
65.109.26.42 - - [15/Sep/2022:23:35:38 -0700] "GET /sound/?D=D// HTTP/1.1" 200 444 "-" "Mozilla/5.0 (compatible; MJ12bot/v1.4.8; http://mj12bot.com/)" "cyberdontic.com"
65.109.26.42 - - [15/Sep/2022:23:35:40 -0700] "GET /sound/?M=D// HTTP/1.1" 200 444 "-" "Mozilla/5.0 (compatible; MJ12bot/v1.4.8; http://mj12bot.com/)" "cyberdontic.com"
65.109.26.42 - - [15/Sep/2022:23:35:42 -0700] "GET /sound/?N=A// HTTP/1.1" 200 444 "-" "Mozilla/5.0 (compatible; MJ12bot/v1.4.8; http://mj12bot.com/)" "cyberdontic.com"
65.109.26.42 - - [15/Sep/2022:23:35:43 -0700] "GET /sound/?S=D// HTTP/1.1" 200 444 "-" "Mozilla/5.0 (compatible; MJ12bot/v1.4.8; http://mj12bot.com/)" "cyberdontic.com"
65.109.26.42 - - [15/Sep/2022:23:35:46 -0700] "GET /sound/_vti_cnf/ HTTP/1.1" 200 388 "-" "Mozilla/5.0 (compatible; MJ12bot/v1.4.8; http://mj12bot.com/)" "cyberdontic.com"
65.109.26.42 - - [15/Sep/2022:23:35:47 -0700] "GET /sound/_vti_cnf/?D=A HTTP/1.1" 200 388 "-" "Mozilla/5.0 (compatible; MJ12bot/v1.4.8; http://mj12bot.com/)" "cyberdontic.com"
65.109.26.42 - - [15/Sep/2022:23:35:49 -0700] "GET /sound/_vti_cnf/?D=D HTTP/1.1" 200 388 "-" "Mozilla/5.0 (compatible; MJ12bot/v1.4.8; http://mj12bot.com/)" "cyberdontic.com"
65.109.26.42 - - [15/Sep/2022:23:35:51 -0700] "GET /sound/_vti_cnf/?M=A HTTP/1.1" 200 388 "-" "Mozilla/5.0 (compatible; MJ12bot/v1.4.8; http://mj12bot.com/)" "cyberdontic.com"
65.109.26.42 - - [15/Sep/2022:23:35:53 -0700] "GET /sound/_vti_cnf/?M=D HTTP/1.1" 200 388 "-" "Mozilla/5.0 (compatible; MJ12bot/v1.4.8; http://mj12bot.com/)" "cyberdontic.com"
65.109.26.42 - - [15/Sep/2022:23:35:55 -0700] "GET /sound/_vti_cnf/?N=A HTTP/1.1" 200 388 "-" "Mozilla/5.0 (compatible; MJ12bot/v1.4.8; http://mj12bot.com/)" "cyberdontic.com"
65.109.26.42 - - [15/Sep/2022:23:35:56 -0700] "GET /sound/_vti_cnf/?N=D HTTP/1.1" 200 388 "-" "Mozilla/5.0 (compatible; MJ12bot/v1.4.8; http://mj12bot.com/)" "cyberdontic.com"
65.109.26.42 - - [15/Sep/2022:23:35:58 -0700] "GET /sound/_vti_cnf/?S=A HTTP/1.1" 200 388 "-" "Mozilla/5.0 (compatible; MJ12bot/v1.4.8; http://mj12bot.com/)" "cyberdontic.com"
65.109.26.42 - - [15/Sep/2022:23:36:00 -0700] "GET /sound/_vti_cnf/?S=D HTTP/1.1" 200 388 "-" "Mozilla/5.0 (compatible; MJ12bot/v1.4.8; http://mj12bot.com/)" "cyberdontic.com"
65.109.26.42 - - [15/Sep/2022:23:36:03 -0700] "GET /sound/_vti_cnf?D=A HTTP/1.1" 301 1418 "-" "Mozilla/5.0 (compatible; MJ12bot/v1.4.8; http://mj12bot.com/)" "cyberdontic.com"
65.109.26.42 - - [15/Sep/2022:23:36:06 -0700] "GET /sound/_vti_cnf/?D=A HTTP/1.1" 200 388 "-" "Mozilla/5.0 (compatible; MJ12bot/v1.4.8; http://mj12bot.com/)" "cyberdontic.com"
65.109.26.42 - - [15/Sep/2022:23:36:07 -0700] "GET /sound/_vti_cnf?D=D HTTP/1.1" 301 1418 "-" "Mozilla/5.0 (compatible; MJ12bot/v1.4.8; http://mj12bot.com/)" "cyberdontic.com"
65.109.26.42 - - [15/Sep/2022:23:36:10 -0700] "GET /sound/_vti_cnf/?D=D HTTP/1.1" 200 388 "-" "Mozilla/5.0 (compatible; MJ12bot/v1.4.8; http://mj12bot.com/)" "cyberdontic.com"
65.109.26.42 - - [15/Sep/2022:23:36:12 -0700] "GET /sound/_vti_cnf?M=A HTTP/1.1" 301 1418 "-" "Mozilla/5.0 (compatible; MJ12bot/v1.4.8; http://mj12bot.com/)" "cyberdontic.com"
65.109.26.42 - - [15/Sep/2022:23:36:14 -0700] "GET /sound/_vti_cnf/?M=A HTTP/1.1" 200 388 "-" "Mozilla/5.0 (compatible; MJ12bot/v1.4.8; http://mj12bot.com/)" "cyberdontic.com"
65.109.26.42 - - [15/Sep/2022:23:36:16 -0700] "GET /sound/_vti_cnf?M=D HTTP/1.1" 301 1418 "-" "Mozilla/5.0 (compatible; MJ12bot/v1.4.8; http://mj12bot.com/)" "cyberdontic.com"
65.109.26.42 - - [15/Sep/2022:23:36:18 -0700] "GET /sound/_vti_cnf/?M=D HTTP/1.1" 200 388 "-" "Mozilla/5.0 (compatible; MJ12bot/v1.4.8; http://mj12bot.com/)" "cyberdontic.com"
65.109.26.42 - - [15/Sep/2022:23:36:22 -0700] "GET /sound/_vti_cnf?N=A HTTP/1.1" 301 1418 "-" "Mozilla/5.0 (compatible; MJ12bot/v1.4.8; http://mj12bot.com/)" "cyberdontic.com"
65.109.26.42 - - [15/Sep/2022:23:36:25 -0700] "GET /sound/_vti_cnf/?N=A HTTP/1.1" 200 388 "-" "Mozilla/5.0 (compatible; MJ12bot/v1.4.8; http://mj12bot.com/)" "cyberdontic.com"
114.119.155.121 - - [15/Sep/2022:23:37:18 -0700] "GET /OSG/ClinicalOrtho_Pay.htm HTTP/1.1" 200 653 "http://www.cyberdontic.com/OSG/" "Mozilla/5.0 (Linux; Android 7.0;) AppleWebKit/537.36 (KHTML, like Gecko) Mobile Safari/537.36 (compatible; PetalBot;+https://webmaster.petalsearch.com/site/petalbot)" "www.cyberdontic.com"
65.109.26.42 - - [15/Sep/2022:23:39:59 -0700] "GET /sound/_vti_cnf?S=A HTTP/1.1" 301 1418 "-" "Mozilla/5.0 (compatible; MJ12bot/v1.4.8; http://mj12bot.com/)" "cyberdontic.com"
65.109.26.42 - - [15/Sep/2022:23:40:01 -0700] "GET /sound/_vti_cnf/?S=A HTTP/1.1" 200 388 "-" "Mozilla/5.0 (compatible; MJ12bot/v1.4.8; http://mj12bot.com/)" "cyberdontic.com"
65.109.26.42 - - [15/Sep/2022:23:40:03 -0700] "GET /sound/_vti_cnf?S=D HTTP/1.1" 301 1418 "-" "Mozilla/5.0 (compatible; MJ12bot/v1.4.8; http://mj12bot.com/)" "cyberdontic.com"
65.109.26.42 - - [15/Sep/2022:23:40:04 -0700] "GET /sound/_vti_cnf/?S=D HTTP/1.1" 200 388 "-" "Mozilla/5.0 (compatible; MJ12bot/v1.4.8; http://mj12bot.com/)" "cyberdontic.com"
65.109.26.42 - - [15/Sep/2022:23:40:06 -0700] "GET /robots.txt HTTP/1.1" 404 73 "-" "Mozilla/5.0 (compatible; MJ12bot/v1.4.8; http://mj12bot.com/)" "www.cyberdontic.com"
65.109.26.42 - - [15/Sep/2022:23:40:07 -0700] "GET /BISG_files/?C=D;O=A// HTTP/1.1" 200 446 "-" "Mozilla/5.0 (compatible; MJ12bot/v1.4.8; http://mj12bot.com/)" "www.cyberdontic.com"
65.109.26.42 - - [15/Sep/2022:23:40:09 -0700] "GET /BISG_files/?C=M;O=A// HTTP/1.1" 200 447 "-" "Mozilla/5.0 (compatible; MJ12bot/v1.4.8; http://mj12bot.com/)" "www.cyberdontic.com"
65.109.26.42 - - [15/Sep/2022:23:40:11 -0700] "GET /BISG_files/?C=N;O=D// HTTP/1.1" 200 446 "-" "Mozilla/5.0 (compatible; MJ12bot/v1.4.8; http://mj12bot.com/)" "www.cyberdontic.com"
65.109.26.42 - - [15/Sep/2022:23:40:12 -0700] "GET /BISG_files/?C=S;O=A// HTTP/1.1" 200 446 "-" "Mozilla/5.0 (compatible; MJ12bot/v1.4.8; http://mj12bot.com/)" "www.cyberdontic.com"
65.109.26.42 - - [15/Sep/2022:23:40:14 -0700] "GET /OSG/?N=D HTTP/1.1" 200 429 "-" "Mozilla/5.0 (compatible; MJ12bot/v1.4.8; http://mj12bot.com/)" "www.cyberdontic.com"
65.109.26.42 - - [15/Sep/2022:23:40:16 -0700] "GET /OSG/_vti_cnf/?C=D;O=A// HTTP/1.1" 200 388 "-" "Mozilla/5.0 (compatible; MJ12bot/v1.4.8; http://mj12bot.com/)" "www.cyberdontic.com"
65.109.26.42 - - [15/Sep/2022:23:40:18 -0700] "GET /OSG/_vti_cnf/?C=M;O=A// HTTP/1.1" 200 387 "-" "Mozilla/5.0 (compatible; MJ12bot/v1.4.8; http://mj12bot.com/)" "www.cyberdontic.com"
65.109.26.42 - - [15/Sep/2022:23:40:19 -0700] "GET /OSG/_vti_cnf/?C=N;O=D// HTTP/1.1" 200 388 "-" "Mozilla/5.0 (compatible; MJ12bot/v1.4.8; http://mj12bot.com/)" "www.cyberdontic.com"
65.109.26.42 - - [15/Sep/2022:23:40:21 -0700] "GET /OSG/_vti_cnf/?C=S;O=A// HTTP/1.1" 200 388 "-" "Mozilla/5.0 (compatible; MJ12bot/v1.4.8; http://mj12bot.com/)" "www.cyberdontic.com"
65.109.26.42 - - [15/Sep/2022:23:40:23 -0700] "GET /Spanish/_overlay/?D=A/ HTTP/1.1" 200 390 "-" "Mozilla/5.0 (compatible; MJ12bot/v1.4.8; http://mj12bot.com/)" "www.cyberdontic.com"
185.191.171.8 - - [15/Sep/2022:23:41:29 -0700] "GET /robots.txt HTTP/1.1" 404 88 "-" "Mozilla/5.0 (compatible; SemrushBot/7~bl; +http://www.semrush.com/bot.html)" "cyberdontic.com"
185.191.171.10 - - [15/Sep/2022:23:41:29 -0700] "GET /ce/ir_pay.htm HTTP/1.1" 200 687 "-" "Mozilla/5.0 (compatible; SemrushBot/7~bl; +http://www.semrush.com/bot.html)" "cyberdontic.com"
135.181.75.58 - - [15/Sep/2022:23:48:23 -0700] "GET /robots.txt HTTP/1.1" 404 73 "-" "Mozilla/5.0 (compatible; MJ12bot/v1.4.8; http://mj12bot.com/)" "cyberdontic.com"
135.181.75.58 - - [15/Sep/2022:23:48:29 -0700] "GET /CBCT_files/Thumbs.db HTTP/1.1" 200 31744 "-" "Mozilla/5.0 (compatible; MJ12bot/v1.4.8; http://mj12bot.com/)" "cyberdontic.com"
114.119.155.118 - - [15/Sep/2022:23:52:45 -0700] "GET /orthodiagnosis/index_order.html HTTP/1.1" 200 8998 "http://www.cyberdontic.com/orthodiagnosis/index.html" "Mozilla/5.0 (Linux; Android 7.0;) AppleWebKit/537.36 (KHTML, like Gecko) Mobile Safari/537.36 (compatible; PetalBot;+https://webmaster.petalsearch.com/site/petalbot)" "www.cyberdontic.com"
114.119.155.13 - - [15/Sep/2022:23:57:57 -0700] "GET /OSG/_vti_cnf/?C=S%3BO%3DA HTTP/1.1" 200 388 "http://cyberdontic.com/OSG/_vti_cnf?S=D" "Mozilla/5.0 (Linux; Android 7.0;) AppleWebKit/537.36 (KHTML, like Gecko) Mobile Safari/537.36 (compatible; PetalBot;+https://webmaster.petalsearch.com/site/petalbot)" "cyberdontic.com"
54.36.148.245 - - [16/Sep/2022:00:01:28 -0700] "GET /robots.txt HTTP/1.1" 404 88 "-" "Mozilla/5.0 (compatible; AhrefsBot/7.0; +http://ahrefs.com/robot/)" "cyberdontic.com"
51.222.253.12 - - [16/Sep/2022:00:01:29 -0700] "GET /?C=D;O=A HTTP/1.1" 200 1104 "-" "Mozilla/5.0 (compatible; AhrefsBot/7.0; +http://ahrefs.com/robot/)" "cyberdontic.com"
114.119.155.13 - - [16/Sep/2022:00:03:15 -0700] "GET /ce/ImplantResidency_files?S=A HTTP/1.1" 301 1425 "http://cyberdontic.com/ce/ImplantResidency_files?N=D" "Mozilla/5.0 (Linux; Android 7.0;) AppleWebKit/537.36 (KHTML, like Gecko) Mobile Safari/537.36 (compatible; PetalBot;+https://webmaster.petalsearch.com/site/petalbot)" "cyberdontic.com"
114.119.155.13 - - [16/Sep/2022:00:03:17 -0700] "GET /ce/ImplantResidency_files/?S=A HTTP/1.1" 200 380 "http://cyberdontic.com/ce/ImplantResidency_files?N=D" "Mozilla/5.0 (Linux; Android 7.0;) AppleWebKit/537.36 (KHTML, like Gecko) Mobile Safari/537.36 (compatible; PetalBot;+https://webmaster.petalsearch.com/site/petalbot)" "cyberdontic.com"
114.119.155.13 - - [16/Sep/2022:00:08:30 -0700] "GET /ce/Webinars_files/?C=M%3BO%3DA HTTP/1.1" 200 399 "http://www.cyberdontic.com/ce/Webinars_files/" "Mozilla/5.0 (Linux; Android 7.0;) AppleWebKit/537.36 (KHTML, like Gecko) Mobile Safari/537.36 (compatible; PetalBot;+https://webmaster.petalsearch.com/site/petalbot)" "www.cyberdontic.com"
114.119.155.126 - - [16/Sep/2022:00:13:40 -0700] "GET /SS/_vti_cnf?S=D HTTP/1.1" 301 1421 "http://cyberdontic.com/SS/_vti_cnf?S=A" "Mozilla/5.0 (Linux; Android 7.0;) AppleWebKit/537.36 (KHTML, like Gecko) Mobile Safari/537.36 (compatible; PetalBot;+https://webmaster.petalsearch.com/site/petalbot)" "cyberdontic.com"
114.119.155.126 - - [16/Sep/2022:00:13:46 -0700] "GET /SS/_vti_cnf/?S=D HTTP/1.1" 200 465 "http://cyberdontic.com/SS/_vti_cnf?S=A" "Mozilla/5.0 (Linux; Android 7.0;) AppleWebKit/537.36 (KHTML, like Gecko) Mobile Safari/537.36 (compatible; PetalBot;+https://webmaster.petalsearch.com/site/petalbot)" "cyberdontic.com"
114.119.155.121 - - [16/Sep/2022:00:18:53 -0700] "GET /ce/bisg_pay.htm HTTP/1.1" 200 772 "https://cyberdontic.com/ce" "Mozilla/5.0 (Linux; Android 7.0;) AppleWebKit/537.36 (KHTML, like Gecko) Mobile Safari/537.36 (compatible; PetalBot;+https://webmaster.petalsearch.com/site/petalbot)" "cyberdontic.com"
216.244.66.245 - - [16/Sep/2022:00:25:49 -0700] "GET /robots.txt HTTP/1.1" 404 73 "-" "Mozilla/5.0 (compatible; DotBot/1.2; +https://opensiteexplorer.org/dotbot; help@moz.com)" "cyberdontic.com"
216.244.66.245 - - [16/Sep/2022:00:25:49 -0700] "GET /robots.txt HTTP/1.1" 404 73 "-" "Mozilla/5.0 (compatible; DotBot/1.2; +https://opensiteexplorer.org/dotbot; help@moz.com)" "www.cyberdontic.com"
185.191.171.35 - - [16/Sep/2022:00:30:40 -0700] "GET /?C=N%3BO%3DD HTTP/1.1" 200 1104 "-" "Mozilla/5.0 (compatible; SemrushBot/7~bl; +http://www.semrush.com/bot.html)" "cyberdontic.com"
51.222.253.2 - - [16/Sep/2022:00:30:59 -0700] "GET /robots.txt HTTP/1.1" 404 88 "-" "Mozilla/5.0 (compatible; AhrefsBot/7.0; +http://ahrefs.com/robot/)" "www.cyberdontic.com"
51.222.253.13 - - [16/Sep/2022:00:31:00 -0700] "GET /OSG/ HTTP/1.1" 200 429 "-" "Mozilla/5.0 (compatible; AhrefsBot/7.0; +http://ahrefs.com/robot/)" "www.cyberdontic.com"
114.119.155.142 - - [16/Sep/2022:00:35:23 -0700] "GET /SS?C=N%3BO%3DD HTTP/1.1" 301 1420 "http://www.cyberdontic.com/SS?C=D%3BO%3DA" "Mozilla/5.0 (Linux; Android 7.0;) AppleWebKit/537.36 (KHTML, like Gecko) Mobile Safari/537.36 (compatible; PetalBot;+https://webmaster.petalsearch.com/site/petalbot)" "www.cyberdontic.com"
114.119.155.142 - - [16/Sep/2022:00:35:23 -0700] "GET /SS/?C=N%3BO%3DD HTTP/1.1" 200 492 "http://www.cyberdontic.com/SS?C=D%3BO%3DA" "Mozilla/5.0 (Linux; Android 7.0;) AppleWebKit/537.36 (KHTML, like Gecko) Mobile Safari/537.36 (compatible; PetalBot;+https://webmaster.petalsearch.com/site/petalbot)" "www.cyberdontic.com"
195.178.120.89 - - [16/Sep/2022:00:35:50 -0700] "GET //wp-admin/admin-post.php?local-download=../../../etc/passwd&local-destination-id=../../../etc/passwd HTTP/1.1" 404 88 "www.google.com" "Mozlila/5.0 (Linux; Android 7.0; SM-G892A Bulid/NRD90M; wv) AppleWebKit/537.36 (KHTML, like Gecko) Version/4.0 Chrome/60.0.3112.107 Moblie Safari/537.36" "cyberdontic.com"
114.119.155.118 - - [16/Sep/2022:00:40:12 -0700] "GET /Spanish/_derived/ HTTP/1.1" 200 426 "https://cyberdontic.com/Spanish?N=D" "Mozilla/5.0 (Linux; Android 7.0;) AppleWebKit/537.36 (KHTML, like Gecko) Mobile Safari/537.36 (compatible; PetalBot;+https://webmaster.petalsearch.com/site/petalbot)" "cyberdontic.com"
114.119.155.126 - - [16/Sep/2022:00:45:43 -0700] "GET /ce/ClinicalOrthodontic_files/?C=M%3BO%3DA HTTP/1.1" 200 428 "http://cyberdontic.com/ce/ClinicalOrthodontic_files/?C=N%3BO%3DD" "Mozilla/5.0 (Linux; Android 7.0;) AppleWebKit/537.36 (KHTML, like Gecko) Mobile Safari/537.36 (compatible; PetalBot;+https://webmaster.petalsearch.com/site/petalbot)" "cyberdontic.com"
114.119.155.142 - - [16/Sep/2022:00:51:14 -0700] "GET /ce/Webinars_files?N=D HTTP/1.1" 301 1419 "http://cyberdontic.com/ce/Webinars_files" "Mozilla/5.0 (Linux; Android 7.0;) AppleWebKit/537.36 (KHTML, like Gecko) Mobile Safari/537.36 (compatible; PetalBot;+https://webmaster.petalsearch.com/site/petalbot)" "cyberdontic.com"
114.119.155.142 - - [16/Sep/2022:00:51:15 -0700] "GET /ce/Webinars_files/?N=D HTTP/1.1" 200 399 "http://cyberdontic.com/ce/Webinars_files" "Mozilla/5.0 (Linux; Android 7.0;) AppleWebKit/537.36 (KHTML, like Gecko) Mobile Safari/537.36 (compatible; PetalBot;+https://webmaster.petalsearch.com/site/petalbot)" "cyberdontic.com"
114.119.155.142 - - [16/Sep/2022:00:56:35 -0700] "GET /ce/education5_files/?C=N%3BO%3DD HTTP/1.1" 200 442 "http://www.cyberdontic.com/ce/education5_files" "Mozilla/5.0 (Linux; Android 7.0;) AppleWebKit/537.36 (KHTML, like Gecko) Mobile Safari/537.36 (compatible; PetalBot;+https://webmaster.petalsearch.com/site/petalbot)" "www.cyberdontic.com"
114.119.155.126 - - [16/Sep/2022:01:01:57 -0700] "GET /MultiPhase_files?C=S%3BO%3DA HTTP/1.1" 301 1430 "http://www.cyberdontic.com/MultiPhase_files?C=N%3BO%3DD" "Mozilla/5.0 (Linux; Android 7.0;) AppleWebKit/537.36 (KHTML, like Gecko) Mobile Safari/537.36 (compatible; PetalBot;+https://webmaster.petalsearch.com/site/petalbot)" "www.cyberdontic.com"
114.119.155.126 - - [16/Sep/2022:01:02:03 -0700] "GET /MultiPhase_files/?C=S%3BO%3DA HTTP/1.1" 200 429 "http://www.cyberdontic.com/MultiPhase_files?C=N%3BO%3DD" "Mozilla/5.0 (Linux; Android 7.0;) AppleWebKit/537.36 (KHTML, like Gecko) Mobile Safari/537.36 (compatible; PetalBot;+https://webmaster.petalsearch.com/site/petalbot)" "www.cyberdontic.com"
114.119.155.142 - - [16/Sep/2022:01:12:31 -0700] "GET /ce/OSG_files HTTP/1.1" 301 1414 "http://cyberdontic.com/ce" "Mozilla/5.0 (Linux; Android 7.0;) AppleWebKit/537.36 (KHTML, like Gecko) Mobile Safari/537.36 (compatible; PetalBot;+https://webmaster.petalsearch.com/site/petalbot)" "cyberdontic.com"
216.244.66.245 - - [16/Sep/2022:01:13:09 -0700] "GET /robots.txt HTTP/1.1" 404 73 "-" "Mozilla/5.0 (compatible; DotBot/1.2; +https://opensiteexplorer.org/dotbot; help@moz.com)" "www.cyberdontic.com"
216.244.66.245 - - [16/Sep/2022:01:13:09 -0700] "GET /robots.txt HTTP/1.1" 404 73 "-" "Mozilla/5.0 (compatible; DotBot/1.2; +https://opensiteexplorer.org/dotbot; help@moz.com)" "cyberdontic.com"
114.119.155.13 - - [16/Sep/2022:01:17:52 -0700] "GET /CBCT_files?N=D HTTP/1.1" 301 1417 "http://cyberdontic.com/CBCT_files?N=A" "Mozilla/5.0 (Linux; Android 7.0;) AppleWebKit/537.36 (KHTML, like Gecko) Mobile Safari/537.36 (compatible; PetalBot;+https://webmaster.petalsearch.com/site/petalbot)" "cyberdontic.com"
114.119.155.13 - - [16/Sep/2022:01:17:56 -0700] "GET /CBCT_files/?N=D HTTP/1.1" 200 450 "http://cyberdontic.com/CBCT_files?N=A" "Mozilla/5.0 (Linux; Android 7.0;) AppleWebKit/537.36 (KHTML, like Gecko) Mobile Safari/537.36 (compatible; PetalBot;+https://webmaster.petalsearch.com/site/petalbot)" "cyberdontic.com"
