51.222.253.4 - - [16/Sep/2022:01:18:22 -0700] "GET / HTTP/1.1" 200 1104 "-" "Mozilla/5.0 (compatible; AhrefsBot/7.0; +http://ahrefs.com/robot/)" "www.cyberdontic.com"
185.191.171.25 - - [16/Sep/2022:01:20:38 -0700] "GET /robots.txt HTTP/1.1" 404 88 "-" "Mozilla/5.0 (compatible; SemrushBot/7~bl; +http://www.semrush.com/bot.html)" "cyberdontic.com"
185.191.171.43 - - [16/Sep/2022:01:20:38 -0700] "GET /StudyGroups_files/ HTTP/1.1" 200 398 "-" "Mozilla/5.0 (compatible; SemrushBot/7~bl; +http://www.semrush.com/bot.html)" "cyberdontic.com"
114.119.155.118 - - [16/Sep/2022:01:23:10 -0700] "GET /nydds4u?C=M%3BO%3DA HTTP/1.1" 301 1423 "http://www.cyberdontic.com/nydds4u" "Mozilla/5.0 (Linux; Android 7.0;) AppleWebKit/537.36 (KHTML, like Gecko) Mobile Safari/537.36 (compatible; PetalBot;+https://webmaster.petalsearch.com/site/petalbot)" "www.cyberdontic.com"
114.119.155.118 - - [16/Sep/2022:01:23:10 -0700] "GET /nydds4u/?C=M%3BO%3DA HTTP/1.1" 200 314 "http://www.cyberdontic.com/nydds4u" "Mozilla/5.0 (Linux; Android 7.0;) AppleWebKit/537.36 (KHTML, like Gecko) Mobile Safari/537.36 (compatible; PetalBot;+https://webmaster.petalsearch.com/site/petalbot)" "www.cyberdontic.com"
40.77.167.41 - - [16/Sep/2022:01:23:27 -0700] "GET / HTTP/1.1" 200 1104 "-" "Mozilla/5.0 (compatible; bingbot/2.0; +http://www.bing.com/bingbot.htm)" "cyberdontic.com"
114.119.155.118 - - [16/Sep/2022:01:28:35 -0700] "GET /ce/ClinicalOrthodontic_files HTTP/1.1" 301 1421 "http://cyberdontic.com/ce" "Mozilla/5.0 (Linux; Android 7.0;) AppleWebKit/537.36 (KHTML, like Gecko) Mobile Safari/537.36 (compatible; PetalBot;+https://webmaster.petalsearch.com/site/petalbot)" "cyberdontic.com"
114.119.155.118 - - [16/Sep/2022:01:28:36 -0700] "GET /ce/ClinicalOrthodontic_files/ HTTP/1.1" 200 428 "http://cyberdontic.com/ce" "Mozilla/5.0 (Linux; Android 7.0;) AppleWebKit/537.36 (KHTML, like Gecko) Mobile Safari/537.36 (compatible; PetalBot;+https://webmaster.petalsearch.com/site/petalbot)" "cyberdontic.com"
114.119.155.121 - - [16/Sep/2022:01:39:24 -0700] "GET /ce/Feb17_2015_files?C=S%3BO%3DA HTTP/1.1" 301 1432 "http://cyberdontic.com/ce/Feb17_2015_files?N=D" "Mozilla/5.0 (Linux; Android 7.0;) AppleWebKit/537.36 (KHTML, like Gecko) Mobile Safari/537.36 (compatible; PetalBot;+https://webmaster.petalsearch.com/site/petalbot)" "cyberdontic.com"
114.119.155.121 - - [16/Sep/2022:01:39:26 -0700] "GET /ce/Feb17_2015_files/?C=S%3BO%3DA HTTP/1.1" 200 630 "http://cyberdontic.com/ce/Feb17_2015_files?N=D" "Mozilla/5.0 (Linux; Android 7.0;) AppleWebKit/537.36 (KHTML, like Gecko) Mobile Safari/537.36 (compatible; PetalBot;+https://webmaster.petalsearch.com/site/petalbot)" "cyberdontic.com"
114.119.155.13 - - [16/Sep/2022:01:50:40 -0700] "GET /ce/OSG_files?N=A HTTP/1.1" 301 1418 "http://cyberdontic.com/ce/OSG_files?N=D" "Mozilla/5.0 (Linux; Android 7.0;) AppleWebKit/537.36 (KHTML, like Gecko) Mobile Safari/537.36 (compatible; PetalBot;+https://webmaster.petalsearch.com/site/petalbot)" "cyberdontic.com"
114.119.155.13 - - [16/Sep/2022:01:50:58 -0700] "GET /ce/OSG_files/?N=A HTTP/1.1" 200 624 "http://cyberdontic.com/ce/OSG_files?N=D" "Mozilla/5.0 (Linux; Android 7.0;) AppleWebKit/537.36 (KHTML, like Gecko) Mobile Safari/537.36 (compatible; PetalBot;+https://webmaster.petalsearch.com/site/petalbot)" "cyberdontic.com"
46.161.27.155 - - [16/Sep/2022:01:51:57 -0700] "GET /wp-login.php HTTP/1.1" 404 88 "-" "Mozilla/5.0 (Windows NT 10.0; Win64; x64) AppleWebKit/537.36 (KHTML, like Gecko) Chrome/64.0.3282.140 Safari/537.36 Edge/18.17763" "cyberdontic.com"
114.119.155.13 - - [16/Sep/2022:01:55:44 -0700] "GET /ce/Augmentation_files?C=S%3BO%3DA HTTP/1.1" 301 1429 "http://cyberdontic.com/ce/Augmentation_files?D=D" "Mozilla/5.0 (Linux; Android 7.0;) AppleWebKit/537.36 (KHTML, like Gecko) Mobile Safari/537.36 (compatible; PetalBot;+https://webmaster.petalsearch.com/site/petalbot)" "cyberdontic.com"
114.119.155.13 - - [16/Sep/2022:01:55:51 -0700] "GET /ce/Augmentation_files/?C=S%3BO%3DA HTTP/1.1" 200 437 "http://cyberdontic.com/ce/Augmentation_files?D=D" "Mozilla/5.0 (Linux; Android 7.0;) AppleWebKit/537.36 (KHTML, like Gecko) Mobile Safari/537.36 (compatible; PetalBot;+https://webmaster.petalsearch.com/site/petalbot)" "cyberdontic.com"
114.119.155.142 - - [16/Sep/2022:02:01:16 -0700] "GET /ce/StudyGroups_files/?C=D%3BO%3DA HTTP/1.1" 200 403 "http://cyberdontic.com/ce/StudyGroups_files/?C=M%3BO%3DA" "Mozilla/5.0 (Linux; Android 7.0;) AppleWebKit/537.36 (KHTML, like Gecko) Mobile Safari/537.36 (compatible; PetalBot;+https://webmaster.petalsearch.com/site/petalbot)" "cyberdontic.com"
216.244.66.245 - - [16/Sep/2022:02:01:37 -0700] "GET /robots.txt HTTP/1.1" 404 73 "-" "Mozilla/5.0 (compatible; DotBot/1.2; +https://opensiteexplorer.org/dotbot; help@moz.com)" "www.cyberdontic.com"
216.244.66.245 - - [16/Sep/2022:02:01:37 -0700] "GET /robots.txt HTTP/1.1" 404 73 "-" "Mozilla/5.0 (compatible; DotBot/1.2; +https://opensiteexplorer.org/dotbot; help@moz.com)" "cyberdontic.com"
195.191.219.131 - - [16/Sep/2022:02:07:15 -0700] "GET /robots.txt HTTP/1.1" 404 73 "-" "Mozilla/5.0 (compatible; MJ12bot/v1.4.8; http://mj12bot.com/)" "www.cyberdontic.com"
195.191.219.131 - - [16/Sep/2022:02:07:17 -0700] "GET / HTTP/1.1" 200 1104 "-" "Mozilla/5.0 (compatible; MJ12bot/v1.4.8; http://mj12bot.com/)" "www.cyberdontic.com"
114.119.155.118 - - [16/Sep/2022:02:12:08 -0700] "GET /ce/OSG_files/?C=N%3BO%3DD HTTP/1.1" 200 624 "http://cyberdontic.com/ce/OSG_files/" "Mozilla/5.0 (Linux; Android 7.0;) AppleWebKit/537.36 (KHTML, like Gecko) Mobile Safari/537.36 (compatible; PetalBot;+https://webmaster.petalsearch.com/site/petalbot)" "cyberdontic.com"
51.222.253.17 - - [16/Sep/2022:02:12:34 -0700] "GET / HTTP/1.1" 200 1104 "-" "Mozilla/5.0 (compatible; AhrefsBot/7.0; +http://ahrefs.com/robot/)" "cyberdontic.com"
114.119.155.13 - - [16/Sep/2022:02:17:41 -0700] "GET /nydds4u?M=D HTTP/1.1" 301 1412 "http://cyberdontic.com/nydds4u?M=A" "Mozilla/5.0 (Linux; Android 7.0;) AppleWebKit/537.36 (KHTML, like Gecko) Mobile Safari/537.36 (compatible; PetalBot;+https://webmaster.petalsearch.com/site/petalbot)" "cyberdontic.com"
114.119.155.13 - - [16/Sep/2022:02:17:41 -0700] "GET /nydds4u/?M=D HTTP/1.1" 200 314 "http://cyberdontic.com/nydds4u?M=A" "Mozilla/5.0 (Linux; Android 7.0;) AppleWebKit/537.36 (KHTML, like Gecko) Mobile Safari/537.36 (compatible; PetalBot;+https://webmaster.petalsearch.com/site/petalbot)" "cyberdontic.com"
185.191.171.22 - - [16/Sep/2022:02:18:12 -0700] "GET /BISG/ HTTP/1.1" 200 415 "-" "Mozilla/5.0 (compatible; SemrushBot/7~bl; +http://www.semrush.com/bot.html)" "cyberdontic.com"
114.119.155.126 - - [16/Sep/2022:02:23:15 -0700] "GET /4urbraces/ HTTP/1.1" 200 315 "https://cyberdontic.com?C=S%3BO%3DA" "Mozilla/5.0 (Linux; Android 7.0;) AppleWebKit/537.36 (KHTML, like Gecko) Mobile Safari/537.36 (compatible; PetalBot;+https://webmaster.petalsearch.com/site/petalbot)" "cyberdontic.com"
51.222.253.7 - - [16/Sep/2022:02:27:15 -0700] "GET /sound/ HTTP/1.1" 200 444 "-" "Mozilla/5.0 (compatible; AhrefsBot/7.0; +http://ahrefs.com/robot/)" "www.cyberdontic.com"
114.119.138.235 - - [16/Sep/2022:02:28:21 -0700] "GET /robots.txt HTTP/1.1" 404 88 "-" "Mozilla/5.0 (compatible;PetalBot;+https://webmaster.petalsearch.com/site/petalbot)" "www.cyberdontic.com"
185.191.171.5 - - [16/Sep/2022:02:31:45 -0700] "GET /robots.txt HTTP/1.1" 404 88 "-" "Mozilla/5.0 (compatible; SemrushBot/7~bl; +http://www.semrush.com/bot.html)" "cyberdontic.com"
185.191.171.1 - - [16/Sep/2022:02:31:45 -0700] "GET /ce/OSG.htm HTTP/1.1" 200 3535 "-" "Mozilla/5.0 (compatible; SemrushBot/7~bl; +http://www.semrush.com/bot.html)" "cyberdontic.com"
185.191.171.36 - - [16/Sep/2022:02:32:25 -0700] "GET /ingps.htm HTTP/1.1" 200 20 "-" "Mozilla/5.0 (compatible; SemrushBot/7~bl; +http://www.semrush.com/bot.html)" "cyberdontic.com"
114.119.155.126 - - [16/Sep/2022:02:34:21 -0700] "GET /ce/ClinicalOrthodontic_files/?C=N%3BO%3DD HTTP/1.1" 200 428 "http://www.cyberdontic.com/ce/ClinicalOrthodontic_files?C=M%3BO%3DA" "Mozilla/5.0 (Linux; Android 7.0;) AppleWebKit/537.36 (KHTML, like Gecko) Mobile Safari/537.36 (compatible; PetalBot;+https://webmaster.petalsearch.com/site/petalbot)" "www.cyberdontic.com"
114.119.155.122 - - [16/Sep/2022:02:39:56 -0700] "GET /BISG/nyu.html HTTP/1.1" 200 300 "https://cyberdontic.com/BISG/" "Mozilla/5.0 (Linux; Android 7.0;) AppleWebKit/537.36 (KHTML, like Gecko) Mobile Safari/537.36 (compatible; PetalBot;+https://webmaster.petalsearch.com/site/petalbot)" "cyberdontic.com"
51.222.253.9 - - [16/Sep/2022:02:42:07 -0700] "GET /StudyGroups_files/?C=S;O=A HTTP/1.1" 200 398 "-" "Mozilla/5.0 (compatible; AhrefsBot/7.0; +http://ahrefs.com/robot/)" "cyberdontic.com"
114.119.155.126 - - [16/Sep/2022:02:45:32 -0700] "GET /newpage13.htm HTTP/1.1" 200 20 "https://www.cyberdontic.com?C=D%3BO%3DA" "Mozilla/5.0 (Linux; Android 7.0;) AppleWebKit/537.36 (KHTML, like Gecko) Mobile Safari/537.36 (compatible; PetalBot;+https://webmaster.petalsearch.com/site/petalbot)" "www.cyberdontic.com"
51.222.253.17 - - [16/Sep/2022:02:56:36 -0700] "GET /StudyGroups_files/?C=D;O=A HTTP/1.1" 200 398 "-" "Mozilla/5.0 (compatible; AhrefsBot/7.0; +http://ahrefs.com/robot/)" "cyberdontic.com"
216.244.66.245 - - [16/Sep/2022:02:59:14 -0700] "GET /robots.txt HTTP/1.1" 404 73 "-" "Mozilla/5.0 (compatible; DotBot/1.2; +https://opensiteexplorer.org/dotbot; help@moz.com)" "cyberdontic.com"
216.244.66.245 - - [16/Sep/2022:02:59:16 -0700] "GET /robots.txt HTTP/1.1" 404 73 "-" "Mozilla/5.0 (compatible; DotBot/1.2; +https://opensiteexplorer.org/dotbot; help@moz.com)" "www.cyberdontic.com"
51.222.253.3 - - [16/Sep/2022:03:10:26 -0700] "GET /StudyGroups_files/?C=M;O=A HTTP/1.1" 200 399 "-" "Mozilla/5.0 (compatible; AhrefsBot/7.0; +http://ahrefs.com/robot/)" "cyberdontic.com"
185.191.171.26 - - [16/Sep/2022:03:17:11 -0700] "GET /?C=S%3BO%3DA HTTP/1.1" 200 1104 "-" "Mozilla/5.0 (compatible; SemrushBot/7~bl; +http://www.semrush.com/bot.html)" "cyberdontic.com"
54.36.148.235 - - [16/Sep/2022:03:20:03 -0700] "GET /robots.txt HTTP/1.1" 404 88 "-" "Mozilla/5.0 (compatible; AhrefsBot/7.0; +http://ahrefs.com/robot/)" "www.cyberdontic.com"
51.222.253.13 - - [16/Sep/2022:03:20:03 -0700] "GET / HTTP/1.1" 200 1104 "-" "Mozilla/5.0 (compatible; AhrefsBot/7.0; +http://ahrefs.com/robot/)" "www.cyberdontic.com"
51.222.253.10 - - [16/Sep/2022:03:34:35 -0700] "GET / HTTP/1.1" 200 1104 "-" "Mozilla/5.0 (compatible; AhrefsBot/7.0; +http://ahrefs.com/robot/)" "cyberdontic.com"
51.222.253.7 - - [16/Sep/2022:03:48:23 -0700] "GET /videoconference.htm HTTP/1.1" 200 20 "-" "Mozilla/5.0 (compatible; AhrefsBot/7.0; +http://ahrefs.com/robot/)" "cyberdontic.com"
185.191.171.3 - - [16/Sep/2022:03:50:52 -0700] "GET /robots.txt HTTP/1.1" 404 88 "-" "Mozilla/5.0 (compatible; SemrushBot/7~bl; +http://www.semrush.com/bot.html)" "cyberdontic.com"
185.191.171.23 - - [16/Sep/2022:03:50:53 -0700] "GET /disc1_toc.htm HTTP/1.1" 200 20 "-" "Mozilla/5.0 (compatible; SemrushBot/7~bl; +http://www.semrush.com/bot.html)" "cyberdontic.com"
216.244.66.245 - - [16/Sep/2022:03:54:59 -0700] "GET /robots.txt HTTP/1.1" 404 73 "-" "Mozilla/5.0 (compatible; DotBot/1.2; +https://opensiteexplorer.org/dotbot; help@moz.com)" "www.cyberdontic.com"
216.244.66.245 - - [16/Sep/2022:03:54:59 -0700] "GET /robots.txt HTTP/1.1" 404 73 "-" "Mozilla/5.0 (compatible; DotBot/1.2; +https://opensiteexplorer.org/dotbot; help@moz.com)" "cyberdontic.com"
51.222.253.9 - - [16/Sep/2022:04:02:08 -0700] "GET /videoconference.htm HTTP/1.1" 200 20 "-" "Mozilla/5.0 (compatible; AhrefsBot/7.0; +http://ahrefs.com/robot/)" "www.cyberdontic.com"
5.255.253.181 - - [16/Sep/2022:04:25:11 -0700] "GET /robots.txt HTTP/1.1" 404 73 "-" "Mozilla/5.0 (compatible; YandexBot/3.0; +http://yandex.com/bots)" "cyberdontic.com"
5.255.253.181 - - [16/Sep/2022:04:25:15 -0700] "GET /ce/BISG_files/?C=S;O=A HTTP/1.1" 200 649 "-" "Mozilla/5.0 (compatible; YandexBot/3.0; +http://yandex.com/bots)" "cyberdontic.com"
65.109.26.42 - - [16/Sep/2022:04:28:36 -0700] "GET /robots.txt HTTP/1.1" 404 73 "-" "Mozilla/5.0 (compatible; MJ12bot/v1.4.8; http://mj12bot.com/)" "www.cyberdontic.com"
65.109.26.42 - - [16/Sep/2022:04:28:39 -0700] "GET /ce/ HTTP/1.1" 200 1260 "-" "Mozilla/5.0 (compatible; MJ12bot/v1.4.8; http://mj12bot.com/)" "www.cyberdontic.com"
114.119.155.121 - - [16/Sep/2022:04:43:59 -0700] "GET /Spanish?S=D HTTP/1.1" 301 1416 "https://cyberdontic.com/Spanish?S=A" "Mozilla/5.0 (Linux; Android 7.0;) AppleWebKit/537.36 (KHTML, like Gecko) Mobile Safari/537.36 (compatible; PetalBot;+https://webmaster.petalsearch.com/site/petalbot)" "cyberdontic.com"
114.119.155.121 - - [16/Sep/2022:04:44:14 -0700] "GET /Spanish/?S=D HTTP/1.1" 200 642 "https://cyberdontic.com/Spanish?S=A" "Mozilla/5.0 (Linux; Android 7.0;) AppleWebKit/537.36 (KHTML, like Gecko) Mobile Safari/537.36 (compatible; PetalBot;+https://webmaster.petalsearch.com/site/petalbot)" "cyberdontic.com"
61.135.159.165 - - [16/Sep/2022:04:45:09 -0700] "GET / HTTP/1.1" 200 1104 "-" "Sogou web spider/4.0(+http://www.sogou.com/docs/help/webmasters.htm#07)" "cyberdontic.com"
216.244.66.245 - - [16/Sep/2022:04:47:57 -0700] "GET /robots.txt HTTP/1.1" 404 73 "-" "Mozilla/5.0 (compatible; DotBot/1.2; +https://opensiteexplorer.org/dotbot; help@moz.com)" "www.cyberdontic.com"
216.244.66.245 - - [16/Sep/2022:04:47:57 -0700] "GET /robots.txt HTTP/1.1" 404 73 "-" "Mozilla/5.0 (compatible; DotBot/1.2; +https://opensiteexplorer.org/dotbot; help@moz.com)" "cyberdontic.com"
51.222.253.17 - - [16/Sep/2022:04:51:12 -0700] "GET /OSG/?C=N;O=A HTTP/1.1" 200 429 "-" "Mozilla/5.0 (compatible; AhrefsBot/7.0; +http://ahrefs.com/robot/)" "cyberdontic.com"
114.119.155.13 - - [16/Sep/2022:04:55:58 -0700] "GET /ce/OSG_files/?C=M%3BO%3DA HTTP/1.1" 200 624 "http://cyberdontic.com/ce/OSG_files/" "Mozilla/5.0 (Linux; Android 7.0;) AppleWebKit/537.36 (KHTML, like Gecko) Mobile Safari/537.36 (compatible; PetalBot;+https://webmaster.petalsearch.com/site/petalbot)" "cyberdontic.com"
114.119.155.126 - - [16/Sep/2022:05:01:13 -0700] "GET /ce/OSG_files?C=D%3BO%3DA HTTP/1.1" 301 1429 "http://www.cyberdontic.com/ce/OSG_files?C=M%3BO%3DA" "Mozilla/5.0 (Linux; Android 7.0;) AppleWebKit/537.36 (KHTML, like Gecko) Mobile Safari/537.36 (compatible; PetalBot;+https://webmaster.petalsearch.com/site/petalbot)" "www.cyberdontic.com"
114.119.155.126 - - [16/Sep/2022:05:01:23 -0700] "GET /ce/OSG_files/?C=D%3BO%3DA HTTP/1.1" 200 624 "http://www.cyberdontic.com/ce/OSG_files?C=M%3BO%3DA" "Mozilla/5.0 (Linux; Android 7.0;) AppleWebKit/537.36 (KHTML, like Gecko) Mobile Safari/537.36 (compatible; PetalBot;+https://webmaster.petalsearch.com/site/petalbot)" "www.cyberdontic.com"
181.215.178.225 - - [16/Sep/2022:05:02:11 -0700] "HEAD /adminer.php HTTP/1.1" 404 - "-" "curl/7.58.0" "www.cyberdontic.com"
181.215.178.225 - - [16/Sep/2022:05:02:11 -0700] "GET /adminer.php HTTP/1.1" 404 73 "-" "curl/7.58.0" "www.cyberdontic.com"
51.222.253.5 - - [16/Sep/2022:05:11:27 -0700] "GET /StudyGroups_files/?C=N;O=A HTTP/1.1" 200 398 "-" "Mozilla/5.0 (compatible; AhrefsBot/7.0; +http://ahrefs.com/robot/)" "cyberdontic.com"
114.119.155.122 - - [16/Sep/2022:05:12:14 -0700] "GET /BISG/implant_failures.swf HTTP/1.1" 200 1416872 "http://cyberdontic.com/BISG/" "Mozilla/5.0 (Linux; Android 7.0;) AppleWebKit/537.36 (KHTML, like Gecko) Mobile Safari/537.36 (compatible; PetalBot;+https://webmaster.petalsearch.com/site/petalbot)" "cyberdontic.com"
5.102.173.71 - - [16/Sep/2022:05:15:19 -0700] "GET /robots.txt HTTP/1.1" 404 88 "-" "Mozilla/5.0 (compatible; MojeekBot/0.11; +https://www.mojeek.com/bot.html)" "www.cyberdontic.com"
5.102.173.71 - - [16/Sep/2022:05:15:19 -0700] "GET /ce/ClinicalOrthodontic_files/?C=M;O=A HTTP/1.1" 200 428 "-" "Mozilla/5.0 (compatible; MojeekBot/0.11; +https://www.mojeek.com/bot.html)" "www.cyberdontic.com"
35.227.106.69 - - [16/Sep/2022:05:17:06 -0700] "GET /robots.txt HTTP/1.1" 404 88 "-" "ZoominfoBot (zoominfobot at zoominfo dot com)" "www.cyberdontic.com"
35.227.106.69 - - [16/Sep/2022:05:17:06 -0700] "GET / HTTP/1.1" 200 1104 "-" "ZoominfoBot (zoominfobot at zoominfo dot com)" "www.cyberdontic.com"
49.7.20.155 - - [16/Sep/2022:05:19:29 -0700] "GET / HTTP/1.1" 200 1104 "-" "Sogou web spider/4.0(+http://www.sogou.com/docs/help/webmasters.htm#07)" "www.cyberdontic.com"
114.119.155.142 - - [16/Sep/2022:05:29:12 -0700] "GET /ce/CBCT_files?N=A HTTP/1.1" 301 1419 "http://cyberdontic.com/ce/CBCT_files?S=A" "Mozilla/5.0 (Linux; Android 7.0;) AppleWebKit/537.36 (KHTML, like Gecko) Mobile Safari/537.36 (compatible; PetalBot;+https://webmaster.petalsearch.com/site/petalbot)" "cyberdontic.com"
114.119.155.142 - - [16/Sep/2022:05:29:13 -0700] "GET /ce/CBCT_files/?N=A HTTP/1.1" 200 454 "http://cyberdontic.com/ce/CBCT_files?S=A" "Mozilla/5.0 (Linux; Android 7.0;) AppleWebKit/537.36 (KHTML, like Gecko) Mobile Safari/537.36 (compatible; PetalBot;+https://webmaster.petalsearch.com/site/petalbot)" "cyberdontic.com"
51.222.253.18 - - [16/Sep/2022:05:34:10 -0700] "GET /?C=D;O=D HTTP/1.1" 200 1101 "-" "Mozilla/5.0 (compatible; AhrefsBot/7.0; +http://ahrefs.com/robot/)" "cyberdontic.com"
114.119.155.142 - - [16/Sep/2022:05:34:59 -0700] "GET /ce/Feb17_2015_files?M=A HTTP/1.1" 301 1423 "http://cyberdontic.com/ce/Feb17_2015_files?N=D" "Mozilla/5.0 (Linux; Android 7.0;) AppleWebKit/537.36 (KHTML, like Gecko) Mobile Safari/537.36 (compatible; PetalBot;+https://webmaster.petalsearch.com/site/petalbot)" "cyberdontic.com"
114.119.155.142 - - [16/Sep/2022:05:35:00 -0700] "GET /ce/Feb17_2015_files/?M=A HTTP/1.1" 200 630 "http://cyberdontic.com/ce/Feb17_2015_files?N=D" "Mozilla/5.0 (Linux; Android 7.0;) AppleWebKit/537.36 (KHTML, like Gecko) Mobile Safari/537.36 (compatible; PetalBot;+https://webmaster.petalsearch.com/site/petalbot)" "cyberdontic.com"
114.119.155.126 - - [16/Sep/2022:05:40:45 -0700] "GET /BISG_files?D=D HTTP/1.1" 301 1422 "http://cyberdontic.com/BISG_files?D=A" "Mozilla/5.0 (Linux; Android 7.0;) AppleWebKit/537.36 (KHTML, like Gecko) Mobile Safari/537.36 (compatible; PetalBot;+https://webmaster.petalsearch.com/site/petalbot)" "cyberdontic.com"
114.119.155.126 - - [16/Sep/2022:05:40:51 -0700] "GET /BISG_files/?D=D HTTP/1.1" 200 446 "http://cyberdontic.com/BISG_files?D=A" "Mozilla/5.0 (Linux; Android 7.0;) AppleWebKit/537.36 (KHTML, like Gecko) Mobile Safari/537.36 (compatible; PetalBot;+https://webmaster.petalsearch.com/site/petalbot)" "cyberdontic.com"
18.237.158.231 - - [16/Sep/2022:05:42:05 -0700] "GET / HTTP/1.1" 200 1104 "-" "Mozilla/5.0 (X11; Linux x86_64) AppleWebKit/537.36 (KHTML, like Gecko) Chrome/83.0.4103.97 Safari/537.36" "cyberdontic.com"
52.88.95.107 - - [16/Sep/2022:05:42:37 -0700] "GET /favicon.ico HTTP/1.1" 404 88 "-" "Mozilla/5.0 (X11; Linux x86_64) AppleWebKit/537.36 (KHTML, like Gecko) Chrome/83.0.4103.97 Safari/537.36" "cyberdontic.com"
52.88.95.107 - - [16/Sep/2022:05:42:39 -0700] "GET / HTTP/1.1" 200 1104 "-" "Mozilla/5.0 (X11; Linux x86_64) AppleWebKit/537.36 (KHTML, like Gecko) Chrome/83.0.4103.97 Safari/537.36" "cyberdontic.com"
114.119.155.13 - - [16/Sep/2022:05:46:50 -0700] "GET /ce/ClinicalOrthodontic_files?N=A HTTP/1.1" 301 1425 "http://cyberdontic.com/ce/ClinicalOrthodontic_files?M=A" "Mozilla/5.0 (Linux; Android 7.0;) AppleWebKit/537.36 (KHTML, like Gecko) Mobile Safari/537.36 (compatible; PetalBot;+https://webmaster.petalsearch.com/site/petalbot)" "cyberdontic.com"
114.119.155.13 - - [16/Sep/2022:05:46:54 -0700] "GET /ce/ClinicalOrthodontic_files/?N=A HTTP/1.1" 200 428 "http://cyberdontic.com/ce/ClinicalOrthodontic_files?M=A" "Mozilla/5.0 (Linux; Android 7.0;) AppleWebKit/537.36 (KHTML, like Gecko) Mobile Safari/537.36 (compatible; PetalBot;+https://webmaster.petalsearch.com/site/petalbot)" "cyberdontic.com"
185.191.171.2 - - [16/Sep/2022:05:51:15 -0700] "GET /robots.txt HTTP/1.1" 404 88 "-" "Mozilla/5.0 (compatible; SemrushBot/7~bl; +http://www.semrush.com/bot.html)" "cyberdontic.com"
185.191.171.17 - - [16/Sep/2022:05:51:15 -0700] "GET /OSG/ HTTP/1.1" 200 429 "-" "Mozilla/5.0 (compatible; SemrushBot/7~bl; +http://www.semrush.com/bot.html)" "cyberdontic.com"
114.119.155.13 - - [16/Sep/2022:05:51:58 -0700] "GET /ce/CBCT_files/?C=D%3BO%3DA HTTP/1.1" 200 454 "http://www.cyberdontic.com/ce/CBCT_files/?C=N%3BO%3DD" "Mozilla/5.0 (Linux; Android 7.0;) AppleWebKit/537.36 (KHTML, like Gecko) Mobile Safari/537.36 (compatible; PetalBot;+https://webmaster.petalsearch.com/site/petalbot)" "www.cyberdontic.com"
35.89.101.213 - - [16/Sep/2022:05:55:20 -0700] "GET / HTTP/1.1" 200 1104 "-" "Mozilla/5.0 (X11; Linux x86_64) AppleWebKit/537.36 (KHTML, like Gecko) Chrome/83.0.4103.97 Safari/537.36" "cyberdontic.com"
35.85.217.201 - - [16/Sep/2022:05:55:30 -0700] "GET /favicon.ico HTTP/1.1" 404 88 "-" "Mozilla/5.0 (X11; Linux x86_64) AppleWebKit/537.36 (KHTML, like Gecko) Chrome/83.0.4103.97 Safari/537.36" "cyberdontic.com"
35.85.217.201 - - [16/Sep/2022:05:55:30 -0700] "GET / HTTP/1.1" 200 1104 "-" "Mozilla/5.0 (X11; Linux x86_64) AppleWebKit/537.36 (KHTML, like Gecko) Chrome/83.0.4103.97 Safari/537.36" "cyberdontic.com"
114.119.155.13 - - [16/Sep/2022:05:57:36 -0700] "GET /ce/Webinar_Select_files/Thumbs.db HTTP/1.1" 200 8704 "http://cyberdontic.com/ce/Webinar_Select_files?C=D%3BO%3DA" "Mozilla/5.0 (Linux; Android 7.0;) AppleWebKit/537.36 (KHTML, like Gecko) Mobile Safari/537.36 (compatible; PetalBot;+https://webmaster.petalsearch.com/site/petalbot)" "cyberdontic.com"
114.119.155.122 - - [16/Sep/2022:06:03:21 -0700] "GET /CBCT_files HTTP/1.1" 301 1412 "http://cyberdontic.com" "Mozilla/5.0 (Linux; Android 7.0;) AppleWebKit/537.36 (KHTML, like Gecko) Mobile Safari/537.36 (compatible; PetalBot;+https://webmaster.petalsearch.com/site/petalbot)" "cyberdontic.com"
114.119.155.122 - - [16/Sep/2022:06:03:22 -0700] "GET /CBCT_files/ HTTP/1.1" 200 450 "http://cyberdontic.com" "Mozilla/5.0 (Linux; Android 7.0;) AppleWebKit/537.36 (KHTML, like Gecko) Mobile Safari/537.36 (compatible; PetalBot;+https://webmaster.petalsearch.com/site/petalbot)" "cyberdontic.com"
185.191.171.5 - - [16/Sep/2022:06:04:05 -0700] "GET /lcpre.htm HTTP/1.1" 200 20 "-" "Mozilla/5.0 (compatible; SemrushBot/7~bl; +http://www.semrush.com/bot.html)" "cyberdontic.com"
114.119.155.13 - - [16/Sep/2022:06:13:05 -0700] "GET /OSG/_vti_cnf/?C=M%3BO%3DA HTTP/1.1" 200 388 "http://cyberdontic.com/OSG/_vti_cnf?S=D" "Mozilla/5.0 (Linux; Android 7.0;) AppleWebKit/537.36 (KHTML, like Gecko) Mobile Safari/537.36 (compatible; PetalBot;+https://webmaster.petalsearch.com/site/petalbot)" "cyberdontic.com"
114.119.155.13 - - [16/Sep/2022:06:14:59 -0700] "GET /Spanish/_derived/_vti_cnf?C=M%3BO%3DA HTTP/1.1" 301 1440 "https://cyberdontic.com/Spanish/_derived/_vti_cnf?M=D" "Mozilla/5.0 (Linux; Android 7.0;) AppleWebKit/537.36 (KHTML, like Gecko) Mobile Safari/537.36 (compatible; PetalBot;+https://webmaster.petalsearch.com/site/petalbot)" "cyberdontic.com"
114.119.155.13 - - [16/Sep/2022:06:15:07 -0700] "GET /Spanish/_derived/_vti_cnf/?C=M%3BO%3DA HTTP/1.1" 200 402 "https://cyberdontic.com/Spanish/_derived/_vti_cnf?M=D" "Mozilla/5.0 (Linux; Android 7.0;) AppleWebKit/537.36 (KHTML, like Gecko) Mobile Safari/537.36 (compatible; PetalBot;+https://webmaster.petalsearch.com/site/petalbot)" "cyberdontic.com"
54.214.131.77 - - [16/Sep/2022:06:15:30 -0700] "GET / HTTP/1.1" 200 1104 "-" "Mozilla/5.0 (X11; Linux x86_64) AppleWebKit/537.36 (KHTML, like Gecko) Chrome/83.0.4103.97 Safari/537.36" "cyberdontic.com"
35.160.1.38 - - [16/Sep/2022:06:16:07 -0700] "GET /favicon.ico HTTP/1.1" 404 88 "-" "Mozilla/5.0 (X11; Linux x86_64) AppleWebKit/537.36 (KHTML, like Gecko) Chrome/83.0.4103.97 Safari/537.36" "cyberdontic.com"
35.160.1.38 - - [16/Sep/2022:06:16:09 -0700] "GET / HTTP/1.1" 200 1104 "-" "Mozilla/5.0 (X11; Linux x86_64) AppleWebKit/537.36 (KHTML, like Gecko) Chrome/83.0.4103.97 Safari/537.36" "cyberdontic.com"
142.4.219.64 - - [16/Sep/2022:06:16:44 -0700] "GET /PriceList.htm HTTP/1.1" 404 88 "-" "Mozilla/5.0 (compatible; MJ12bot/v1.4.8; http://mj12bot.com/)" "cyberdontic.com"
142.4.219.64 - - [16/Sep/2022:06:16:45 -0700] "GET /ce/education5_files/Thumbs.db HTTP/1.1" 200 31744 "-" "Mozilla/5.0 (compatible; MJ12bot/v1.4.8; http://mj12bot.com/)" "cyberdontic.com"
142.4.219.64 - - [16/Sep/2022:06:16:47 -0700] "GET /ce/register_files/Thumbs.db HTTP/1.1" 200 8704 "-" "Mozilla/5.0 (compatible; MJ12bot/v1.4.8; http://mj12bot.com/)" "cyberdontic.com"
142.4.219.64 - - [16/Sep/2022:06:16:49 -0700] "GET /orthodiagnosis/images/pages/Space%20Analysis_jpg.htm HTTP/1.1" 404 88 "-" "Mozilla/5.0 (compatible; MJ12bot/v1.4.8; http://mj12bot.com/)" "cyberdontic.com"
142.4.219.64 - - [16/Sep/2022:06:16:50 -0700] "GET /products.htm HTTP/1.1" 404 88 "-" "Mozilla/5.0 (compatible; MJ12bot/v1.4.8; http://mj12bot.com/)" "cyberdontic.com"
114.119.155.118 - - [16/Sep/2022:06:20:23 -0700] "GET /ce/MultiPhase_files?D=A HTTP/1.1" 301 1421 "http://cyberdontic.com/ce/MultiPhase_files" "Mozilla/5.0 (Linux; Android 7.0;) AppleWebKit/537.36 (KHTML, like Gecko) Mobile Safari/537.36 (compatible; PetalBot;+https://webmaster.petalsearch.com/site/petalbot)" "cyberdontic.com"
114.119.155.118 - - [16/Sep/2022:06:20:24 -0700] "GET /ce/MultiPhase_files/?D=A HTTP/1.1" 200 434 "http://cyberdontic.com/ce/MultiPhase_files" "Mozilla/5.0 (Linux; Android 7.0;) AppleWebKit/537.36 (KHTML, like Gecko) Mobile Safari/537.36 (compatible; PetalBot;+https://webmaster.petalsearch.com/site/petalbot)" "cyberdontic.com"
40.77.167.98 - - [16/Sep/2022:06:22:54 -0700] "GET /robots.txt HTTP/1.1" 404 88 "-" "Mozilla/5.0 (compatible; bingbot/2.0; +http://www.bing.com/bingbot.htm)" "www.cyberdontic.com"
40.77.167.98 - - [16/Sep/2022:06:22:54 -0700] "GET /robots.txt HTTP/1.1" 404 88 "-" "Mozilla/5.0 (compatible; bingbot/2.0; +http://www.bing.com/bingbot.htm)" "www.cyberdontic.com"
40.77.167.44 - - [16/Sep/2022:06:23:06 -0700] "GET / HTTP/1.1" 200 1104 "-" "Mozilla/5.0 (compatible; bingbot/2.0; +http://www.bing.com/bingbot.htm)" "www.cyberdontic.com"
114.119.155.121 - - [16/Sep/2022:06:26:13 -0700] "GET /ce/Feb17_2015_files/?C=M%3BO%3DA HTTP/1.1" 200 630 "http://www.cyberdontic.com/ce/Feb17_2015_files?C=M%3BO%3DA" "Mozilla/5.0 (Linux; Android 7.0;) AppleWebKit/537.36 (KHTML, like Gecko) Mobile Safari/537.36 (compatible; PetalBot;+https://webmaster.petalsearch.com/site/petalbot)" "www.cyberdontic.com"
114.119.155.126 - - [16/Sep/2022:06:32:23 -0700] "GET /ce/ImmediatePlacement_files/?C=D%3BO%3DA HTTP/1.1" 200 566 "http://www.cyberdontic.com/ce/ImmediatePlacement_files?C=N%3BO%3DD" "Mozilla/5.0 (Linux; Android 7.0;) AppleWebKit/537.36 (KHTML, like Gecko) Mobile Safari/537.36 (compatible; PetalBot;+https://webmaster.petalsearch.com/site/petalbot)" "www.cyberdontic.com"
216.244.66.245 - - [16/Sep/2022:06:32:23 -0700] "GET /robots.txt HTTP/1.1" 404 73 "-" "Mozilla/5.0 (compatible; DotBot/1.2; +https://opensiteexplorer.org/dotbot; help@moz.com)" "cyberdontic.com"
216.244.66.245 - - [16/Sep/2022:06:32:23 -0700] "GET /robots.txt HTTP/1.1" 404 73 "-" "Mozilla/5.0 (compatible; DotBot/1.2; +https://opensiteexplorer.org/dotbot; help@moz.com)" "www.cyberdontic.com"
5.102.173.71 - - [16/Sep/2022:06:33:08 -0700] "GET /robots.txt HTTP/1.1" 404 88 "-" "Mozilla/5.0 (compatible; MojeekBot/0.11; +https://www.mojeek.com/bot.html)" "www.cyberdontic.com"
5.102.173.71 - - [16/Sep/2022:06:33:08 -0700] "GET /ce/ClinicalOrthodontic_files/?C=N;O=A HTTP/1.1" 200 428 "-" "Mozilla/5.0 (compatible; MojeekBot/0.11; +https://www.mojeek.com/bot.html)" "www.cyberdontic.com"
185.191.171.9 - - [16/Sep/2022:06:33:52 -0700] "GET /SS/ HTTP/1.1" 200 492 "-" "Mozilla/5.0 (compatible; SemrushBot/7~bl; +http://www.semrush.com/bot.html)" "cyberdontic.com"
40.77.167.44 - - [16/Sep/2022:06:35:48 -0700] "GET / HTTP/1.1" 200 1104 "-" "Mozilla/5.0 (compatible; bingbot/2.0; +http://www.bing.com/bingbot.htm)" "cyberdontic.com"
114.119.155.13 - - [16/Sep/2022:06:37:46 -0700] "GET /sound/_vti_cnf?S=A HTTP/1.1" 301 1422 "http://cyberdontic.com/sound/_vti_cnf?N=D" "Mozilla/5.0 (Linux; Android 7.0;) AppleWebKit/537.36 (KHTML, like Gecko) Mobile Safari/537.36 (compatible; PetalBot;+https://webmaster.petalsearch.com/site/petalbot)" "cyberdontic.com"
114.119.155.13 - - [16/Sep/2022:06:37:48 -0700] "GET /sound/_vti_cnf/?S=A HTTP/1.1" 200 388 "http://cyberdontic.com/sound/_vti_cnf?N=D" "Mozilla/5.0 (Linux; Android 7.0;) AppleWebKit/537.36 (KHTML, like Gecko) Mobile Safari/537.36 (compatible; PetalBot;+https://webmaster.petalsearch.com/site/petalbot)" "cyberdontic.com"
5.102.173.71 - - [16/Sep/2022:06:38:30 -0700] "GET /robots.txt HTTP/1.1" 404 88 "-" "Mozilla/5.0 (compatible; MojeekBot/0.11; +https://www.mojeek.com/bot.html)" "www.cyberdontic.com"
5.102.173.71 - - [16/Sep/2022:06:38:30 -0700] "GET /ce/ClinicalOrthodontic_files/?C=M;O=D HTTP/1.1" 200 427 "-" "Mozilla/5.0 (compatible; MojeekBot/0.11; +https://www.mojeek.com/bot.html)" "www.cyberdontic.com"
114.119.155.122 - - [16/Sep/2022:06:43:41 -0700] "GET /SS/_vti_cnf?D=D HTTP/1.1" 301 1421 "http://cyberdontic.com/SS/_vti_cnf?D=A" "Mozilla/5.0 (Linux; Android 7.0;) AppleWebKit/537.36 (KHTML, like Gecko) Mobile Safari/537.36 (compatible; PetalBot;+https://webmaster.petalsearch.com/site/petalbot)" "cyberdontic.com"
114.119.155.122 - - [16/Sep/2022:06:43:43 -0700] "GET /SS/_vti_cnf/?D=D HTTP/1.1" 200 465 "http://cyberdontic.com/SS/_vti_cnf?D=A" "Mozilla/5.0 (Linux; Android 7.0;) AppleWebKit/537.36 (KHTML, like Gecko) Mobile Safari/537.36 (compatible; PetalBot;+https://webmaster.petalsearch.com/site/petalbot)" "cyberdontic.com"
114.119.155.13 - - [16/Sep/2022:06:50:26 -0700] "GET /StudyGroups_files?S=D HTTP/1.1" 301 1425 "http://cyberdontic.com/StudyGroups_files?S=A" "Mozilla/5.0 (Linux; Android 7.0;) AppleWebKit/537.36 (KHTML, like Gecko) Mobile Safari/537.36 (compatible; PetalBot;+https://webmaster.petalsearch.com/site/petalbot)" "cyberdontic.com"
114.119.155.13 - - [16/Sep/2022:06:50:39 -0700] "GET /StudyGroups_files/?S=D HTTP/1.1" 200 398 "http://cyberdontic.com/StudyGroups_files?S=A" "Mozilla/5.0 (Linux; Android 7.0;) AppleWebKit/537.36 (KHTML, like Gecko) Mobile Safari/537.36 (compatible; PetalBot;+https://webmaster.petalsearch.com/site/petalbot)" "cyberdontic.com"
114.119.155.13 - - [16/Sep/2022:06:54:59 -0700] "GET /?C=N%3BO%3DD HTTP/1.1" 200 1104 "https://www.cyberdontic.com?C=D%3BO%3DA" "Mozilla/5.0 (Linux; Android 7.0;) AppleWebKit/537.36 (KHTML, like Gecko) Mobile Safari/537.36 (compatible; PetalBot;+https://webmaster.petalsearch.com/site/petalbot)" "www.cyberdontic.com"
185.191.171.19 - - [16/Sep/2022:06:57:07 -0700] "GET /robots.txt HTTP/1.1" 404 88 "-" "Mozilla/5.0 (compatible; SemrushBot/7~bl; +http://www.semrush.com/bot.html)" "cyberdontic.com"
185.191.171.41 - - [16/Sep/2022:06:57:07 -0700] "GET /orthocd.htm HTTP/1.1" 200 20 "-" "Mozilla/5.0 (compatible; SemrushBot/7~bl; +http://www.semrush.com/bot.html)" "cyberdontic.com"
114.119.155.13 - - [16/Sep/2022:07:00:59 -0700] "GET /SS/_vti_cnf?C=D%3BO%3DA HTTP/1.1" 301 1428 "http://www.cyberdontic.com/SS/_vti_cnf?C=M%3BO%3DA" "Mozilla/5.0 (Linux; Android 7.0;) AppleWebKit/537.36 (KHTML, like Gecko) Mobile Safari/537.36 (compatible; PetalBot;+https://webmaster.petalsearch.com/site/petalbot)" "www.cyberdontic.com"
114.119.155.13 - - [16/Sep/2022:07:01:00 -0700] "GET /SS/_vti_cnf/?C=D%3BO%3DA HTTP/1.1" 200 465 "http://www.cyberdontic.com/SS/_vti_cnf?C=M%3BO%3DA" "Mozilla/5.0 (Linux; Android 7.0;) AppleWebKit/537.36 (KHTML, like Gecko) Mobile Safari/537.36 (compatible; PetalBot;+https://webmaster.petalsearch.com/site/petalbot)" "www.cyberdontic.com"
114.119.155.13 - - [16/Sep/2022:07:06:41 -0700] "GET /ce/BISG_files/BISG.htm HTTP/1.1" 200 3387 "https://cyberdontic.com/ce/BISG_files/" "Mozilla/5.0 (Linux; Android 7.0;) AppleWebKit/537.36 (KHTML, like Gecko) Mobile Safari/537.36 (compatible; PetalBot;+https://webmaster.petalsearch.com/site/petalbot)" "cyberdontic.com"
51.222.253.12 - - [16/Sep/2022:07:08:37 -0700] "GET /OSG/ClinicalOrtho_Pay.htm HTTP/1.1" 200 653 "-" "Mozilla/5.0 (compatible; AhrefsBot/7.0; +http://ahrefs.com/robot/)" "www.cyberdontic.com"
114.119.155.121 - - [16/Sep/2022:07:12:19 -0700] "GET /ce/FamilyDentistryImplantsandOrthodontics_files?C=M%3BO%3DA HTTP/1.1" 301 1447 "http://cyberdontic.com/ce/FamilyDentistryImplantsandOrthodontics_files?C=D%3BO%3DA" "Mozilla/5.0 (Linux; Android 7.0;) AppleWebKit/537.36 (KHTML, like Gecko) Mobile Safari/537.36 (compatible; PetalBot;+https://webmaster.petalsearch.com/site/petalbot)" "cyberdontic.com"
114.119.155.121 - - [16/Sep/2022:07:12:23 -0700] "GET /ce/FamilyDentistryImplantsandOrthodontics_files/?C=M%3BO%3DA HTTP/1.1" 200 619 "http://cyberdontic.com/ce/FamilyDentistryImplantsandOrthodontics_files?C=D%3BO%3DA" "Mozilla/5.0 (Linux; Android 7.0;) AppleWebKit/537.36 (KHTML, like Gecko) Mobile Safari/537.36 (compatible; PetalBot;+https://webmaster.petalsearch.com/site/petalbot)" "cyberdontic.com"
114.119.155.13 - - [16/Sep/2022:07:17:36 -0700] "GET /Spanish/_vti_cnf/?C=N%3BO%3DD HTTP/1.1" 200 583 "http://www.cyberdontic.com/Spanish/_vti_cnf/?C=M%3BO%3DA" "Mozilla/5.0 (Linux; Android 7.0;) AppleWebKit/537.36 (KHTML, like Gecko) Mobile Safari/537.36 (compatible; PetalBot;+https://webmaster.petalsearch.com/site/petalbot)" "www.cyberdontic.com"
114.119.155.13 - - [16/Sep/2022:07:23:23 -0700] "GET /ce/Feb17_2015_files/?C=S%3BO%3DA HTTP/1.1" 200 630 "http://cyberdontic.com/ce/Feb17_2015_files?N=A" "Mozilla/5.0 (Linux; Android 7.0;) AppleWebKit/537.36 (KHTML, like Gecko) Mobile Safari/537.36 (compatible; PetalBot;+https://webmaster.petalsearch.com/site/petalbot)" "cyberdontic.com"
216.244.66.245 - - [16/Sep/2022:07:25:37 -0700] "GET /robots.txt HTTP/1.1" 404 73 "-" "Mozilla/5.0 (compatible; DotBot/1.2; +https://opensiteexplorer.org/dotbot; help@moz.com)" "cyberdontic.com"
216.244.66.245 - - [16/Sep/2022:07:25:38 -0700] "GET /robots.txt HTTP/1.1" 404 73 "-" "Mozilla/5.0 (compatible; DotBot/1.2; +https://opensiteexplorer.org/dotbot; help@moz.com)" "www.cyberdontic.com"
114.119.155.118 - - [16/Sep/2022:07:29:21 -0700] "GET /guestbooklt.htm HTTP/1.1" 200 20 "https://www.cyberdontic.com?C=D%3BO%3DA" "Mozilla/5.0 (Linux; Android 7.0;) AppleWebKit/537.36 (KHTML, like Gecko) Mobile Safari/537.36 (compatible; PetalBot;+https://webmaster.petalsearch.com/site/petalbot)" "www.cyberdontic.com"
114.119.155.121 - - [16/Sep/2022:07:35:03 -0700] "GET /BISG HTTP/1.1" 301 1407 "http://cyberdontic.com" "Mozilla/5.0 (Linux; Android 7.0;) AppleWebKit/537.36 (KHTML, like Gecko) Mobile Safari/537.36 (compatible; PetalBot;+https://webmaster.petalsearch.com/site/petalbot)" "cyberdontic.com"
114.119.155.121 - - [16/Sep/2022:07:35:09 -0700] "GET /BISG/ HTTP/1.1" 200 415 "http://cyberdontic.com" "Mozilla/5.0 (Linux; Android 7.0;) AppleWebKit/537.36 (KHTML, like Gecko) Mobile Safari/537.36 (compatible; PetalBot;+https://webmaster.petalsearch.com/site/petalbot)" "cyberdontic.com"
114.119.155.142 - - [16/Sep/2022:07:40:27 -0700] "GET /ce/Webinars_files?S=A HTTP/1.1" 301 1419 "http://cyberdontic.com/ce/Webinars_files?M=D" "Mozilla/5.0 (Linux; Android 7.0;) AppleWebKit/537.36 (KHTML, like Gecko) Mobile Safari/537.36 (compatible; PetalBot;+https://webmaster.petalsearch.com/site/petalbot)" "cyberdontic.com"
114.119.155.142 - - [16/Sep/2022:07:40:30 -0700] "GET /ce/Webinars_files/?S=A HTTP/1.1" 200 399 "http://cyberdontic.com/ce/Webinars_files?M=D" "Mozilla/5.0 (Linux; Android 7.0;) AppleWebKit/537.36 (KHTML, like Gecko) Mobile Safari/537.36 (compatible; PetalBot;+https://webmaster.petalsearch.com/site/petalbot)" "cyberdontic.com"
114.119.155.13 - - [16/Sep/2022:07:45:59 -0700] "GET /ce/Webinar_Select_files/?C=S%3BO%3DA HTTP/1.1" 200 440 "http://cyberdontic.com/ce/Webinar_Select_files?S=A" "Mozilla/5.0 (Linux; Android 7.0;) AppleWebKit/537.36 (KHTML, like Gecko) Mobile Safari/537.36 (compatible; PetalBot;+https://webmaster.petalsearch.com/site/petalbot)" "cyberdontic.com"
17.121.113.31 - - [16/Sep/2022:07:50:41 -0700] "GET /robots.txt HTTP/1.1" 404 88 "-" "Mozilla/5.0 (Macintosh; Intel Mac OS X 10_15_5) AppleWebKit/605.1.15 (KHTML, like Gecko) Version/13.1.1 Safari/605.1.15 (Applebot/0.1; +http://www.apple.com/go/applebot)" "cyberdontic.com"
17.121.113.31 - - [16/Sep/2022:07:50:41 -0700] "GET /MultiPhase_files/ HTTP/1.1" 200 429 "-" "Mozilla/5.0 (Macintosh; Intel Mac OS X 10_15_5) AppleWebKit/605.1.15 (KHTML, like Gecko) Version/13.1.1 Safari/605.1.15 (Applebot/0.1; +http://www.apple.com/go/applebot)" "cyberdontic.com"
114.119.155.118 - - [16/Sep/2022:07:52:06 -0700] "GET /ce/OSG_files/?C=M%3BO%3DA HTTP/1.1" 200 624 "http://www.cyberdontic.com/ce/OSG_files?C=N%3BO%3DD" "Mozilla/5.0 (Linux; Android 7.0;) AppleWebKit/537.36 (KHTML, like Gecko) Mobile Safari/537.36 (compatible; PetalBot;+https://webmaster.petalsearch.com/site/petalbot)" "www.cyberdontic.com"
40.77.167.41 - - [16/Sep/2022:07:55:55 -0700] "GET / HTTP/1.1" 200 1104 "-" "Mozilla/5.0 (compatible; bingbot/2.0; +http://www.bing.com/bingbot.htm)" "www.cyberdontic.com"
114.119.155.126 - - [16/Sep/2022:07:58:38 -0700] "GET /ce/education5_files/?C=M%3BO%3DA HTTP/1.1" 200 442 "http://www.cyberdontic.com/ce/education5_files?C=M%3BO%3DA" "Mozilla/5.0 (Linux; Android 7.0;) AppleWebKit/537.36 (KHTML, like Gecko) Mobile Safari/537.36 (compatible; PetalBot;+https://webmaster.petalsearch.com/site/petalbot)" "www.cyberdontic.com"
138.246.253.24 - - [16/Sep/2022:07:58:41 -0700] "GET /robots.txt HTTP/1.1" 404 73 "-" "Mozilla/5.0 (Windows NT 10.0; Win64; x64) AppleWebKit/537.36 (KHTML, like Gecko) Chrome/103.0.5060.134 Safari/537.36" "cyberdontic.com"
114.119.155.13 - - [16/Sep/2022:08:03:08 -0700] "GET /ce/MultiPhase_files?C=D%3BO%3DA HTTP/1.1" 301 1430 "http://cyberdontic.com/ce/MultiPhase_files?M=D" "Mozilla/5.0 (Linux; Android 7.0;) AppleWebKit/537.36 (KHTML, like Gecko) Mobile Safari/537.36 (compatible; PetalBot;+https://webmaster.petalsearch.com/site/petalbot)" "cyberdontic.com"
114.119.155.13 - - [16/Sep/2022:08:03:13 -0700] "GET /ce/MultiPhase_files/?C=D%3BO%3DA HTTP/1.1" 200 434 "http://cyberdontic.com/ce/MultiPhase_files?M=D" "Mozilla/5.0 (Linux; Android 7.0;) AppleWebKit/537.36 (KHTML, like Gecko) Mobile Safari/537.36 (compatible; PetalBot;+https://webmaster.petalsearch.com/site/petalbot)" "cyberdontic.com"
17.121.114.88 - - [16/Sep/2022:08:09:20 -0700] "GET /?M=A HTTP/1.1" 200 1104 "-" "Mozilla/5.0 (Macintosh; Intel Mac OS X 10_15_5) AppleWebKit/605.1.15 (KHTML, like Gecko) Version/13.1.1 Safari/605.1.15 (Applebot/0.1; +http://www.apple.com/go/applebot)" "cyberdontic.com"
114.119.155.13 - - [16/Sep/2022:08:09:40 -0700] "GET /4urbraces?C=D%3BO%3DA HTTP/1.1" 301 1424 "http://www.cyberdontic.com/4urbraces?C=S%3BO%3DA" "Mozilla/5.0 (Linux; Android 7.0;) AppleWebKit/537.36 (KHTML, like Gecko) Mobile Safari/537.36 (compatible; PetalBot;+https://webmaster.petalsearch.com/site/petalbot)" "www.cyberdontic.com"
114.119.155.13 - - [16/Sep/2022:08:09:51 -0700] "GET /4urbraces/?C=D%3BO%3DA HTTP/1.1" 200 315 "http://www.cyberdontic.com/4urbraces?C=S%3BO%3DA" "Mozilla/5.0 (Linux; Android 7.0;) AppleWebKit/537.36 (KHTML, like Gecko) Mobile Safari/537.36 (compatible; PetalBot;+https://webmaster.petalsearch.com/site/petalbot)" "www.cyberdontic.com"
114.119.155.121 - - [16/Sep/2022:08:15:17 -0700] "GET /ce/Feb17_2015_files/?C=M%3BO%3DA HTTP/1.1" 200 630 "http://cyberdontic.com/ce/Feb17_2015_files?N=A" "Mozilla/5.0 (Linux; Android 7.0;) AppleWebKit/537.36 (KHTML, like Gecko) Mobile Safari/537.36 (compatible; PetalBot;+https://webmaster.petalsearch.com/site/petalbot)" "cyberdontic.com"
51.222.253.17 - - [16/Sep/2022:08:16:37 -0700] "GET /orthodiagnosis/index_testimonials.html HTTP/1.1" 200 2846 "-" "Mozilla/5.0 (compatible; AhrefsBot/7.0; +http://ahrefs.com/robot/)" "www.cyberdontic.com"
216.244.66.245 - - [16/Sep/2022:08:18:51 -0700] "GET /robots.txt HTTP/1.1" 404 73 "-" "Mozilla/5.0 (compatible; DotBot/1.2; +https://opensiteexplorer.org/dotbot; help@moz.com)" "www.cyberdontic.com"
216.244.66.245 - - [16/Sep/2022:08:18:51 -0700] "GET /robots.txt HTTP/1.1" 404 73 "-" "Mozilla/5.0 (compatible; DotBot/1.2; +https://opensiteexplorer.org/dotbot; help@moz.com)" "cyberdontic.com"
114.119.155.13 - - [16/Sep/2022:08:20:35 -0700] "GET /ce?D=D HTTP/1.1" 301 1408 "http://cyberdontic.com/ce?D=A" "Mozilla/5.0 (Linux; Android 7.0;) AppleWebKit/537.36 (KHTML, like Gecko) Mobile Safari/537.36 (compatible; PetalBot;+https://webmaster.petalsearch.com/site/petalbot)" "cyberdontic.com"
114.119.155.13 - - [16/Sep/2022:08:20:45 -0700] "GET /ce/?D=D HTTP/1.1" 200 1260 "http://cyberdontic.com/ce?D=A" "Mozilla/5.0 (Linux; Android 7.0;) AppleWebKit/537.36 (KHTML, like Gecko) Mobile Safari/537.36 (compatible; PetalBot;+https://webmaster.petalsearch.com/site/petalbot)" "cyberdontic.com"
185.191.171.36 - - [16/Sep/2022:08:21:59 -0700] "GET /robots.txt HTTP/1.1" 404 88 "-" "Mozilla/5.0 (compatible; SemrushBot/7~bl; +http://www.semrush.com/bot.html)" "cyberdontic.com"
185.191.171.43 - - [16/Sep/2022:08:22:00 -0700] "GET /education5.htm HTTP/1.1" 200 2661 "-" "Mozilla/5.0 (compatible; SemrushBot/7~bl; +http://www.semrush.com/bot.html)" "cyberdontic.com"
114.119.155.13 - - [16/Sep/2022:08:25:44 -0700] "GET /cdroms.htm HTTP/1.1" 200 20 "https://www.cyberdontic.com?C=D%3BO%3DA" "Mozilla/5.0 (Linux; Android 7.0;) AppleWebKit/537.36 (KHTML, like Gecko) Mobile Safari/537.36 (compatible; PetalBot;+https://webmaster.petalsearch.com/site/petalbot)" "www.cyberdontic.com"
185.191.171.23 - - [16/Sep/2022:08:26:57 -0700] "GET /guestbook.htm HTTP/1.1" 200 20 "-" "Mozilla/5.0 (compatible; SemrushBot/7~bl; +http://www.semrush.com/bot.html)" "cyberdontic.com"
17.121.113.159 - - [16/Sep/2022:08:31:20 -0700] "GET /ce/Webinar_Ortho.htm HTTP/1.1" 200 1851 "-" "Mozilla/5.0 (Macintosh; Intel Mac OS X 10_15_5) AppleWebKit/605.1.15 (KHTML, like Gecko) Version/13.1.1 Safari/605.1.15 (Applebot/0.1; +http://www.apple.com/go/applebot)" "cyberdontic.com"
114.119.155.118 - - [16/Sep/2022:08:31:47 -0700] "GET /Spanish/_derived/?C=N%3BO%3DD HTTP/1.1" 200 426 "https://cyberdontic.com/Spanish/_derived?M=A" "Mozilla/5.0 (Linux; Android 7.0;) AppleWebKit/537.36 (KHTML, like Gecko) Mobile Safari/537.36 (compatible; PetalBot;+https://webmaster.petalsearch.com/site/petalbot)" "cyberdontic.com"
114.119.155.13 - - [16/Sep/2022:08:36:21 -0700] "GET /Spanish/_derived HTTP/1.1" 301 1419 "https://cyberdontic.com/Spanish/_derived/_vti_cnf?D=D" "Mozilla/5.0 (Linux; Android 7.0;) AppleWebKit/537.36 (KHTML, like Gecko) Mobile Safari/537.36 (compatible; PetalBot;+https://webmaster.petalsearch.com/site/petalbot)" "cyberdontic.com"
51.222.253.15 - - [16/Sep/2022:08:37:38 -0700] "GET /ce/ClinicalOrthodontic_files/ HTTP/1.1" 200 428 "-" "Mozilla/5.0 (compatible; AhrefsBot/7.0; +http://ahrefs.com/robot/)" "www.cyberdontic.com"
114.119.155.118 - - [16/Sep/2022:08:41:46 -0700] "GET /ce/Webinars_files/?C=N%3BO%3DD HTTP/1.1" 200 399 "http://www.cyberdontic.com/ce/Webinars_files/?C=D%3BO%3DA" "Mozilla/5.0 (Linux; Android 7.0;) AppleWebKit/537.36 (KHTML, like Gecko) Mobile Safari/537.36 (compatible; PetalBot;+https://webmaster.petalsearch.com/site/petalbot)" "www.cyberdontic.com"
114.119.155.122 - - [16/Sep/2022:08:47:24 -0700] "GET /ce/FamilyDentistryImplantsandOrthodontics_files/ HTTP/1.1" 200 619 "http://cyberdontic.com/ce?N=A" "Mozilla/5.0 (Linux; Android 7.0;) AppleWebKit/537.36 (KHTML, like Gecko) Mobile Safari/537.36 (compatible; PetalBot;+https://webmaster.petalsearch.com/site/petalbot)" "cyberdontic.com"
185.191.171.14 - - [16/Sep/2022:08:47:47 -0700] "GET /OrthoCD/ HTTP/1.1" 200 1071 "-" "Mozilla/5.0 (compatible; SemrushBot/7~bl; +http://www.semrush.com/bot.html)" "cyberdontic.com"
114.119.155.142 - - [16/Sep/2022:08:53:06 -0700] "GET /botox HTTP/1.1" 301 1408 "http://www.cyberdontic.com?C=D%3BO%3DA" "Mozilla/5.0 (Linux; Android 7.0;) AppleWebKit/537.36 (KHTML, like Gecko) Mobile Safari/537.36 (compatible; PetalBot;+https://webmaster.petalsearch.com/site/petalbot)" "www.cyberdontic.com"
114.119.155.121 - - [16/Sep/2022:08:58:40 -0700] "GET /?C=M%3BO%3DA HTTP/1.1" 200 1104 "https://cyberdontic.com/?C=N%3BO%3DD" "Mozilla/5.0 (Linux; Android 7.0;) AppleWebKit/537.36 (KHTML, like Gecko) Mobile Safari/537.36 (compatible; PetalBot;+https://webmaster.petalsearch.com/site/petalbot)" "cyberdontic.com"
51.222.253.8 - - [16/Sep/2022:08:58:49 -0700] "GET /ce/StudyGroups.htm HTTP/1.1" 200 1788 "-" "Mozilla/5.0 (compatible; AhrefsBot/7.0; +http://ahrefs.com/robot/)" "www.cyberdontic.com"
51.222.253.5 - - [16/Sep/2022:08:58:52 -0700] "GET /ce/StudyGroups_files/Image_2.png HTTP/1.1" 200 724 "-" "Mozilla/5.0 (compatible; AhrefsBot/7.0; +http://ahrefs.com/robot/)" "www.cyberdontic.com"
51.222.253.2 - - [16/Sep/2022:08:58:52 -0700] "GET /ce/StudyGroups_files/Image_1.jpg HTTP/1.1" 200 7102 "-" "Mozilla/5.0 (compatible; AhrefsBot/7.0; +http://ahrefs.com/robot/)" "www.cyberdontic.com"
114.119.155.122 - - [16/Sep/2022:09:04:13 -0700] "GET /Spanish/_derived?M=D HTTP/1.1" 301 1423 "https://cyberdontic.com/Spanish/_derived?M=A" "Mozilla/5.0 (Linux; Android 7.0;) AppleWebKit/537.36 (KHTML, like Gecko) Mobile Safari/537.36 (compatible; PetalBot;+https://webmaster.petalsearch.com/site/petalbot)" "cyberdontic.com"
114.119.155.122 - - [16/Sep/2022:09:04:15 -0700] "GET /Spanish/_derived/?M=D HTTP/1.1" 200 426 "https://cyberdontic.com/Spanish/_derived?M=A" "Mozilla/5.0 (Linux; Android 7.0;) AppleWebKit/537.36 (KHTML, like Gecko) Mobile Safari/537.36 (compatible; PetalBot;+https://webmaster.petalsearch.com/site/petalbot)" "cyberdontic.com"
114.119.155.142 - - [16/Sep/2022:09:09:52 -0700] "GET /SS/price15plus.htm HTTP/1.1" 200 1002 "http://www.cyberdontic.com/SS?C=M%3BO%3DA" "Mozilla/5.0 (Linux; Android 7.0;) AppleWebKit/537.36 (KHTML, like Gecko) Mobile Safari/537.36 (compatible; PetalBot;+https://webmaster.petalsearch.com/site/petalbot)" "www.cyberdontic.com"
114.119.155.126 - - [16/Sep/2022:09:16:08 -0700] "GET /MultiPhase_files?D=A HTTP/1.1" 301 1424 "http://cyberdontic.com/MultiPhase_files?S=D" "Mozilla/5.0 (Linux; Android 7.0;) AppleWebKit/537.36 (KHTML, like Gecko) Mobile Safari/537.36 (compatible; PetalBot;+https://webmaster.petalsearch.com/site/petalbot)" "cyberdontic.com"
114.119.155.126 - - [16/Sep/2022:09:16:16 -0700] "GET /MultiPhase_files/?D=A HTTP/1.1" 200 429 "http://cyberdontic.com/MultiPhase_files?S=D" "Mozilla/5.0 (Linux; Android 7.0;) AppleWebKit/537.36 (KHTML, like Gecko) Mobile Safari/537.36 (compatible; PetalBot;+https://webmaster.petalsearch.com/site/petalbot)" "cyberdontic.com"
114.119.155.122 - - [16/Sep/2022:09:21:01 -0700] "GET /Spanish/_overlay?C=D%3BO%3DA HTTP/1.1" 301 1432 "https://cyberdontic.com/Spanish/_overlay?M=D" "Mozilla/5.0 (Linux; Android 7.0;) AppleWebKit/537.36 (KHTML, like Gecko) Mobile Safari/537.36 (compatible; PetalBot;+https://webmaster.petalsearch.com/site/petalbot)" "cyberdontic.com"
114.119.155.122 - - [16/Sep/2022:09:21:05 -0700] "GET /Spanish/_overlay/?C=D%3BO%3DA HTTP/1.1" 200 390 "https://cyberdontic.com/Spanish/_overlay?M=D" "Mozilla/5.0 (Linux; Android 7.0;) AppleWebKit/537.36 (KHTML, like Gecko) Mobile Safari/537.36 (compatible; PetalBot;+https://webmaster.petalsearch.com/site/petalbot)" "cyberdontic.com"
114.119.155.13 - - [16/Sep/2022:09:26:26 -0700] "GET /ce/OSG_files?N=D HTTP/1.1" 301 1418 "http://cyberdontic.com/ce/OSG_files" "Mozilla/5.0 (Linux; Android 7.0;) AppleWebKit/537.36 (KHTML, like Gecko) Mobile Safari/537.36 (compatible; PetalBot;+https://webmaster.petalsearch.com/site/petalbot)" "cyberdontic.com"
114.119.155.13 - - [16/Sep/2022:09:26:29 -0700] "GET /ce/OSG_files/?N=D HTTP/1.1" 200 624 "http://cyberdontic.com/ce/OSG_files" "Mozilla/5.0 (Linux; Android 7.0;) AppleWebKit/537.36 (KHTML, like Gecko) Mobile Safari/537.36 (compatible; PetalBot;+https://webmaster.petalsearch.com/site/petalbot)" "cyberdontic.com"
114.119.155.142 - - [16/Sep/2022:09:32:02 -0700] "GET /ce/StudyGroups_files?S=A HTTP/1.1" 301 1422 "http://cyberdontic.com/ce/StudyGroups_files?M=A" "Mozilla/5.0 (Linux; Android 7.0;) AppleWebKit/537.36 (KHTML, like Gecko) Mobile Safari/537.36 (compatible; PetalBot;+https://webmaster.petalsearch.com/site/petalbot)" "cyberdontic.com"
114.119.155.142 - - [16/Sep/2022:09:32:07 -0700] "GET /ce/StudyGroups_files/?S=A HTTP/1.1" 200 403 "http://cyberdontic.com/ce/StudyGroups_files?M=A" "Mozilla/5.0 (Linux; Android 7.0;) AppleWebKit/537.36 (KHTML, like Gecko) Mobile Safari/537.36 (compatible; PetalBot;+https://webmaster.petalsearch.com/site/petalbot)" "cyberdontic.com"
185.191.171.37 - - [16/Sep/2022:09:33:55 -0700] "GET /robots.txt HTTP/1.1" 404 88 "-" "Mozilla/5.0 (compatible; SemrushBot/7~bl; +http://www.semrush.com/bot.html)" "cyberdontic.com"
185.191.171.8 - - [16/Sep/2022:09:33:55 -0700] "GET /ClinicalOrthodontic.htm HTTP/1.1" 200 3353 "-" "Mozilla/5.0 (compatible; SemrushBot/7~bl; +http://www.semrush.com/bot.html)" "cyberdontic.com"
51.222.253.20 - - [16/Sep/2022:09:34:47 -0700] "GET /OSG_files/?C=S;O=D HTTP/1.1" 200 465 "-" "Mozilla/5.0 (compatible; AhrefsBot/7.0; +http://ahrefs.com/robot/)" "cyberdontic.com"
114.119.155.126 - - [16/Sep/2022:09:37:40 -0700] "GET /ce/register_files?C=S%3BO%3DA HTTP/1.1" 301 1430 "http://www.cyberdontic.com/ce/register_files?C=M%3BO%3DA" "Mozilla/5.0 (Linux; Android 7.0;) AppleWebKit/537.36 (KHTML, like Gecko) Mobile Safari/537.36 (compatible; PetalBot;+https://webmaster.petalsearch.com/site/petalbot)" "www.cyberdontic.com"
114.119.155.126 - - [16/Sep/2022:09:37:44 -0700] "GET /ce/register_files/?C=S%3BO%3DA HTTP/1.1" 200 451 "http://www.cyberdontic.com/ce/register_files?C=M%3BO%3DA" "Mozilla/5.0 (Linux; Android 7.0;) AppleWebKit/537.36 (KHTML, like Gecko) Mobile Safari/537.36 (compatible; PetalBot;+https://webmaster.petalsearch.com/site/petalbot)" "www.cyberdontic.com"
114.119.155.13 - - [16/Sep/2022:09:43:54 -0700] "GET /ce/Webinar_Select_files?C=N%3BO%3DD HTTP/1.1" 301 1435 "http://www.cyberdontic.com/ce/Webinar_Select_files?C=M%3BO%3DA" "Mozilla/5.0 (Linux; Android 7.0;) AppleWebKit/537.36 (KHTML, like Gecko) Mobile Safari/537.36 (compatible; PetalBot;+https://webmaster.petalsearch.com/site/petalbot)" "www.cyberdontic.com"
